{"id":497,"date":"2021-10-28T19:04:40","date_gmt":"2021-10-28T16:04:40","guid":{"rendered":"https:\/\/blogs2.abo.fi\/sprakresurs\/?page_id=497"},"modified":"2022-05-12T15:23:51","modified_gmt":"2022-05-12T12:23:51","slug":"sprak-och-amnesundervisning","status":"publish","type":"page","link":"https:\/\/blogs2.abo.fi\/sprakresurs\/sprakoverskridande-undervisning\/sprak-och-amnesundervisning\/","title":{"rendered":"Spr\u00e5k- och \u00e4mnes\u00f6verskridande undervisning"},"content":{"rendered":"<p>Med spr\u00e5k- och \u00e4mnes\u00f6verskridande undervisning avses ett arbetss\u00e4tt d\u00e4r tv\u00e5 spr\u00e5k anv\u00e4nds sida vid sida i en \u00e4mnes- eller temahelhet som kan byggs upp av flera l\u00e4ro\u00e4mnen. M\u00e5let med spr\u00e5k- och \u00e4mnes-\u00f6verskridande undervisning \u00e4r att ge eleverna m\u00f6jligheter att \u00f6va och anv\u00e4nda det andra spr\u00e5ket i meningsfulla sociala kontakter och m\u00f6ten med j\u00e4mn\u00e5riga elever \u00f6ver spr\u00e5kgr\u00e4nserna i en trygg skolkontext.<\/p>\n<p>De samverkande l\u00e4rarna fungerar som spr\u00e5kliga modeller i sitt eget undervisningsspr\u00e5k och skapar en positiv tv\u00e5spr\u00e5kig l\u00e4randemilj\u00f6 f\u00f6r eleverna d\u00e4r de b\u00e5da spr\u00e5ken h\u00f6rs och anv\u00e4nds. Eleverna uppmuntras att anv\u00e4nda det andra spr\u00e5ket men ges ocks\u00e5 tillr\u00e4ckligt spr\u00e5kst\u00f6d f\u00f6r kommunikationen och genomf\u00f6randet av inneh\u00e5llet.<\/p>\n<p>Samarbetet byggs upp kring valda l\u00e4ro\u00e4mnen eller en temahelhet. F\u00f6r att ge samarbetet de b\u00e4sta f\u00f6ruts\u00e4ttningarna \u00e4r det gynnsamt att introducera och inleda arbetet med den egna gruppen innan det spr\u00e5k-\u00f6verskridande samarbetet dras ig\u00e5ng f\u00f6r att s\u00e4kerst\u00e4lla elevernas trygghetsk\u00e4nsla g\u00e4llande \u00e4mneskunskap.<\/p>\n<p>I projektet <em>Med p\u00e5 noterna<\/em> f\u00f6rverkligades det spr\u00e5k- och \u00e4mnes-\u00f6verskridande samarbetet mellan l\u00e4rare och elever i spr\u00e5kbad och regulj\u00e4ra finska och svenska klasser i \u00e5k 5 och 6. Samarbetet f\u00f6rverkligades som helhetsundervisning d\u00e4r olika l\u00e4ro\u00e4mnen kombinerades och behandlades p\u00e5 finska och svenska. Du kan bekanta dig med det spr\u00e5k- och \u00e4mnes\u00f6verskridande samarbetet inom projektet <em>Med p\u00e5 noterna<\/em> genom att se p\u00e5 projektets introduktionsvideo nedan och l\u00e4sa handledningsmaterialet som finns l\u00e4ngre ner p\u00e5 sidan.<\/p>\n<figure class=\"wp-block-embed wp-block-embed-youtube is-type-video is-provider-youtube epyt-figure\"><div class=\"wp-block-embed__wrapper\"><iframe loading=\"lazy\"  id=\"_ytid_74930\"  width=\"660\" height=\"371\"  data-origwidth=\"660\" data-origheight=\"371\" src=\"https:\/\/www.youtube.com\/embed\/3Xkmw3OT78s?enablejsapi=1&autoplay=0&cc_load_policy=0&cc_lang_pref=&iv_load_policy=1&loop=0&rel=1&fs=1&playsinline=0&autohide=2&theme=dark&color=red&controls=1&disablekb=0&\" class=\"__youtube_prefs__  no-lazyload\" title=\"YouTube player\"  allow=\"fullscreen; accelerometer; autoplay; clipboard-write; encrypted-media; gyroscope; picture-in-picture; web-share\" referrerpolicy=\"strict-origin-when-cross-origin\" allowfullscreen data-no-lazy=\"1\" data-skipgform_ajax_framebjll=\"\"><\/iframe><\/div><\/figure>\n<hr \/>\n<h2 style=\"text-align: left\"><strong>Handledningsmaterial<br \/>\n<\/strong><strong>Ohjausmateriaali<\/strong><\/h2>\n<p><em>Handledningsmaterialet Med p\u00e5 noterna \u2013 Kieli- ja ainerajoja ylitt\u00e4v\u00e4 opetus ja yhteisty\u00f6 suomenkielisten ja ruotsinkielisten oppilaiden v\u00e4lill\u00e4 <\/em>\u00e4r ett tv\u00e5spr\u00e5kigt st\u00f6dmaterial f\u00f6r l\u00e4rare som \u00e4r intresserade av att inleda spr\u00e5k- och \u00e4mnes\u00f6verskridande samarbete. Handlednings-materialet beskriver hur l\u00e4rarna inom projektet <em>Med p\u00e5 noterna<\/em> lagt upp samarbetet och f\u00f6rverkligat det i praktiken. Handledningsmaterialet ger st\u00f6d f\u00f6r planeringen och inledandet av samarbetet och ocks\u00e5 en konkret modell f\u00f6r hur spr\u00e5k- och \u00e4mnes\u00f6verskridande samarbete kan f\u00f6rverkligas. Handledningsmaterialet \u00e4r avsett f\u00f6r att st\u00f6da, inspirera och till\u00e4mpas vidare i den egna kontexten!<\/p>\n<p style=\"text-align: center\">Klicka p\u00e5 bilden f\u00f6r att \u00f6ppna handledningsmaterialet.<br \/>\nOhjausmateriaali avautuu kuvaa klikkaamalla.<\/p>\n<p><a href=\"http:\/\/blogs2.abo.fi\/sprakresurs\/wp-content\/uploads\/sites\/156\/2022\/04\/Med-pa-noterna_Handledningsmaterial_2022.pdf\" target=\"_blank\" rel=\"noopener\"><img loading=\"lazy\" decoding=\"async\" class=\"wp-image-709 aligncenter\" src=\"http:\/\/blogs2.abo.fi\/sprakresurs\/wp-content\/uploads\/sites\/156\/2022\/04\/Med-pa-noterna-parmbild-212x300.png\" alt=\"\" width=\"400\" height=\"566\" srcset=\"https:\/\/blogs2.abo.fi\/sprakresurs\/wp-content\/uploads\/sites\/156\/2022\/04\/Med-pa-noterna-parmbild-212x300.png 212w, https:\/\/blogs2.abo.fi\/sprakresurs\/wp-content\/uploads\/sites\/156\/2022\/04\/Med-pa-noterna-parmbild-724x1024.png 724w, https:\/\/blogs2.abo.fi\/sprakresurs\/wp-content\/uploads\/sites\/156\/2022\/04\/Med-pa-noterna-parmbild-768x1086.png 768w, https:\/\/blogs2.abo.fi\/sprakresurs\/wp-content\/uploads\/sites\/156\/2022\/04\/Med-pa-noterna-parmbild-1086x1536.png 1086w, https:\/\/blogs2.abo.fi\/sprakresurs\/wp-content\/uploads\/sites\/156\/2022\/04\/Med-pa-noterna-parmbild-1448x2048.png 1448w, https:\/\/blogs2.abo.fi\/sprakresurs\/wp-content\/uploads\/sites\/156\/2022\/04\/Med-pa-noterna-parmbild.png 1587w\" sizes=\"auto, (max-width: 400px) 100vw, 400px\" \/><\/a><\/p>\n","protected":false},"excerpt":{"rendered":"<p>Med spr\u00e5k- och \u00e4mnes\u00f6verskridande undervisning avses ett arbetss\u00e4tt d\u00e4r tv\u00e5 spr\u00e5k anv\u00e4nds sida vid sida i en \u00e4mnes- eller temahelhet som kan byggs upp av flera l\u00e4ro\u00e4mnen. M\u00e5let med spr\u00e5k- och \u00e4mnes-\u00f6verskridande undervisning \u00e4r att ge eleverna m\u00f6jligheter att \u00f6va och anv\u00e4nda det andra spr\u00e5ket i meningsfulla sociala kontakter och m\u00f6ten med j\u00e4mn\u00e5riga elever \u00f6ver &hellip; <a href=\"https:\/\/blogs2.abo.fi\/sprakresurs\/sprakoverskridande-undervisning\/sprak-och-amnesundervisning\/\" class=\"more-link\">Forts\u00e4tt l\u00e4sa <span class=\"screen-reader-text\">Spr\u00e5k- och \u00e4mnes\u00f6verskridande undervisning<\/span><\/a><\/p>\n","protected":false},"author":409,"featured_media":0,"parent":15,"menu_order":2,"comment_status":"closed","ping_status":"closed","template":"","meta":{"footnotes":""},"class_list":["post-497","page","type-page","status-publish","hentry"],"_links":{"self":[{"href":"https:\/\/blogs2.abo.fi\/sprakresurs\/wp-json\/wp\/v2\/pages\/497","targetHints":{"allow":["GET"]}}],"collection":[{"href":"https:\/\/blogs2.abo.fi\/sprakresurs\/wp-json\/wp\/v2\/pages"}],"about":[{"href":"https:\/\/blogs2.abo.fi\/sprakresurs\/wp-json\/wp\/v2\/types\/page"}],"author":[{"embeddable":true,"href":"https:\/\/blogs2.abo.fi\/sprakresurs\/wp-json\/wp\/v2\/users\/409"}],"replies":[{"embeddable":true,"href":"https:\/\/blogs2.abo.fi\/sprakresurs\/wp-json\/wp\/v2\/comments?post=497"}],"version-history":[{"count":13,"href":"https:\/\/blogs2.abo.fi\/sprakresurs\/wp-json\/wp\/v2\/pages\/497\/revisions"}],"predecessor-version":[{"id":760,"href":"https:\/\/blogs2.abo.fi\/sprakresurs\/wp-json\/wp\/v2\/pages\/497\/revisions\/760"}],"up":[{"embeddable":true,"href":"https:\/\/blogs2.abo.fi\/sprakresurs\/wp-json\/wp\/v2\/pages\/15"}],"wp:attachment":[{"href":"https:\/\/blogs2.abo.fi\/sprakresurs\/wp-json\/wp\/v2\/media?parent=497"}],"curies":[{"name":"wp","href":"https:\/\/api.w.org\/{rel}","templated":true}]}}