{"id":440,"date":"2021-02-22T21:46:52","date_gmt":"2021-02-22T19:46:52","guid":{"rendered":"http:\/\/blogs2.abo.fi\/sprakresurs\/?page_id=440"},"modified":"2026-04-16T20:56:21","modified_gmt":"2026-04-16T17:56:21","slug":"samundervisning-i-ak-7-9","status":"publish","type":"page","link":"https:\/\/blogs2.abo.fi\/sprakresurs\/sprak-och-kunskapsutvecklande-amnesundervisning\/samundervisning-i-ak-7-9\/","title":{"rendered":"Samundervisning runt l\u00e4rstrategier i \u00e5k 7\u20139"},"content":{"rendered":"<p>Texten handlar om samundervisning i \u00e5k 7<strong>\u2013<\/strong>9 som ett s\u00e4tt att genomf\u00f6ra spr\u00e5k- och kunskapsutvecklande undervisning, bl.a. med tanke p\u00e5 inkluderingen av flerspr\u00e5kiga elever. Samundervisningen kan samtidigt inneb\u00e4ra kollegial kompetensutveckling f\u00f6r l\u00e4rarna.<\/p>\n<p><a href=\"http:\/\/blogs2.abo.fi\/sprakresurs\/wp-content\/uploads\/sites\/156\/2026\/04\/REDIGERAT-april-2026_Sprakstarkande-amnesundervisning-och-smidig-inkludering-genom-samundervisning-i-ak-7-9.pdf\" target=\"_blank\" rel=\"noopener\">Spr\u00e5kst\u00e4rkande \u00e4mnesundervisning och smidig inkludering genom samundervisning i \u00e5k 7<strong>\u2013<\/strong>9.<\/a><\/p>\n","protected":false},"excerpt":{"rendered":"<p>Texten handlar om samundervisning i \u00e5k 7\u20139 som ett s\u00e4tt att genomf\u00f6ra spr\u00e5k- och kunskapsutvecklande undervisning, bl.a. med tanke p\u00e5 inkluderingen av flerspr\u00e5kiga elever. Samundervisningen kan samtidigt inneb\u00e4ra kollegial kompetensutveckling f\u00f6r l\u00e4rarna. Spr\u00e5kst\u00e4rkande \u00e4mnesundervisning och smidig inkludering genom samundervisning i \u00e5k 7\u20139.<\/p>\n","protected":false},"author":409,"featured_media":0,"parent":13,"menu_order":4,"comment_status":"closed","ping_status":"closed","template":"","meta":{"footnotes":""},"class_list":["post-440","page","type-page","status-publish","hentry"],"_links":{"self":[{"href":"https:\/\/blogs2.abo.fi\/sprakresurs\/wp-json\/wp\/v2\/pages\/440","targetHints":{"allow":["GET"]}}],"collection":[{"href":"https:\/\/blogs2.abo.fi\/sprakresurs\/wp-json\/wp\/v2\/pages"}],"about":[{"href":"https:\/\/blogs2.abo.fi\/sprakresurs\/wp-json\/wp\/v2\/types\/page"}],"author":[{"embeddable":true,"href":"https:\/\/blogs2.abo.fi\/sprakresurs\/wp-json\/wp\/v2\/users\/409"}],"replies":[{"embeddable":true,"href":"https:\/\/blogs2.abo.fi\/sprakresurs\/wp-json\/wp\/v2\/comments?post=440"}],"version-history":[{"count":8,"href":"https:\/\/blogs2.abo.fi\/sprakresurs\/wp-json\/wp\/v2\/pages\/440\/revisions"}],"predecessor-version":[{"id":1034,"href":"https:\/\/blogs2.abo.fi\/sprakresurs\/wp-json\/wp\/v2\/pages\/440\/revisions\/1034"}],"up":[{"embeddable":true,"href":"https:\/\/blogs2.abo.fi\/sprakresurs\/wp-json\/wp\/v2\/pages\/13"}],"wp:attachment":[{"href":"https:\/\/blogs2.abo.fi\/sprakresurs\/wp-json\/wp\/v2\/media?parent=440"}],"curies":[{"name":"wp","href":"https:\/\/api.w.org\/{rel}","templated":true}]}}

Samundervisning runt lärstrategier i åk 7–9

<p>Texten handlar om samundervisning i åk 7<strong>–</strong>9 som ett sätt att genomföra språk- och kunskapsutvecklande undervisning, bl.a. med tanke på inkluderingen av flerspråkiga elever. Samundervisningen kan samtidigt innebära kollegial kompetensutveckling för lärarna.</p>
<p><a href="http://blogs2.abo.fi/sprakresurs/wp-content/uploads/sites/156/2026/04/REDIGERAT-april-2026_Sprakstarkande-amnesundervisning-och-smidig-inkludering-genom-samundervisning-i-ak-7-9.pdf" target="_blank" rel="noopener">Språkstärkande ämnesundervisning och smidig inkludering genom samundervisning i åk 7<strong>–</strong>9.</a></p>

<p>Texten handlar om samundervisning i åk 7–9 som ett sätt att genomföra språk- och kunskapsutvecklande undervisning, bl.a. med tanke på inkluderingen av flerspråkiga elever. Samundervisningen kan samtidigt innebära kollegial kompetensutveckling för lärarna. Språkstärkande ämnesundervisning och smidig inkludering genom samundervisning i åk 7–9.</p>
