{"id":414,"date":"2021-02-22T21:07:04","date_gmt":"2021-02-22T19:07:04","guid":{"rendered":"http:\/\/blogs2.abo.fi\/sprakresurs\/?page_id=414"},"modified":"2022-01-25T12:56:30","modified_gmt":"2022-01-25T10:56:30","slug":"kollegialt-larande-om-olika-modeller","status":"publish","type":"page","link":"https:\/\/blogs2.abo.fi\/sprakresurs\/kollegialt-larande\/kollegialt-larande-om-olika-modeller\/","title":{"rendered":"Kollegialt l\u00e4rande \u2013 om olika modeller"},"content":{"rendered":"<p>I den h\u00e4r texten beskrivs kollegialt l\u00e4rande genom <em>samundervisning<\/em>, med st\u00f6d av <em>facilitator<\/em> eller inspirerat av <em>aktionsforskning<\/em>. Det handlar om olika modeller f\u00f6r kollegialt l\u00e4rande som i andra texter konkretiseras bl.a. genom erfarenheter av samarbete runt spr\u00e5k- och kunskapsutvecklande \u00e4mnesundervisning.<\/p>\n","protected":false},"excerpt":{"rendered":"<p>I den h\u00e4r texten beskrivs kollegialt l\u00e4rande genom samundervisning, med st\u00f6d av facilitator eller inspirerat av aktionsforskning. Det handlar om olika modeller f\u00f6r kollegialt l\u00e4rande som i andra texter konkretiseras bl.a. genom erfarenheter av samarbete runt spr\u00e5k- och kunskapsutvecklande \u00e4mnesundervisning.<\/p>\n","protected":false},"author":409,"featured_media":0,"parent":17,"menu_order":1,"comment_status":"closed","ping_status":"closed","template":"","meta":{"footnotes":""},"class_list":["post-414","page","type-page","status-publish","hentry"],"_links":{"self":[{"href":"https:\/\/blogs2.abo.fi\/sprakresurs\/wp-json\/wp\/v2\/pages\/414","targetHints":{"allow":["GET"]}}],"collection":[{"href":"https:\/\/blogs2.abo.fi\/sprakresurs\/wp-json\/wp\/v2\/pages"}],"about":[{"href":"https:\/\/blogs2.abo.fi\/sprakresurs\/wp-json\/wp\/v2\/types\/page"}],"author":[{"embeddable":true,"href":"https:\/\/blogs2.abo.fi\/sprakresurs\/wp-json\/wp\/v2\/users\/409"}],"replies":[{"embeddable":true,"href":"https:\/\/blogs2.abo.fi\/sprakresurs\/wp-json\/wp\/v2\/comments?post=414"}],"version-history":[{"count":2,"href":"https:\/\/blogs2.abo.fi\/sprakresurs\/wp-json\/wp\/v2\/pages\/414\/revisions"}],"predecessor-version":[{"id":621,"href":"https:\/\/blogs2.abo.fi\/sprakresurs\/wp-json\/wp\/v2\/pages\/414\/revisions\/621"}],"up":[{"embeddable":true,"href":"https:\/\/blogs2.abo.fi\/sprakresurs\/wp-json\/wp\/v2\/pages\/17"}],"wp:attachment":[{"href":"https:\/\/blogs2.abo.fi\/sprakresurs\/wp-json\/wp\/v2\/media?parent=414"}],"curies":[{"name":"wp","href":"https:\/\/api.w.org\/{rel}","templated":true}]}}