{"id":140,"date":"2020-04-06T11:10:27","date_gmt":"2020-04-06T08:10:27","guid":{"rendered":"http:\/\/blogs2.abo.fi\/sprakresurs\/?page_id=140"},"modified":"2021-02-22T21:36:11","modified_gmt":"2021-02-22T19:36:11","slug":"matematik","status":"publish","type":"page","link":"https:\/\/blogs2.abo.fi\/sprakresurs\/kollegialt-larande\/hela-skolstigen-som-larande-gemenskap\/material-och-aktiviteter\/matematik\/","title":{"rendered":"Matematik"},"content":{"rendered":"<h5><strong>Vardagsmatematik, tal och antal<\/strong><\/h5>\n<p><strong>F\u20142<\/strong><\/p>\n<ul>\n<li><a href=\"https:\/\/www.abo.fi\/wp-content\/uploads\/2019\/06\/Vi-talar-matematik.pdf\">Vardagsmatematik i f\u00f6rskolan, antal<\/a><\/li>\n<li><a href=\"https:\/\/youtu.be\/j1Cm6htGJoU\">Tiotal och ental<\/a><\/li>\n<li><a href=\"https:\/\/www.abo.fi\/wp-content\/uploads\/2019\/06\/Forskolan-ovar-farger-tal-och-antal.pdf\">F\u00f6rskolan \u00f6var f\u00e4rger, tal och antal<\/a><\/li>\n<\/ul>\n<hr \/>\n<h5><strong>Tala matematik<\/strong><\/h5>\n<p><strong>F\u20142<\/strong><\/p>\n<ul>\n<li><a href=\"https:\/\/www.abo.fi\/wp-content\/uploads\/2019\/06\/IMG_9256.jpg\">Tala matematik. Samarbete i mindre grupper \u00e5k 2<\/a><\/li>\n<li><a href=\"https:\/\/youtu.be\/S_S8tI51I9Y\">Tala matematik + laborera med tal \u00e5k 1<\/a><\/li>\n<li><a href=\"https:\/\/youtu.be\/s3suydTOkeQ\">Tala matematik, laborera med tal<\/a><\/li>\n<\/ul>\n<hr \/>\n<h5><strong>Matematik med l\u00e4sfixarna<\/strong><\/h5>\n<p><strong>F\u20142<\/strong><\/p>\n<ul>\n<li><a href=\"https:\/\/www.abo.fi\/wp-content\/uploads\/2019\/06\/Matematik-med-lasfixarna1.pdf\">Matematik med l\u00e4sfixarna<\/a>.<\/li>\n<li><a href=\"https:\/\/www.abo.fi\/wp-content\/uploads\/2019\/06\/Matte-lasfixarna-ak-2.jpg\">Matte l\u00e4sfixarna \u00e5k 2<\/a><\/li>\n<li><a href=\"https:\/\/www.abo.fi\/wp-content\/uploads\/2019\/06\/matte-med-lasfixarna-ak-5.pdf\">Matte med l\u00e4sfixarna \u00e5k 5<\/a><\/li>\n<li><a href=\"https:\/\/www.abo.fi\/wp-content\/uploads\/2019\/06\/Matematik-med-lasfixarna-med-fokus-pa-detektiven-och-konstnaren-ak-2.pdf\">Matematik med l\u00e4sfixarna \u00e5k 2, begreppen\u00a0<em>j\u00e4mf\u00f6r<\/em>\u00a0\u2013\u00a0<em>skillnad<\/em><\/a><\/li>\n<\/ul>\n","protected":false},"excerpt":{"rendered":"<p>Vardagsmatematik, tal och antal F\u20142 Vardagsmatematik i f\u00f6rskolan, antal Tiotal och ental F\u00f6rskolan \u00f6var f\u00e4rger, tal och antal Tala matematik F\u20142 Tala matematik. Samarbete i mindre grupper \u00e5k 2 Tala matematik + laborera med tal \u00e5k 1 Tala matematik, laborera med tal Matematik med l\u00e4sfixarna F\u20142 Matematik med l\u00e4sfixarna. Matte l\u00e4sfixarna \u00e5k 2 Matte med &hellip; <a href=\"https:\/\/blogs2.abo.fi\/sprakresurs\/kollegialt-larande\/hela-skolstigen-som-larande-gemenskap\/material-och-aktiviteter\/matematik\/\" class=\"more-link\">Forts\u00e4tt l\u00e4sa <span class=\"screen-reader-text\">Matematik<\/span><\/a><\/p>\n","protected":false},"author":409,"featured_media":0,"parent":137,"menu_order":2,"comment_status":"closed","ping_status":"closed","template":"","meta":{"footnotes":""},"class_list":["post-140","page","type-page","status-publish","hentry"],"_links":{"self":[{"href":"https:\/\/blogs2.abo.fi\/sprakresurs\/wp-json\/wp\/v2\/pages\/140","targetHints":{"allow":["GET"]}}],"collection":[{"href":"https:\/\/blogs2.abo.fi\/sprakresurs\/wp-json\/wp\/v2\/pages"}],"about":[{"href":"https:\/\/blogs2.abo.fi\/sprakresurs\/wp-json\/wp\/v2\/types\/page"}],"author":[{"embeddable":true,"href":"https:\/\/blogs2.abo.fi\/sprakresurs\/wp-json\/wp\/v2\/users\/409"}],"replies":[{"embeddable":true,"href":"https:\/\/blogs2.abo.fi\/sprakresurs\/wp-json\/wp\/v2\/comments?post=140"}],"version-history":[{"count":4,"href":"https:\/\/blogs2.abo.fi\/sprakresurs\/wp-json\/wp\/v2\/pages\/140\/revisions"}],"predecessor-version":[{"id":430,"href":"https:\/\/blogs2.abo.fi\/sprakresurs\/wp-json\/wp\/v2\/pages\/140\/revisions\/430"}],"up":[{"embeddable":true,"href":"https:\/\/blogs2.abo.fi\/sprakresurs\/wp-json\/wp\/v2\/pages\/137"}],"wp:attachment":[{"href":"https:\/\/blogs2.abo.fi\/sprakresurs\/wp-json\/wp\/v2\/media?parent=140"}],"curies":[{"name":"wp","href":"https:\/\/api.w.org\/{rel}","templated":true}]}}