{"id":280,"date":"2022-11-18T14:06:42","date_gmt":"2022-11-18T12:06:42","guid":{"rendered":"https:\/\/blogs2.abo.fi\/sprakoped\/?page_id=280"},"modified":"2024-04-30T14:36:29","modified_gmt":"2024-04-30T12:36:29","slug":"tietosuoja-gdpr","status":"publish","type":"page","link":"https:\/\/blogs2.abo.fi\/sprakoped\/tietosuoja-gdpr\/","title":{"rendered":"Tietosuoja (GDPR)"},"content":{"rendered":"<h3>T\u00e4\u00e4lt\u00e4 l\u00f6yd\u00e4t hankkeen tietosuojailmoitukset.<\/h3>\n<ul>\n<li>Huoltajien kyselylomakkeen tietosuojailmoitus: <a href=\"http:\/\/blogs2.abo.fi\/sprakoped\/wp-content\/uploads\/sites\/197\/2024\/04\/Tietosuojailmoitus-huoltajan-kyselylomake-Sprakoped.pdf\">Tietosuojailmoitus, huoltajan kyselylomake, SPR\u00c5K\u00d6PED<\/a> (PDF)<\/li>\n<li>\u00a0Yleinen tietosuojalomake: <a href=\"http:\/\/blogs2.abo.fi\/sprakoped\/wp-content\/uploads\/sites\/197\/2022\/11\/SPRAKOPED-Tietosuojailmoitus.pdf\">Tietosuojailmoitus, SPR\u00c5K\u00d6PED<\/a> (PDF)<\/li>\n<\/ul>\n","protected":false},"excerpt":{"rendered":"<p>T\u00e4\u00e4lt\u00e4 l\u00f6yd\u00e4t hankkeen tietosuojailmoitukset. Huoltajien kyselylomakkeen tietosuojailmoitus: Tietosuojailmoitus, huoltajan kyselylomake, SPR\u00c5K\u00d6PED (PDF) \u00a0Yleinen tietosuojalomake: Tietosuojailmoitus, SPR\u00c5K\u00d6PED (PDF)<\/p>\n","protected":false},"author":770,"featured_media":0,"parent":0,"menu_order":0,"comment_status":"closed","ping_status":"closed","template":"","meta":{"footnotes":""},"class_list":["post-280","page","type-page","status-publish","hentry"],"_links":{"self":[{"href":"https:\/\/blogs2.abo.fi\/sprakoped\/wp-json\/wp\/v2\/pages\/280","targetHints":{"allow":["GET"]}}],"collection":[{"href":"https:\/\/blogs2.abo.fi\/sprakoped\/wp-json\/wp\/v2\/pages"}],"about":[{"href":"https:\/\/blogs2.abo.fi\/sprakoped\/wp-json\/wp\/v2\/types\/page"}],"author":[{"embeddable":true,"href":"https:\/\/blogs2.abo.fi\/sprakoped\/wp-json\/wp\/v2\/users\/770"}],"replies":[{"embeddable":true,"href":"https:\/\/blogs2.abo.fi\/sprakoped\/wp-json\/wp\/v2\/comments?post=280"}],"version-history":[{"count":7,"href":"https:\/\/blogs2.abo.fi\/sprakoped\/wp-json\/wp\/v2\/pages\/280\/revisions"}],"predecessor-version":[{"id":440,"href":"https:\/\/blogs2.abo.fi\/sprakoped\/wp-json\/wp\/v2\/pages\/280\/revisions\/440"}],"wp:attachment":[{"href":"https:\/\/blogs2.abo.fi\/sprakoped\/wp-json\/wp\/v2\/media?parent=280"}],"curies":[{"name":"wp","href":"https:\/\/api.w.org\/{rel}","templated":true}]}}