{"id":149,"date":"2022-05-23T09:43:23","date_gmt":"2022-05-23T07:43:23","guid":{"rendered":"https:\/\/blogs2.abo.fi\/sprakoped\/?page_id=149"},"modified":"2024-05-17T07:14:07","modified_gmt":"2024-05-17T05:14:07","slug":"hankkeessa-meneillaan","status":"publish","type":"page","link":"https:\/\/blogs2.abo.fi\/sprakoped\/hankkeessa-meneillaan\/","title":{"rendered":"Ajankohtaista"},"content":{"rendered":"<p><strong>Lukuvuosi 2023-2024<\/strong><\/p>\n<p>Ker\u00e4tyn datan litterointi ja analysointi jatkui my\u00f6s t\u00e4m\u00e4n lukuvuoden aikana. Tutkijaryhm\u00e4 vieraili muutamissa kielisaarekeyksik\u00f6iss\u00e4 p\u00e4ivitt\u00e4\u00e4kseen k\u00e4sityst\u00e4\u00e4n\u00a0 nykytilanteesta. N\u00e4ill\u00e4 vierailuilla oli lis\u00e4ksi mukana muutamia opettajaopiskelijoita. Tutkijaryhm\u00e4 on my\u00f6s laatinut huoltajille suunnatun kyselylomakkeen, joka l\u00e4hetettiin valituille kielisaarekkeille toukokuun alussa vuonna 2024.<\/p>\n<p><strong>Lukuvuosi 2022-2023<\/strong><\/p>\n<p>Aineistonkeruu ja havainnointi aloitettiin syksyll\u00e4 2022. Tutkijaryhm\u00e4 vieraili yhteens\u00e4 seitsem\u00e4ss\u00e4 yksik\u00f6ss\u00e4 kolmella eri kielisaarekepaikkakunnalla havainnoimassa kyseisten yksik\u00f6iden toimintaa sek\u00e4 kielellist\u00e4 ymp\u00e4rist\u00f6\u00e4 tutkimuksen tavoitteiden pohjalta. Vierailujen pituus vaihteli kahdesta nelj\u00e4\u00e4n p\u00e4iv\u00e4\u00e4n.<\/p>\n<p>Aineistonkeruu ja havainnointi jatkuivat kev\u00e4tlukukaudella 2023. Lis\u00e4ksi tutkijaryhm\u00e4 haastatteli kev\u00e4tlukukauden aikana 25 opettajaa, jotka ty\u00f6skentelev\u00e4t valituissa kielisaarekekouluissa ja -p\u00e4iv\u00e4kodeissa. Tutkijaryhm\u00e4 j\u00e4rjesti toukokuussa kaksi webinaaria valittujen kielisaarekkeiden henkil\u00f6kunnalle. Webinaarien tarkoituksena oli antaa tilannekatsaus hankkeen t\u00e4h\u00e4nastisesta toiminnasta sek\u00e4 kertoa hankkeen suunnitelmista koskien tulevaa lukuvuotta 2023-2024. Ker\u00e4tyn aineiston litterointi ja analysointi aloitettiin kev\u00e4\u00e4ll\u00e4 ja jatkui my\u00f6s kes\u00e4n 2023 aikana.<\/p>\n<p><strong>Lukuvuosi 2021-2022<\/strong><\/p>\n<p>Tutkimuksen johtaja Tom Gullberg ja vanhempi yliopistolehtori M\u00e5rten Bj\u00f6rkgren haastettelivat syksyn 2021 aikana sivistystoimenjohtajia ja muita kielisaarekkeiden avainhenkil\u00f6it\u00e4. Kev\u00e4\u00e4n 2022 aikana tutkijaryhm\u00e4 vieraili my\u00f6s muutamilla kielisaarekkeilla tutustuakseen kielisaarekekouluihin ja -p\u00e4iv\u00e4koteihin. Kes\u00e4kuussa 2022 j\u00e4rjestettiin henkil\u00f6kunnan infotilaisuus niille, jotka ty\u00f6skentelev\u00e4t valituissa kielisaarekekouluissa ja -p\u00e4iv\u00e4kodeissa.<\/p>\n<p>&nbsp;<\/p>\n<p>&nbsp;<\/p>\n","protected":false},"excerpt":{"rendered":"<p>Lukuvuosi 2023-2024 Ker\u00e4tyn datan litterointi ja analysointi jatkui my\u00f6s t\u00e4m\u00e4n lukuvuoden aikana. Tutkijaryhm\u00e4 vieraili muutamissa kielisaarekeyksik\u00f6iss\u00e4 p\u00e4ivitt\u00e4\u00e4kseen k\u00e4sityst\u00e4\u00e4n\u00a0 nykytilanteesta. N\u00e4ill\u00e4 vierailuilla oli lis\u00e4ksi mukana muutamia opettajaopiskelijoita. Tutkijaryhm\u00e4 on my\u00f6s laatinut huoltajille suunnatun kyselylomakkeen, joka l\u00e4hetettiin valituille kielisaarekkeille toukokuun alussa vuonna 2024. Lukuvuosi 2022-2023 Aineistonkeruu ja havainnointi aloitettiin syksyll\u00e4 2022. Tutkijaryhm\u00e4 vieraili yhteens\u00e4 seitsem\u00e4ss\u00e4 yksik\u00f6ss\u00e4 kolmella [&hellip;]<\/p>\n","protected":false},"author":677,"featured_media":0,"parent":0,"menu_order":0,"comment_status":"closed","ping_status":"closed","template":"","meta":{"footnotes":""},"class_list":["post-149","page","type-page","status-publish","hentry"],"_links":{"self":[{"href":"https:\/\/blogs2.abo.fi\/sprakoped\/wp-json\/wp\/v2\/pages\/149","targetHints":{"allow":["GET"]}}],"collection":[{"href":"https:\/\/blogs2.abo.fi\/sprakoped\/wp-json\/wp\/v2\/pages"}],"about":[{"href":"https:\/\/blogs2.abo.fi\/sprakoped\/wp-json\/wp\/v2\/types\/page"}],"author":[{"embeddable":true,"href":"https:\/\/blogs2.abo.fi\/sprakoped\/wp-json\/wp\/v2\/users\/677"}],"replies":[{"embeddable":true,"href":"https:\/\/blogs2.abo.fi\/sprakoped\/wp-json\/wp\/v2\/comments?post=149"}],"version-history":[{"count":23,"href":"https:\/\/blogs2.abo.fi\/sprakoped\/wp-json\/wp\/v2\/pages\/149\/revisions"}],"predecessor-version":[{"id":447,"href":"https:\/\/blogs2.abo.fi\/sprakoped\/wp-json\/wp\/v2\/pages\/149\/revisions\/447"}],"wp:attachment":[{"href":"https:\/\/blogs2.abo.fi\/sprakoped\/wp-json\/wp\/v2\/media?parent=149"}],"curies":[{"name":"wp","href":"https:\/\/api.w.org\/{rel}","templated":true}]}}