{"id":52,"date":"2017-09-05T17:33:36","date_gmt":"2017-09-05T14:33:36","guid":{"rendered":"http:\/\/blogs2.abo.fi\/sos\/?page_id=52"},"modified":"2020-12-04T23:28:35","modified_gmt":"2020-12-04T20:28:35","slug":"lankar","status":"publish","type":"page","link":"https:\/\/blogs2.abo.fi\/sos\/lankar\/","title":{"rendered":"L\u00e4nkar"},"content":{"rendered":"<p>H\u00e4r samlar vi l\u00e4nkar till anv\u00e4ndbara resurser p\u00e5 webben.<\/p>\n<p>B<\/p>\n<p><a name=\"biotermgruppen\"><\/a><a href=\"http:\/\/www.biotermgruppen.se\/\">Biotermgruppen<\/a><\/p>\n<p>D<\/p>\n<p><a name=\"finsk-svensk-engelsk_dataordlista\"><\/a><a href=\"http:\/\/kaino.kotus.fi\/www\/ordlistor\/dataordlista.html\">Dataordlista (finsk-svensk-engelsk)<\/a><\/p>\n<p><a name=\"datatermgruppen\"><\/a><a href=\"http:\/\/www.datatermgruppen.se\/\">Datatermgruppen<\/a><\/p>\n<p>F<\/p>\n<p><a name=\"finlandssvensk_ordbok\"><\/a><a href=\"https:\/\/www.sprakinstitutet.fi\/sv\/ordbocker\/ensprakiga_ordbocker\/finlandssvensk_ordbok\">Finlandssvensk Ordbok<\/a><\/p>\n<p>G<\/p>\n<p>H<\/p>\n<p>I<\/p>\n<p><a name=\"institutet_for_de_inhemska_spraken\"><\/a><a href=\"https:\/\/www.sprakinstitutet.fi\">Institutet f\u00f6r de inhemska spr\u00e5ken<\/a><\/p>\n<p><a name=\"institutet_for_sprak_och_folkminnen\"><\/a><a href=\"http:\/\/www.sprakochfolkminnen.se\">Institutet f\u00f6r spr\u00e5k och folkminnen<\/a><\/p>\n<p>J<\/p>\n<p>K<\/p>\n<p><a href=\"https:\/\/www.klimatordlista.se\/\">Klimatordlistan<\/a><\/p>\n<p>L<\/p>\n<p>M<\/p>\n<p><a name=\"mot_ordbocker\"><\/a><a href=\"https:\/\/abo.finna.fi\/Browse\/Database?lookfor=ordbok&amp;type=AllFields\">MOT-ordb\u00f6cker<\/a> (m\u00e5nga spr\u00e5k)<\/p>\n<p><a name=\"myndigheternas_skrivregler\"><\/a><a href=\"http:\/\/www.sprakochfolkminnen.se\/download\/18.41318b851483519095290e\/1410353043472\/Mynd-skrivreg2014-1.pdf\">Myndigheternas skrivregler<\/a><\/p>\n<p>N<\/p>\n<p><a name=\"nationalencyklopedin\"><\/a><a href=\"https:\/\/abo.finna.fi\/Record\/metalib_aa.FIN06002\">Nationalencyklopedin<\/a> (inklusive Svensk ordbok, Engelsk ordbok etc.)<\/p>\n<p>P<\/p>\n<p><a name=\"psykologilexikon\"><\/a><a href=\"https:\/\/www.psykologiguiden.se\/psykologilexikon\">Psykologilexikon<\/a> (Natur &amp; Kultur)<\/p>\n<p>R<\/p>\n<p><a name=\"rikstermbanken\"><\/a><a href=\"http:\/\/www.rikstermbanken.se\/\">Rikstermbanken<\/a><\/p>\n<p>S<\/p>\n<p><a name=\"frageladan\"><\/a><a href=\"http:\/\/www.sprakochfolkminnen.se\/sprak.html\">Spr\u00e5kr\u00e5dets fr\u00e5gel\u00e5da<\/a><\/p>\n<p><a name=\"statsradets_termbank_valter\"><\/a><a href=\"http:\/\/mot.kielikone.fi\/mot\/valter\/netmot.exe\">Statsr\u00e5dets termbank Valter<\/a><\/p>\n<p><a name=\"stora_finsk\u2013svenska_ordboken\"><\/a><a href=\"https:\/\/www.sprakinstitutet.fi\/sv\/ordbocker\/flersprakiga_ordbocker\/stora_finsk-svenska_ordboken\">Stora finsk\u2013svenska ordboken<\/a><\/p>\n<p><a name=\"svenska_akademiens_ordlista\"><\/a><a href=\"http:\/\/www.saol.se\">Svenska Akademiens ordlista<\/a><\/p>\n<p><a name=\"svenska_lakaresallskapets_sprakkommitte\"><\/a><a href=\"http:\/\/www.sls.se\/Om-SLS\/Organisation\/Kommitteer\/Sprakdatabasen\/\">Svenska l\u00e4kares\u00e4llskapets spr\u00e5kkommitt\u00e9, spr\u00e5kfr\u00e5gedatabasen<\/a><\/p>\n<p><a name=\"svenska_se\"><\/a><a href=\"http:\/\/svenska.se\">Svenska.se<\/a><\/p>\n<p>T<\/p>\n<p><a name=\"termbanken_TEPA\"><\/a><a href=\"http:\/\/www.tsk.fi\/tepa\/netmot.exe\">Termbanken TEPA<\/a><\/p>\n<p>\u00c5<\/p>\n<p>&nbsp;<\/p>\n<p>&nbsp;<\/p>\n","protected":false},"excerpt":{"rendered":"<p>H\u00e4r samlar vi l\u00e4nkar till anv\u00e4ndbara resurser p\u00e5 webben. B Biotermgruppen D Dataordlista (finsk-svensk-engelsk) Datatermgruppen F Finlandssvensk Ordbok G H I Institutet f\u00f6r de inhemska spr\u00e5ken Institutet f\u00f6r spr\u00e5k och folkminnen J K Klimatordlistan L M MOT-ordb\u00f6cker (m\u00e5nga spr\u00e5k) Myndigheternas skrivregler N Nationalencyklopedin (inklusive Svensk ordbok, Engelsk ordbok etc.) P Psykologilexikon (Natur &amp; Kultur) R [&hellip;]<\/p>\n","protected":false},"author":361,"featured_media":0,"parent":0,"menu_order":0,"comment_status":"closed","ping_status":"closed","template":"","meta":{"footnotes":""},"class_list":["post-52","page","type-page","status-publish","hentry"],"_links":{"self":[{"href":"https:\/\/blogs2.abo.fi\/sos\/wp-json\/wp\/v2\/pages\/52","targetHints":{"allow":["GET"]}}],"collection":[{"href":"https:\/\/blogs2.abo.fi\/sos\/wp-json\/wp\/v2\/pages"}],"about":[{"href":"https:\/\/blogs2.abo.fi\/sos\/wp-json\/wp\/v2\/types\/page"}],"author":[{"embeddable":true,"href":"https:\/\/blogs2.abo.fi\/sos\/wp-json\/wp\/v2\/users\/361"}],"replies":[{"embeddable":true,"href":"https:\/\/blogs2.abo.fi\/sos\/wp-json\/wp\/v2\/comments?post=52"}],"version-history":[{"count":32,"href":"https:\/\/blogs2.abo.fi\/sos\/wp-json\/wp\/v2\/pages\/52\/revisions"}],"predecessor-version":[{"id":244,"href":"https:\/\/blogs2.abo.fi\/sos\/wp-json\/wp\/v2\/pages\/52\/revisions\/244"}],"wp:attachment":[{"href":"https:\/\/blogs2.abo.fi\/sos\/wp-json\/wp\/v2\/media?parent=52"}],"curies":[{"name":"wp","href":"https:\/\/api.w.org\/{rel}","templated":true}]}}