{"id":29,"date":"2017-09-05T15:38:04","date_gmt":"2017-09-05T12:38:04","guid":{"rendered":"http:\/\/blogs2.abo.fi\/sos\/?page_id=29"},"modified":"2020-09-24T02:55:05","modified_gmt":"2020-09-23T23:55:05","slug":"texttyper-i-studierna","status":"publish","type":"page","link":"https:\/\/blogs2.abo.fi\/sos\/texttyper-i-studierna\/","title":{"rendered":"Texter i studierna"},"content":{"rendered":"<p>I studierna kommer du i kontakt med m\u00e5nga olika texttyper, och ibland \u00e4r det inte helt klart vad som avses med olika ben\u00e4mningar. H\u00e4r samlar vi material om texttyper som f\u00f6rekommer, och vilka syftena med dem och kraven p\u00e5 dem \u00e4r. Det vetenskapliga skrivandet \u00e4r en del av studierna.<\/p>\n<p>Se nedan f\u00f6r en text om <strong>skillnaden mellan abstrakt och svensk sammanfattning<\/strong>. Vi bygger p\u00e5 s\u00e5 sm\u00e5ningom. Du kan ta kontakt med kommunikationsl\u00e4rarna vid Centret f\u00f6r spr\u00e5k och kommunikation om du har tips p\u00e5 s\u00e5dana texttyper som kunde behandlas h\u00e4r. Dela g\u00e4rna med dig av dina erfarenheter!<\/p>\n<h2>Guider om vetenskapligt skrivande<\/h2>\n<p>Det finns en hel del material om vetenskapligt skrivande. Dels finns det material p\u00e5 n\u00e4tet, dels finns en hel del b\u00f6cker om vetenskapligt skrivande tillg\u00e4ngliga, som kan vara trevliga att l\u00e4sa om du har mera tid och vill f\u00f6rdjupa dig. H\u00e4r vill vi tipsa om en del material vi tycker \u00e4r ganska bra p\u00e5 olika s\u00e4tt.<\/p>\n<h4>Om vetenskapligt skrivande p\u00e5 webben:<\/h4>\n<p style=\"padding-left: 30px\"><a href=\"http:\/\/www.skrivguiden.se\">Skrivguiden.se<\/a><\/p>\n<p style=\"padding-left: 30px\">\u00c5kerlund: <a href=\"http:\/\/aakerlund.org\/wordpress\/dan\/akademiskt-skrivande\/\">Guide till akademiskt skrivande<\/a><\/p>\n<p style=\"padding-left: 30px\"><a href=\"https:\/\/www.lub.lu.se\/service-och-stod\/studerandestod\/akademiskt-skrivande\/oppna-natbaserade-kurser-om-akademiskt-skrivande\">MOOC om akademiskt skrivande<\/a> fr\u00e5n Lunds universitet<\/p>\n<h4>N\u00e5gra guider i bokform:<\/h4>\n<p style=\"padding-left: 30px\">Augustsson (2007 el. senare): Akademisk skribent. Om att utveckla sitt vetenskapliga skrivande<\/p>\n<p style=\"padding-left: 30px\">Backman (2008 el. senare): Rapporter och uppsatser<\/p>\n<p style=\"padding-left: 30px\">Booth, Colomb &amp; Williams (2004 el. senare): Forskning och skrivande. Konsten att skriva enkelt och effektivt<\/p>\n<p style=\"padding-left: 30px\">Dysthe, Hetzberg &amp; L\u00f8kensgard Hoel (2011 el. senare): Skriva f\u00f6r att l\u00e4ra<\/p>\n<p style=\"padding-left: 30px\">Rienecker &amp; J\u00f8rgensen (2008 el. senare): Att skriva en bra uppsats<\/p>\n<p style=\"padding-left: 30px\">Str\u00f6mquist (2010 el. senare): Uppsatshandboken<\/p>\n<h2>Abstrakt och svensk sammanfattning<\/h2>\n<h4>Vad \u00e4r det f\u00f6r skillnad mellan abstrakt och svensk sammanfattning?<\/h4>\n<p>Alla skribenter p\u00e5 magisterniv\u00e5 vid \u00c5bo Akademi skriver sedan n\u00e5gra \u00e5r tillbaka ett abstrakt (ca 1 sida) om sin pro gradu-avhandling. Abstraktet \u00e4r <em>inte<\/em> en del av avhandlingen utan handlar <em>om<\/em> den och beskriver k\u00e4rnan i avhandlingens inneh\u00e5ll. Tanken \u00e4r att l\u00e4saren ska f\u00e5 en liten inblick i fr\u00e5gest\u00e4llning, metod och resultat. D\u00e4rf\u00f6r ska abstraktet vara en frist\u00e5ende text \u2013 som ska kunna anv\u00e4ndas l\u00f6sgjort fr\u00e5n huvudtexten. Skribenten redog\u00f6r i huvuddrag f\u00f6r syfte, material och metod samt resultat och diskussion. Texten l\u00e4ggs direkt i b\u00f6rjan efter titelbladet <em>f\u00f6re<\/em> inneh\u00e5llsf\u00f6rteckningen.<\/p>\n<p>En svensk sammanfattning \u00e4r l\u00e4ngre, och skrivs p\u00e5 \u00c5bo Akademi av dem som skriver sin pro gradu-avhandling p\u00e5 n\u00e5got annat spr\u00e5k \u00e4n svenska (och av spr\u00e5kstuderande p\u00e5 kandidatniv\u00e5). Det \u00e4r en avhandling i miniatyr d\u00e4r skribenten tar upp samma som i pro gradu-avhandlingen men kortfattat. En svensk sammanfattning skrivs av spr\u00e5kpolitiska orsaker, f\u00f6r att skribenterna ska f\u00e5 tr\u00e4ning i att skriva p\u00e5 universitetets huvudspr\u00e5k. Men den svenska sammanfattningen skrivs ocks\u00e5 med tanke p\u00e5 att l\u00e4sare som inte beh\u00e4rskar det spr\u00e5k som huvudtexten skrivs p\u00e5 ska kunna ta del av inneh\u00e5llet. Ytterligare en orsak \u00e4r att bidra till att bevara det vetenskapliga spr\u00e5ket som dom\u00e4n inom svenskan. Den svenska sammanfattningen finns efter sj\u00e4lva pro gradu-avhandlingen <em>f\u00f6re<\/em> litteraturf\u00f6rteckningen.<\/p>\n<p>Abstraktet ska inte n\u00e4mnas i inneh\u00e5llsf\u00f6rteckningen, men det ska d\u00e4remot den svenska sammanfattningen.<\/p>\n<p>I texten <a href=\"http:\/\/blogs2.abo.fi\/sos\/texttyper-i-studierna\/sonja-vidjeskogatt-skriva-en-svensk-sammanfattning\/\">&#8221;Att skriva en svensk sammanfattning&#8221;<\/a> av Sonja Vidjeskog kan du l\u00e4sa n\u00e4rmare om svenska sammanfattningar och vad du beh\u00f6ver ta i beaktande d\u00e5 du skriver en.<\/p>\n<p>&nbsp;<\/p>\n","protected":false},"excerpt":{"rendered":"<p>I studierna kommer du i kontakt med m\u00e5nga olika texttyper, och ibland \u00e4r det inte helt klart vad som avses med olika ben\u00e4mningar. H\u00e4r samlar vi material om texttyper som f\u00f6rekommer, och vilka syftena med dem och kraven p\u00e5 dem \u00e4r. Det vetenskapliga skrivandet \u00e4r en del av studierna. Se nedan f\u00f6r en text om [&hellip;]<\/p>\n","protected":false},"author":361,"featured_media":0,"parent":0,"menu_order":0,"comment_status":"closed","ping_status":"closed","template":"","meta":{"footnotes":""},"class_list":["post-29","page","type-page","status-publish","hentry"],"_links":{"self":[{"href":"https:\/\/blogs2.abo.fi\/sos\/wp-json\/wp\/v2\/pages\/29","targetHints":{"allow":["GET"]}}],"collection":[{"href":"https:\/\/blogs2.abo.fi\/sos\/wp-json\/wp\/v2\/pages"}],"about":[{"href":"https:\/\/blogs2.abo.fi\/sos\/wp-json\/wp\/v2\/types\/page"}],"author":[{"embeddable":true,"href":"https:\/\/blogs2.abo.fi\/sos\/wp-json\/wp\/v2\/users\/361"}],"replies":[{"embeddable":true,"href":"https:\/\/blogs2.abo.fi\/sos\/wp-json\/wp\/v2\/comments?post=29"}],"version-history":[{"count":15,"href":"https:\/\/blogs2.abo.fi\/sos\/wp-json\/wp\/v2\/pages\/29\/revisions"}],"predecessor-version":[{"id":204,"href":"https:\/\/blogs2.abo.fi\/sos\/wp-json\/wp\/v2\/pages\/29\/revisions\/204"}],"wp:attachment":[{"href":"https:\/\/blogs2.abo.fi\/sos\/wp-json\/wp\/v2\/media?parent=29"}],"curies":[{"name":"wp","href":"https:\/\/api.w.org\/{rel}","templated":true}]}}