{"id":79,"date":"2025-06-16T14:38:32","date_gmt":"2025-06-16T14:38:32","guid":{"rendered":"https:\/\/blogs2.abo.fi\/sitkeys-seghet2025\/?page_id=79"},"modified":"2025-06-27T07:29:24","modified_gmt":"2025-06-27T07:29:24","slug":"organisatorer-jarjestajat-organizers","status":"publish","type":"page","link":"https:\/\/blogs2.abo.fi\/sitkeys-seghet2025\/organisatorer-jarjestajat-organizers\/","title":{"rendered":"Organizers | Contact information | Venue"},"content":{"rendered":"<p><a href=\"#svenska\">P\u00e5 svenska<\/a> | <a href=\"#finska\">Suomeksi <\/a> | <a href=\"#engelska\">In English<\/a><\/p>\n<p><img loading=\"lazy\" decoding=\"async\" class=\"alignnone size-medium wp-image-6\" src=\"http:\/\/blogs2.abo.fi\/sitkeys-seghet2025\/wp-content\/uploads\/sites\/278\/2025\/05\/BECFF77B-3BED-4AE4-933E-A5A081E5B3E2-300x300.jpeg\" alt=\"\" width=\"300\" height=\"300\" srcset=\"https:\/\/blogs2.abo.fi\/sitkeys-seghet2025\/wp-content\/uploads\/sites\/278\/2025\/05\/BECFF77B-3BED-4AE4-933E-A5A081E5B3E2-300x300.jpeg 300w, https:\/\/blogs2.abo.fi\/sitkeys-seghet2025\/wp-content\/uploads\/sites\/278\/2025\/05\/BECFF77B-3BED-4AE4-933E-A5A081E5B3E2-1024x1024.jpeg 1024w, https:\/\/blogs2.abo.fi\/sitkeys-seghet2025\/wp-content\/uploads\/sites\/278\/2025\/05\/BECFF77B-3BED-4AE4-933E-A5A081E5B3E2-150x150.jpeg 150w, https:\/\/blogs2.abo.fi\/sitkeys-seghet2025\/wp-content\/uploads\/sites\/278\/2025\/05\/BECFF77B-3BED-4AE4-933E-A5A081E5B3E2-768x768.jpeg 768w, https:\/\/blogs2.abo.fi\/sitkeys-seghet2025\/wp-content\/uploads\/sites\/278\/2025\/05\/BECFF77B-3BED-4AE4-933E-A5A081E5B3E2-1536x1536.jpeg 1536w, https:\/\/blogs2.abo.fi\/sitkeys-seghet2025\/wp-content\/uploads\/sites\/278\/2025\/05\/BECFF77B-3BED-4AE4-933E-A5A081E5B3E2-100x100.jpeg 100w, https:\/\/blogs2.abo.fi\/sitkeys-seghet2025\/wp-content\/uploads\/sites\/278\/2025\/05\/BECFF77B-3BED-4AE4-933E-A5A081E5B3E2.jpeg 2048w\" sizes=\"auto, (max-width: 300px) 100vw, 300px\" \/><\/p>\n<h4><strong id=\"svenska\">Arrang\u00f6rer, kontaktuppgifter och konferensplats<\/strong><\/h4>\n<p><strong id=\"svenska\">E-post:<\/strong><br \/>\ngenusdagen25@gmail.com<\/p>\n<p><strong>Arrang\u00f6rer:<br \/>\n<\/strong>F\u00f6r dagarna ansvarar \u00e4mnena genusvetenskap vid \u00c5bo Universitet och \u00c5bo Akademi i samarbete med Sukupuolentutkimuksen seura \u2013 S\u00e4llskapet f\u00f6r genusforskning r.y. (SUNS)<\/p>\n<p><strong>Arrang\u00f6rsgrupp:<br \/>\n<\/strong>Anu Koivunen, Taru Lepp\u00e4nen, Lotta Palmgren, Riikka Taavetti<\/p>\n<p>Konferensen har erh\u00e5llit finansiering fr\u00e5n Stiftelsen f\u00f6r \u00c5bo Akademi<\/p>\n<p><img loading=\"lazy\" decoding=\"async\" class=\"alignnone size-medium wp-image-102\" src=\"http:\/\/blogs2.abo.fi\/sitkeys-seghet2025\/wp-content\/uploads\/sites\/278\/2025\/06\/saa-logo-eng-300x200.png\" alt=\"\" width=\"300\" height=\"200\" srcset=\"https:\/\/blogs2.abo.fi\/sitkeys-seghet2025\/wp-content\/uploads\/sites\/278\/2025\/06\/saa-logo-eng-300x200.png 300w, https:\/\/blogs2.abo.fi\/sitkeys-seghet2025\/wp-content\/uploads\/sites\/278\/2025\/06\/saa-logo-eng.png 425w\" sizes=\"auto, (max-width: 300px) 100vw, 300px\" \/><\/p>\n<p><strong id=\"finska\">Konferensplats:<br \/>\n<\/strong>\u00c5bo Akademi, Arken, Fabriksgatan 2, \u00c5bo<\/p>\n<p><img loading=\"lazy\" decoding=\"async\" class=\"wp-image-128 aligncenter\" src=\"http:\/\/blogs2.abo.fi\/sitkeys-seghet2025\/wp-content\/uploads\/sites\/278\/2025\/06\/Location-Arken2_1920px-300x200.jpg\" alt=\"\" width=\"322\" height=\"214\" srcset=\"https:\/\/blogs2.abo.fi\/sitkeys-seghet2025\/wp-content\/uploads\/sites\/278\/2025\/06\/Location-Arken2_1920px-300x200.jpg 300w, https:\/\/blogs2.abo.fi\/sitkeys-seghet2025\/wp-content\/uploads\/sites\/278\/2025\/06\/Location-Arken2_1920px-1024x683.jpg 1024w, https:\/\/blogs2.abo.fi\/sitkeys-seghet2025\/wp-content\/uploads\/sites\/278\/2025\/06\/Location-Arken2_1920px-768x512.jpg 768w, https:\/\/blogs2.abo.fi\/sitkeys-seghet2025\/wp-content\/uploads\/sites\/278\/2025\/06\/Location-Arken2_1920px-1536x1024.jpg 1536w, https:\/\/blogs2.abo.fi\/sitkeys-seghet2025\/wp-content\/uploads\/sites\/278\/2025\/06\/Location-Arken2_1920px-1200x800.jpg 1200w, https:\/\/blogs2.abo.fi\/sitkeys-seghet2025\/wp-content\/uploads\/sites\/278\/2025\/06\/Location-Arken2_1920px.jpg 1920w\" sizes=\"auto, (max-width: 322px) 100vw, 322px\" \/><\/p>\n<p>Du hittar karta \u00f6ver Arkens rum\u00a0<a href=\"https:\/\/www.abo.fi\/wp-content\/uploads\/2018\/09\/Arkenkarta.pdf\">h\u00e4r<\/a>.<\/p>\n<p>Avst\u00e5nd: Salutorget 1,3 km, \u00c5bo j\u00e4rnv\u00e4gsstation 1,6 km, Kuppis j\u00e4rnv\u00e4gsstation 1,3 km med trappor och 1,6 km utan trappor, \u00c5bo busstation 1 km<\/p>\n<p>Guider f\u00f6r bes\u00f6kare hittas via <a href=\"https:\/\/se.visitturku.fi\/\">Visit Turku<\/a>.<\/p>\n<h4><strong id=\"finska\">J\u00e4rjest\u00e4j\u00e4t, s\u00e4hk\u00f6postiosoite ja konferenssipaikka<\/strong><\/h4>\n<p><strong id=\"finska\">S\u00e4hk\u00f6postiosoite:<\/strong><br \/>\ngenusdagen25@gmail.com<\/p>\n<p><strong>J\u00e4rjest\u00e4j\u00e4t:<br \/>\n<\/strong>P\u00e4ivist\u00e4 vastaavat Turun yliopiston ja \u00c5bo Akademin sukupuolentutkimuksen oppiaineet, yhteisty\u00f6ss\u00e4 Sukupuolentutkimuksen seura \u2013 S\u00e4llskapet f\u00f6r genusforskning r.y. (SUNS)<\/p>\n<p><strong>J\u00e4rjestelytoimikunta:<br \/>\n<\/strong>Anu Koivunen, Taru Lepp\u00e4nen, Lotta Palmgren, Riikka Taavetti<\/p>\n<p>\u00c5bo Akademin S\u00e4\u00e4ti\u00f6 on my\u00f6nt\u00e4nyt rahoitus konferenssille.<\/p>\n<p><img loading=\"lazy\" decoding=\"async\" class=\"alignnone size-medium wp-image-102\" src=\"http:\/\/blogs2.abo.fi\/sitkeys-seghet2025\/wp-content\/uploads\/sites\/278\/2025\/06\/saa-logo-eng-300x200.png\" alt=\"\" width=\"300\" height=\"200\" srcset=\"https:\/\/blogs2.abo.fi\/sitkeys-seghet2025\/wp-content\/uploads\/sites\/278\/2025\/06\/saa-logo-eng-300x200.png 300w, https:\/\/blogs2.abo.fi\/sitkeys-seghet2025\/wp-content\/uploads\/sites\/278\/2025\/06\/saa-logo-eng.png 425w\" sizes=\"auto, (max-width: 300px) 100vw, 300px\" \/><\/p>\n<p><strong id=\"finska\">Konferenssipaikka:<br \/>\n<\/strong>\u00c5bo Akademi, Arken, Tehtaankatu 2, Turku<\/p>\n<p><img loading=\"lazy\" decoding=\"async\" class=\"alignnone size-medium wp-image-128\" src=\"http:\/\/blogs2.abo.fi\/sitkeys-seghet2025\/wp-content\/uploads\/sites\/278\/2025\/06\/Location-Arken2_1920px-300x200.jpg\" alt=\"\" width=\"300\" height=\"200\" srcset=\"https:\/\/blogs2.abo.fi\/sitkeys-seghet2025\/wp-content\/uploads\/sites\/278\/2025\/06\/Location-Arken2_1920px-300x200.jpg 300w, https:\/\/blogs2.abo.fi\/sitkeys-seghet2025\/wp-content\/uploads\/sites\/278\/2025\/06\/Location-Arken2_1920px-1024x683.jpg 1024w, https:\/\/blogs2.abo.fi\/sitkeys-seghet2025\/wp-content\/uploads\/sites\/278\/2025\/06\/Location-Arken2_1920px-768x512.jpg 768w, https:\/\/blogs2.abo.fi\/sitkeys-seghet2025\/wp-content\/uploads\/sites\/278\/2025\/06\/Location-Arken2_1920px-1536x1024.jpg 1536w, https:\/\/blogs2.abo.fi\/sitkeys-seghet2025\/wp-content\/uploads\/sites\/278\/2025\/06\/Location-Arken2_1920px-1200x800.jpg 1200w, https:\/\/blogs2.abo.fi\/sitkeys-seghet2025\/wp-content\/uploads\/sites\/278\/2025\/06\/Location-Arken2_1920px.jpg 1920w\" sizes=\"auto, (max-width: 300px) 100vw, 300px\" \/>Arkenin huonekartta l\u00f6ytyy\u00a0<a href=\"https:\/\/www.abo.fi\/wp-content\/uploads\/2018\/09\/Arkenkarta.pdf\">t\u00e4st\u00e4<\/a>.<\/p>\n<p>Et\u00e4isyyksi\u00e4: Kauppatori 1,3 km, Turun rautatieasema 1,6 km, Kuppittaan rautatieasema 1,3 km rappuja ja 1,6 km ilman rappuja, Turun linjaautoasema 1 km<\/p>\n<p>Vierailijoille suunnattuja oppaita l\u00f6ytyy seuraavan linkin kautta <a href=\"https:\/\/visitturku.fi\/\">Visit Turku<\/a>.<\/p>\n<h4><strong id=\"engelska\">Organizers, contact information, venue<\/strong><\/h4>\n<p><strong id=\"engelska\">If you have questions, please contact:<\/strong><br \/>\ngenusdagen25@gmail.com<\/p>\n<p><strong>Team of organisers:<br \/>\n<\/strong>Anu Koivunen, Taru Lepp\u00e4nen, Lotta Palmgren, Riikka Taavetti<\/p>\n<p><strong>Organisers:\u00a0<\/strong>The conference is organized by Gender Studies at University of Turku and \u00c5bo Akademi University, in cooperation with The Association for Gender Studies in Finland (SUNS).<\/p>\n<p>The conference has received funding from \u00c5bo Akademi University Foundation.<\/p>\n<p><img loading=\"lazy\" decoding=\"async\" class=\"alignnone size-medium wp-image-102\" src=\"http:\/\/blogs2.abo.fi\/sitkeys-seghet2025\/wp-content\/uploads\/sites\/278\/2025\/06\/saa-logo-eng-300x200.png\" alt=\"\" width=\"300\" height=\"200\" srcset=\"https:\/\/blogs2.abo.fi\/sitkeys-seghet2025\/wp-content\/uploads\/sites\/278\/2025\/06\/saa-logo-eng-300x200.png 300w, https:\/\/blogs2.abo.fi\/sitkeys-seghet2025\/wp-content\/uploads\/sites\/278\/2025\/06\/saa-logo-eng.png 425w\" sizes=\"auto, (max-width: 300px) 100vw, 300px\" \/><\/p>\n<p><strong id=\"finska\">Conference venue:<br \/>\n<\/strong>\u00c5bo Akademi University, Arken, Tehtaankatu 2, Turku<\/p>\n<p><img loading=\"lazy\" decoding=\"async\" class=\"alignnone size-medium wp-image-128\" src=\"http:\/\/blogs2.abo.fi\/sitkeys-seghet2025\/wp-content\/uploads\/sites\/278\/2025\/06\/Location-Arken2_1920px-300x200.jpg\" alt=\"\" width=\"300\" height=\"200\" srcset=\"https:\/\/blogs2.abo.fi\/sitkeys-seghet2025\/wp-content\/uploads\/sites\/278\/2025\/06\/Location-Arken2_1920px-300x200.jpg 300w, https:\/\/blogs2.abo.fi\/sitkeys-seghet2025\/wp-content\/uploads\/sites\/278\/2025\/06\/Location-Arken2_1920px-1024x683.jpg 1024w, https:\/\/blogs2.abo.fi\/sitkeys-seghet2025\/wp-content\/uploads\/sites\/278\/2025\/06\/Location-Arken2_1920px-768x512.jpg 768w, https:\/\/blogs2.abo.fi\/sitkeys-seghet2025\/wp-content\/uploads\/sites\/278\/2025\/06\/Location-Arken2_1920px-1536x1024.jpg 1536w, https:\/\/blogs2.abo.fi\/sitkeys-seghet2025\/wp-content\/uploads\/sites\/278\/2025\/06\/Location-Arken2_1920px-1200x800.jpg 1200w, https:\/\/blogs2.abo.fi\/sitkeys-seghet2025\/wp-content\/uploads\/sites\/278\/2025\/06\/Location-Arken2_1920px.jpg 1920w\" sizes=\"auto, (max-width: 300px) 100vw, 300px\" \/>You can find a map of the rooms in Arken\u00a0<a href=\"https:\/\/www.abo.fi\/wp-content\/uploads\/2018\/09\/Arkenkarta.pdf\">here<\/a>.<\/p>\n<p>Distances: Market square 1.3 km, Turku main railway station 1.6 km, Kupittaa railway station 1.3 km with stairs and 1.6 without stairs, Bus station 1 km<\/p>\n<p>Guides for visitors can be found through <a href=\"https:\/\/en.visitturku.fi\/\">Visit Turku<\/a>.<\/p>\n","protected":false},"excerpt":{"rendered":"<p>P\u00e5 svenska | Suomeksi | In English Arrang\u00f6rer, kontaktuppgifter och konferensplats E-post: genusdagen25@gmail.com Arrang\u00f6rer: F\u00f6r dagarna ansvarar \u00e4mnena genusvetenskap vid \u00c5bo Universitet och \u00c5bo Akademi i samarbete med Sukupuolentutkimuksen seura \u2013 S\u00e4llskapet f\u00f6r genusforskning r.y. (SUNS) Arrang\u00f6rsgrupp: Anu Koivunen, Taru Lepp\u00e4nen, Lotta Palmgren, Riikka Taavetti Konferensen har erh\u00e5llit finansiering fr\u00e5n Stiftelsen f\u00f6r \u00c5bo Akademi Konferensplats: [&hellip;]<\/p>\n","protected":false},"author":981,"featured_media":0,"parent":0,"menu_order":0,"comment_status":"closed","ping_status":"closed","template":"","meta":{"footnotes":""},"class_list":["post-79","page","type-page","status-publish","hentry"],"_links":{"self":[{"href":"https:\/\/blogs2.abo.fi\/sitkeys-seghet2025\/wp-json\/wp\/v2\/pages\/79","targetHints":{"allow":["GET"]}}],"collection":[{"href":"https:\/\/blogs2.abo.fi\/sitkeys-seghet2025\/wp-json\/wp\/v2\/pages"}],"about":[{"href":"https:\/\/blogs2.abo.fi\/sitkeys-seghet2025\/wp-json\/wp\/v2\/types\/page"}],"author":[{"embeddable":true,"href":"https:\/\/blogs2.abo.fi\/sitkeys-seghet2025\/wp-json\/wp\/v2\/users\/981"}],"replies":[{"embeddable":true,"href":"https:\/\/blogs2.abo.fi\/sitkeys-seghet2025\/wp-json\/wp\/v2\/comments?post=79"}],"version-history":[{"count":18,"href":"https:\/\/blogs2.abo.fi\/sitkeys-seghet2025\/wp-json\/wp\/v2\/pages\/79\/revisions"}],"predecessor-version":[{"id":133,"href":"https:\/\/blogs2.abo.fi\/sitkeys-seghet2025\/wp-json\/wp\/v2\/pages\/79\/revisions\/133"}],"wp:attachment":[{"href":"https:\/\/blogs2.abo.fi\/sitkeys-seghet2025\/wp-json\/wp\/v2\/media?parent=79"}],"curies":[{"name":"wp","href":"https:\/\/api.w.org\/{rel}","templated":true}]}}