{"id":12,"date":"2025-05-12T08:20:01","date_gmt":"2025-05-12T08:20:01","guid":{"rendered":"https:\/\/blogs2.abo.fi\/sitkeys-seghet2025\/?page_id=12"},"modified":"2025-06-27T06:02:54","modified_gmt":"2025-06-27T06:02:54","slug":"sitkeys-seghet-persistance","status":"publish","type":"page","link":"https:\/\/blogs2.abo.fi\/sitkeys-seghet2025\/","title":{"rendered":"Seghet &#8211; Sitkeys &#8211; Persistance"},"content":{"rendered":"<p><a href=\"#svenska\">P\u00e5 svenska<\/a> | <a href=\"#finska\">Suomeksi <\/a> | <a href=\"#engelska\">In English<\/a><\/p>\n<p><img loading=\"lazy\" decoding=\"async\" class=\"alignnone size-medium wp-image-6\" src=\"http:\/\/blogs2.abo.fi\/sitkeys-seghet2025\/wp-content\/uploads\/sites\/278\/2025\/05\/BECFF77B-3BED-4AE4-933E-A5A081E5B3E2-300x300.jpeg\" alt=\"\" width=\"300\" height=\"300\" srcset=\"https:\/\/blogs2.abo.fi\/sitkeys-seghet2025\/wp-content\/uploads\/sites\/278\/2025\/05\/BECFF77B-3BED-4AE4-933E-A5A081E5B3E2-300x300.jpeg 300w, https:\/\/blogs2.abo.fi\/sitkeys-seghet2025\/wp-content\/uploads\/sites\/278\/2025\/05\/BECFF77B-3BED-4AE4-933E-A5A081E5B3E2-1024x1024.jpeg 1024w, https:\/\/blogs2.abo.fi\/sitkeys-seghet2025\/wp-content\/uploads\/sites\/278\/2025\/05\/BECFF77B-3BED-4AE4-933E-A5A081E5B3E2-150x150.jpeg 150w, https:\/\/blogs2.abo.fi\/sitkeys-seghet2025\/wp-content\/uploads\/sites\/278\/2025\/05\/BECFF77B-3BED-4AE4-933E-A5A081E5B3E2-768x768.jpeg 768w, https:\/\/blogs2.abo.fi\/sitkeys-seghet2025\/wp-content\/uploads\/sites\/278\/2025\/05\/BECFF77B-3BED-4AE4-933E-A5A081E5B3E2-1536x1536.jpeg 1536w, https:\/\/blogs2.abo.fi\/sitkeys-seghet2025\/wp-content\/uploads\/sites\/278\/2025\/05\/BECFF77B-3BED-4AE4-933E-A5A081E5B3E2-100x100.jpeg 100w, https:\/\/blogs2.abo.fi\/sitkeys-seghet2025\/wp-content\/uploads\/sites\/278\/2025\/05\/BECFF77B-3BED-4AE4-933E-A5A081E5B3E2.jpeg 2048w\" sizes=\"auto, (max-width: 300px) 100vw, 300px\" \/><\/p>\n<h3 id=\"svenska\">Seghet: genusforskningens dag 2025<\/h3>\n<p>Den nationella konferensen i genusvetenskap ordnas den 7.11.2025 under rubriken Seghet vid \u00c5bo universitet och \u00c5bo Akademi.\u200b<\/p>\n<p>De intensifierade och \u00f6verlappade kriser som vi upplever f\u00f6r tillf\u00e4llet visar p\u00e5 alla m\u00e4nniskors s\u00e5rbarhet. Dessutom visar kriserna att vi fortfarande befinner oss i olika positioner: en del har l\u00e4ttare att skydda sig och anpassa sig till nya omst\u00e4ndigheter, medan andra i redan br\u00e4ckliga situationer riskerar att bli \u00e4n mer utsatta. Samtidigt visar anhopningen av kriser p\u00e5 den otroliga segheten hos m\u00e4nniskor, samh\u00e4lle och t\u00e4nkande. Ofta \u00e4r det de mest s\u00e5rbara som \u00e4r tvungna att vara mest kreativa, samt under \u00e4ven sv\u00e5ra omst\u00e4ndigheter st\u00f6da andra, visa solidaritet och m\u00f6jligg\u00f6ra fortsatt liv.<\/p>\n<p>Tema f\u00f6r konferensen \u00e4r seghet, vilket inbegriper b\u00e5de individers, samh\u00e4llens och forskningens f\u00f6rm\u00e5ga att bibeh\u00e5lla sin vitalitet och fortg\u00e5 trots sv\u00e5righeter. Seghet granskas \u00e4ven utg\u00e5ende fr\u00e5n korsande oj\u00e4mlikheter: f\u00f6r vem \u00e4r seghet m\u00f6jligt, f\u00f6r vem \u00e4r seghet n\u00f6dv\u00e4ndigt och vem exkluderas i segheten. Under huvudtalarnas plenarf\u00f6redrag n\u00e4rmas seghet utifr\u00e5n crip- och transforskningens perspektiv. Dessutom diskuteras politiska och \u00f6vriga krisers inverkan p\u00e5 genusvetenskapens f\u00f6ruts\u00e4ttningar.<\/p>\n<p>&nbsp;<\/p>\n<h3 id=\"finska\">Sitkeys: Sukupuolentutkimuksen p\u00e4iv\u00e4 2025<\/h3>\n<p><span style=\"font-weight: 400\">Sukupuolentutkimuksen p\u00e4iv\u00e4 otsikolla Sitkeys j\u00e4rjestet\u00e4\u00e4n 7.11. 2025 Turun yliopistossa ja \u00c5bo Akademissa.<\/span><\/p>\n<p><span style=\"font-weight: 400\">Parhaillaan k\u00e4ynniss\u00e4 olevat k\u00e4rjistyv\u00e4t ja toisiinsa limittyv\u00e4t kriisit tuovat esiin kaikkien ihmisten haavoittuvuuden, mutta samalla sen, ett\u00e4 haavoittuvuudessammekin olemme erilaisissa asemissa: toisten on helpompi suojata itse\u00e4\u00e4n ja sopeutua uusiin olosuhteisiin, toisten jo valmiiksi hauraammat el\u00e4m\u00e4t ovat vaarassa muuttua kokonaan mahdottomiksi el\u00e4\u00e4. Toisaalta kriisien kasautuminen on osoittanut ihmisten, yhteis\u00f6jen ja ajattelun uskomattoman sitkeyden. Usein juuri ne, joiden asema on kaikkein haavoittuvin joutuvat olemaan kaikkein luovimpia ja tekem\u00e4\u00e4n vaikeissakin olosuhteissa toisten tukemisesta, solidaarisuudesta ja el\u00e4m\u00e4n jatkumisesta mahdollista.<\/span><\/p>\n<p><span style=\"font-weight: 400\">Sukupuolentutkimuksen p\u00e4ivien 2025 teemana on sitkeys, joka voi tarkoittaa niin yksil\u00f6iden, yhteis\u00f6jen kuin tutkimuksenkin kyky\u00e4 s\u00e4ilytt\u00e4\u00e4 elinvoimansa ja jatkua vaikeuksista huolimatta. Sitkeytt\u00e4 tarkastellaan my\u00f6s riste\u00e4vien eriarvoisuuksien n\u00e4k\u00f6kulmasta: kenelle sitkeys on mahdollista, kenelle se on pakko ja kuka j\u00e4\u00e4 sen ulkopuolelle? P\u00e4ivien p\u00e4\u00e4esitelmiss\u00e4 teemaa l\u00e4hestyt\u00e4\u00e4n crip-tutkimuksen ja transtutkimuksen n\u00e4k\u00f6kulmista sek\u00e4 pohditaan poliittisten ja muiden kriisien vaikutuksia sukupuolentutkimuksen edellytyksiin.<\/span><\/p>\n<h3 id=\"engelska\">Persistence: the gender research day 2025<\/h3>\n<p>The national conference in Gender Studies will be organised the 7th of November 2025 at University of Turku and \u00c5bo Akademi University.<\/p>\n<p>The intensified and overlapping crises we are currently experiencing show the vulnerability of all people. The crises also show that people are in different positions: some find it easier to protect themselves and adapt to new circumstances, while others in already fragile situations risk becoming even more vulnerable. At the same time, the accumulation of crises demonstrates the incredible resilience of people, society, and thinking. Often it is the most vulnerable who are forced to be the most creative and, even in difficult circumstances, support others, show solidarity and enable life to continue.<\/p>\n<p>The theme of the conference is persistance, which includes the ability of individuals, societies and research to maintain their vitality and continue despite difficulties. Persistance is also examined from the perspective of intersecting inequalities: for whom is persistance possible, for whom is it necessary, and who is excluded. In the plenary sessions of the keynote speakers, persistance is approached from the perspective of crip and trans research. In addition, the impact of political and other crises on the conditions of gender studies will be discussed.<\/p>\n","protected":false},"excerpt":{"rendered":"<p>P\u00e5 svenska | Suomeksi | In English Seghet: genusforskningens dag 2025 Den nationella konferensen i genusvetenskap ordnas den 7.11.2025 under rubriken Seghet vid \u00c5bo universitet och \u00c5bo Akademi.\u200b De intensifierade och \u00f6verlappade kriser som vi upplever f\u00f6r tillf\u00e4llet visar p\u00e5 alla m\u00e4nniskors s\u00e5rbarhet. Dessutom visar kriserna att vi fortfarande befinner oss i olika positioner: en [&hellip;]<\/p>\n","protected":false},"author":523,"featured_media":0,"parent":0,"menu_order":0,"comment_status":"closed","ping_status":"closed","template":"","meta":{"footnotes":""},"class_list":["post-12","page","type-page","status-publish","hentry"],"_links":{"self":[{"href":"https:\/\/blogs2.abo.fi\/sitkeys-seghet2025\/wp-json\/wp\/v2\/pages\/12","targetHints":{"allow":["GET"]}}],"collection":[{"href":"https:\/\/blogs2.abo.fi\/sitkeys-seghet2025\/wp-json\/wp\/v2\/pages"}],"about":[{"href":"https:\/\/blogs2.abo.fi\/sitkeys-seghet2025\/wp-json\/wp\/v2\/types\/page"}],"author":[{"embeddable":true,"href":"https:\/\/blogs2.abo.fi\/sitkeys-seghet2025\/wp-json\/wp\/v2\/users\/523"}],"replies":[{"embeddable":true,"href":"https:\/\/blogs2.abo.fi\/sitkeys-seghet2025\/wp-json\/wp\/v2\/comments?post=12"}],"version-history":[{"count":8,"href":"https:\/\/blogs2.abo.fi\/sitkeys-seghet2025\/wp-json\/wp\/v2\/pages\/12\/revisions"}],"predecessor-version":[{"id":84,"href":"https:\/\/blogs2.abo.fi\/sitkeys-seghet2025\/wp-json\/wp\/v2\/pages\/12\/revisions\/84"}],"wp:attachment":[{"href":"https:\/\/blogs2.abo.fi\/sitkeys-seghet2025\/wp-json\/wp\/v2\/media?parent=12"}],"curies":[{"name":"wp","href":"https:\/\/api.w.org\/{rel}","templated":true}]}}