{"id":6,"date":"2024-04-18T09:25:19","date_gmt":"2024-04-18T09:25:19","guid":{"rendered":"https:\/\/blogs2.abo.fi\/secure-bio-supply\/?page_id=6"},"modified":"2026-02-04T10:39:30","modified_gmt":"2026-02-04T08:39:30","slug":"allmant","status":"publish","type":"page","link":"https:\/\/blogs2.abo.fi\/secure-bio-supply\/allmant\/","title":{"rendered":"Allm\u00e4nt"},"content":{"rendered":"<p><b>Projektpartners och finansiering<\/b><\/p>\n<p>Projektpartners: \u00c5bo Akademi (huvudgenomf\u00f6rare), Yrkesh\u00f6gskolan Novia samt Skogscentralen. Projektet finansieras av fonden f\u00f6r r\u00e4ttvis omst\u00e4llning (FRO\/EU).<\/p>\n<p><b>Projektets spr\u00e5kpolicy<\/b><\/p>\n<p>I projektet arbetar vi p\u00e5 tre spr\u00e5k \u2013 svenska, finska och engelska. Det material vi producerar publiceras p\u00e5 det mest l\u00e4mpliga spr\u00e5ket och kommer bara i undantagsfall att \u00f6vers\u00e4ttas.<\/p>\n<p><b>Om bloggen<\/b><\/p>\n<p>Projektbloggen har skapats f\u00f6r att samla och sprida information om projektet. Bloggens ansvarsperson: Margareta Bj\u00f6rklund-S\u00e4nkiaho (margareta.bjorklund-sankiaho@abo.fi).<\/p>\n<p>Bloggen uppdateras \u00e4ven av\u00a0 Jessica Tuuf (jessica.tuuf@abo.fi)<\/p>\n<p>Projektets officiella hemsida hittas p\u00e5:<\/p>\n<blockquote class=\"wp-embedded-content\" data-secret=\"DzpYT1IVDC\"><p><a href=\"https:\/\/www.abo.fi\/centret-for-livslangt-larande\/utveckling-av-langtidsupplagring-av-fasta-biobranslen\/\">Utveckling av l\u00e5ngtidsupplagring av fasta biobr\u00e4nslen<\/a><\/p><\/blockquote>\n<p><iframe loading=\"lazy\" class=\"wp-embedded-content\" sandbox=\"allow-scripts\" security=\"restricted\" style=\"position: absolute; visibility: hidden;\" title=\"\u201dUtveckling av l\u00e5ngtidsupplagring av fasta biobr\u00e4nslen\u201d &ndash; \u00c5bo Akademi\" src=\"https:\/\/www.abo.fi\/centret-for-livslangt-larande\/utveckling-av-langtidsupplagring-av-fasta-biobranslen\/embed\/#?secret=0z9tced5XU#?secret=DzpYT1IVDC\" data-secret=\"DzpYT1IVDC\" width=\"584\" height=\"329\" frameborder=\"0\" marginwidth=\"0\" marginheight=\"0\" scrolling=\"no\"><\/iframe><\/p>\n<p><img loading=\"lazy\" decoding=\"async\" class=\"alignnone size-full wp-image-127\" src=\"http:\/\/blogs2.abo.fi\/secure-bio-supply\/wp-content\/uploads\/sites\/264\/2024\/09\/Logona.jpg\" alt=\"\" width=\"1489\" height=\"157\" srcset=\"https:\/\/blogs2.abo.fi\/secure-bio-supply\/wp-content\/uploads\/sites\/264\/2024\/09\/Logona.jpg 1489w, https:\/\/blogs2.abo.fi\/secure-bio-supply\/wp-content\/uploads\/sites\/264\/2024\/09\/Logona-300x32.jpg 300w, https:\/\/blogs2.abo.fi\/secure-bio-supply\/wp-content\/uploads\/sites\/264\/2024\/09\/Logona-1024x108.jpg 1024w, https:\/\/blogs2.abo.fi\/secure-bio-supply\/wp-content\/uploads\/sites\/264\/2024\/09\/Logona-768x81.jpg 768w, https:\/\/blogs2.abo.fi\/secure-bio-supply\/wp-content\/uploads\/sites\/264\/2024\/09\/Logona-500x53.jpg 500w\" sizes=\"auto, (max-width: 1489px) 100vw, 1489px\" \/><\/p>\n<p>&nbsp;<\/p>\n","protected":false},"excerpt":{"rendered":"<p>Projektpartners och finansiering Projektpartners: \u00c5bo Akademi (huvudgenomf\u00f6rare), Yrkesh\u00f6gskolan Novia samt Skogscentralen. Projektet finansieras av fonden f\u00f6r r\u00e4ttvis omst\u00e4llning (FRO\/EU). Projektets spr\u00e5kpolicy I projektet arbetar vi p\u00e5 tre spr\u00e5k \u2013 svenska, finska och engelska. Det material vi producerar publiceras p\u00e5 det &hellip; <a href=\"https:\/\/blogs2.abo.fi\/secure-bio-supply\/allmant\/\">Forts\u00e4tt l\u00e4sa <span class=\"meta-nav\">&rarr;<\/span><\/a><\/p>\n","protected":false},"author":567,"featured_media":0,"parent":0,"menu_order":0,"comment_status":"closed","ping_status":"closed","template":"","meta":{"footnotes":""},"class_list":["post-6","page","type-page","status-publish","hentry"],"_links":{"self":[{"href":"https:\/\/blogs2.abo.fi\/secure-bio-supply\/wp-json\/wp\/v2\/pages\/6","targetHints":{"allow":["GET"]}}],"collection":[{"href":"https:\/\/blogs2.abo.fi\/secure-bio-supply\/wp-json\/wp\/v2\/pages"}],"about":[{"href":"https:\/\/blogs2.abo.fi\/secure-bio-supply\/wp-json\/wp\/v2\/types\/page"}],"author":[{"embeddable":true,"href":"https:\/\/blogs2.abo.fi\/secure-bio-supply\/wp-json\/wp\/v2\/users\/567"}],"replies":[{"embeddable":true,"href":"https:\/\/blogs2.abo.fi\/secure-bio-supply\/wp-json\/wp\/v2\/comments?post=6"}],"version-history":[{"count":11,"href":"https:\/\/blogs2.abo.fi\/secure-bio-supply\/wp-json\/wp\/v2\/pages\/6\/revisions"}],"predecessor-version":[{"id":386,"href":"https:\/\/blogs2.abo.fi\/secure-bio-supply\/wp-json\/wp\/v2\/pages\/6\/revisions\/386"}],"wp:attachment":[{"href":"https:\/\/blogs2.abo.fi\/secure-bio-supply\/wp-json\/wp\/v2\/media?parent=6"}],"curies":[{"name":"wp","href":"https:\/\/api.w.org\/{rel}","templated":true}]}}