{"id":243,"date":"2021-02-09T15:14:22","date_gmt":"2021-02-09T13:14:22","guid":{"rendered":"http:\/\/blogs2.abo.fi\/reboot\/?page_id=243"},"modified":"2022-08-18T14:31:14","modified_gmt":"2022-08-18T11:31:14","slug":"valkommen","status":"publish","type":"page","link":"https:\/\/blogs2.abo.fi\/reboot\/","title":{"rendered":"V\u00c4LKOMMEN"},"content":{"rendered":"<p><strong>Vi vill fr\u00e4mja forskningskompetens om m\u00e4nniskors vardagsupplevelser, -milj\u00f6er och \u2013beteenden,<\/strong> med hj\u00e4lp av den mobilbaserade datainsamlingsmetoden Experience Sampling Measures (ESM). P\u00e5 v\u00e5ra webbsidor kan du l\u00e4sa mera om metoden, om vad vi gjort och vad vi planerar att g\u00f6ra.<\/p>\n<p><strong>\u00c4r du intresserad av samarbete i en eller annan form? <\/strong>Tveka inte att <a href=\"https:\/\/blogs2.abo.fi\/reboot\/kontakt\/\">kontakta<\/a> oss!<\/p>\n<p>Mvh,<br \/>\nPatrik S\u00f6derberg<br \/>\nProjektledare<\/p>\n","protected":false},"excerpt":{"rendered":"<p>Vi vill fr\u00e4mja forskningskompetens om m\u00e4nniskors vardagsupplevelser, -milj\u00f6er och \u2013beteenden, med hj\u00e4lp av den mobilbaserade datainsamlingsmetoden Experience Sampling Measures (ESM). P\u00e5 v\u00e5ra webbsidor kan du l\u00e4sa mera om metoden, om vad vi gjort och vad vi planerar att g\u00f6ra. \u00c4r du intresserad av samarbete i en eller annan form? Tveka inte att kontakta oss! Mvh, [&hellip;]<\/p>\n","protected":false},"author":575,"featured_media":0,"parent":0,"menu_order":0,"comment_status":"closed","ping_status":"closed","template":"page-templates\/front-page.php","meta":{"footnotes":""},"class_list":["post-243","page","type-page","status-publish","hentry"],"_links":{"self":[{"href":"https:\/\/blogs2.abo.fi\/reboot\/wp-json\/wp\/v2\/pages\/243","targetHints":{"allow":["GET"]}}],"collection":[{"href":"https:\/\/blogs2.abo.fi\/reboot\/wp-json\/wp\/v2\/pages"}],"about":[{"href":"https:\/\/blogs2.abo.fi\/reboot\/wp-json\/wp\/v2\/types\/page"}],"author":[{"embeddable":true,"href":"https:\/\/blogs2.abo.fi\/reboot\/wp-json\/wp\/v2\/users\/575"}],"replies":[{"embeddable":true,"href":"https:\/\/blogs2.abo.fi\/reboot\/wp-json\/wp\/v2\/comments?post=243"}],"version-history":[{"count":38,"href":"https:\/\/blogs2.abo.fi\/reboot\/wp-json\/wp\/v2\/pages\/243\/revisions"}],"predecessor-version":[{"id":467,"href":"https:\/\/blogs2.abo.fi\/reboot\/wp-json\/wp\/v2\/pages\/243\/revisions\/467"}],"wp:attachment":[{"href":"https:\/\/blogs2.abo.fi\/reboot\/wp-json\/wp\/v2\/media?parent=243"}],"curies":[{"name":"wp","href":"https:\/\/api.w.org\/{rel}","templated":true}]}}