{"id":13,"date":"2015-06-16T10:15:53","date_gmt":"2015-06-16T07:15:53","guid":{"rendered":"http:\/\/blogs2.abo.fi\/polku\/?page_id=13"},"modified":"2017-11-30T14:40:44","modified_gmt":"2017-11-30T11:40:44","slug":"hanke","status":"publish","type":"page","link":"https:\/\/blogs2.abo.fi\/polku\/hanke\/","title":{"rendered":"Hanke"},"content":{"rendered":"<p><em>Kansainv\u00e4liset opiskelijalahjakkuudet voimavarana<\/em> &#8211; hankkeen tavoitteena on luoda koordinoitu palvelupolku Turun alueen kansainv\u00e4lisille opiskelijoille ja tukea heit\u00e4 eri siirtym\u00e4vaiheissa pyrkimyksen\u00e4 integroida heid\u00e4t ty\u00f6el\u00e4m\u00e4\u00e4n, yhteiskuntaan ja yritt\u00e4jyyteen aikaisessa vaiheessa.<\/p>\n<p>Jos ole kiinnostunut tulevista POLKU tapahtumista ilmoita yhteystietosi meille:<br \/>\n<a href=\"https:\/\/survey.abo.fi\/lomakkeet\/7037\/lomake.html\" target=\"_blank\" rel=\"noopener\">Kiinnostuksen ilmoittaminen POLKU hankkeeseen<\/a><\/p>\n<p>Hankkeessa ovat mukana partnereina korkeakoulut \u00c5bo Akademi, Turun Yliopisto ja Turun ammattikorkeakoulu sek\u00e4 Turun kaupunki ja Siirtolaisuusinstituutti, jotka tarjoavat t\u00e4ll\u00e4kin hetkell\u00e4 kansainv\u00e4lisille opiskelijoille erilaisia palveluja, joita hankkeessa on tarkoitus koordinoida kesken\u00e4\u00e4n, tehostaa ja kehitt\u00e4\u00e4 ty\u00f6el\u00e4m\u00e4l\u00e4ht\u00f6isemmiksi.<\/p>\n<p>Siirtolaisuusinstituutilla on k\u00e4ytett\u00e4viss\u00e4\u00e4n tilastoja ja tietoa\u00a0 kansainv\u00e4listen opiskelijoiden ja korkeasti koulutettujen maahanmuuttajien sijoittumisesta ty\u00f6el\u00e4m\u00e4\u00e4n eri puolilla Suomea, ja analysoimalla t\u00e4t\u00e4 tietoa korkeakoulut ja Turun kaupunki voivat yhdess\u00e4 luoda entist\u00e4 toimivamman palvelupolun.<\/p>\n<p>Hankkeen tavoitteet.<\/p>\n<ul>\n<li>tukee siirtym\u00e4vaiheita korkeakouluun tultaessa ja sielt\u00e4 ty\u00f6el\u00e4m\u00e4\u00e4n siirrytt\u00e4ess\u00e4<\/li>\n<li>kehitt\u00e4\u00e4 ty\u00f6el\u00e4m\u00e4n ja koulutuksen vuorovaikutusta<\/li>\n<li>vahvistaa yritt\u00e4jyys- ja ty\u00f6el\u00e4m\u00e4taitoja<\/li>\n<li>tehostaa ohjauspalveluja ja kehitt\u00e4\u00e4 suomen kielen ja kulttuurin tuntemusta<\/li>\n<li>edist\u00e4\u00e4 kansainv\u00e4listen opiskelijoiden ty\u00f6llistyminen erityisesti Varsinais-Suomeen<\/li>\n<li>lis\u00e4\u00e4 suomalaisten yritysten ja organisaatioiden kansainv\u00e4listymist\u00e4 ja kyky\u00e4 hy\u00f6dynt\u00e4\u00e4 kansainv\u00e4lisi\u00e4 lahjakkuuksia<\/li>\n<\/ul>\n<p><strong>Hankejakso<\/strong>: 1.6.2015-31.5.2018<\/p>\n<h5><strong>Hankkeen ohjausryhm\u00e4<br \/>\n<\/strong><\/h5>\n<ul>\n<li><em>Gurli-Maria Gardberg,<\/em> \u00c5bo Akademi (puheenjohtaja)<\/li>\n<li><em>Anssi Kaisti<\/em>, Turun kaupunki<\/li>\n<li><em>Erkki H\u00e4rk\u00f6nen<\/em>, \u00c5bo universitet<\/li>\n<li><em>Anu H\u00e4rk\u00f6nen<\/em>, Turun ammattikorkeakoulu<\/li>\n<li><em>Jari Kauppila<\/em>, Team Finland\/ELY-keskus (vara puheenjohtaja)<\/li>\n<li><em>Satu Nurmi<\/em>, TYY<\/li>\n<li><em>Timo Ruoko<\/em>, Insin\u00f6\u00f6riliitto<\/li>\n<li><em>Tuomas Martikainen<\/em>, Siirtolaisuusinstituutti<\/li>\n<li><em>Kosar Mahmood<\/em>, asiantuntija<\/li>\n<\/ul>\n<p><strong>Seuraavat asiantuntijat kutsutaan ohjausryhm\u00e4n kokouksiin:<\/strong><\/p>\n<ul>\n<li><em>Minna Koivukangas<\/em>, ELY-keskus<\/li>\n<li><em>Jan Kraufvelin<\/em> (\u00c5A\/Arbetsforum)<\/li>\n<li><em>Annika St\u00e5lfors<\/em> (\u00c5A\/CLL)<\/li>\n<\/ul>\n<p><strong>Esittelij\u00e4n\u00e4 ja sihteerin\u00e4 toimii:<\/strong><\/p>\n<ul>\n<li>hankekoordinaattori <em>Mona Riska<\/em> (\u00c5A\/CLL)<\/li>\n<\/ul>\n","protected":false},"excerpt":{"rendered":"<p>Kansainv\u00e4liset opiskelijalahjakkuudet voimavarana &#8211; hankkeen tavoitteena on luoda koordinoitu palvelupolku Turun alueen kansainv\u00e4lisille opiskelijoille ja tukea heit\u00e4 eri siirtym\u00e4vaiheissa pyrkimyksen\u00e4 integroida heid\u00e4t ty\u00f6el\u00e4m\u00e4\u00e4n, yhteiskuntaan ja yritt\u00e4jyyteen aikaisessa vaiheessa. Jos ole kiinnostunut tulevista POLKU tapahtumista ilmoita yhteystietosi meille: Kiinnostuksen ilmoittaminen POLKU hankkeeseen Hankkeessa ovat mukana partnereina korkeakoulut \u00c5bo Akademi, Turun Yliopisto ja Turun ammattikorkeakoulu sek\u00e4 Turun &hellip; <a href=\"https:\/\/blogs2.abo.fi\/polku\/hanke\/\" class=\"more-link\">Forts\u00e4tt l\u00e4sa <span class=\"screen-reader-text\">Hanke<\/span> <span class=\"meta-nav\">&rarr;<\/span><\/a><\/p>\n","protected":false},"author":81,"featured_media":0,"parent":0,"menu_order":0,"comment_status":"closed","ping_status":"closed","template":"","meta":{"footnotes":""},"class_list":["post-13","page","type-page","status-publish","hentry"],"_links":{"self":[{"href":"https:\/\/blogs2.abo.fi\/polku\/wp-json\/wp\/v2\/pages\/13","targetHints":{"allow":["GET"]}}],"collection":[{"href":"https:\/\/blogs2.abo.fi\/polku\/wp-json\/wp\/v2\/pages"}],"about":[{"href":"https:\/\/blogs2.abo.fi\/polku\/wp-json\/wp\/v2\/types\/page"}],"author":[{"embeddable":true,"href":"https:\/\/blogs2.abo.fi\/polku\/wp-json\/wp\/v2\/users\/81"}],"replies":[{"embeddable":true,"href":"https:\/\/blogs2.abo.fi\/polku\/wp-json\/wp\/v2\/comments?post=13"}],"version-history":[{"count":15,"href":"https:\/\/blogs2.abo.fi\/polku\/wp-json\/wp\/v2\/pages\/13\/revisions"}],"predecessor-version":[{"id":589,"href":"https:\/\/blogs2.abo.fi\/polku\/wp-json\/wp\/v2\/pages\/13\/revisions\/589"}],"wp:attachment":[{"href":"https:\/\/blogs2.abo.fi\/polku\/wp-json\/wp\/v2\/media?parent=13"}],"curies":[{"name":"wp","href":"https:\/\/api.w.org\/{rel}","templated":true}]}}