{"id":8,"date":"2018-08-23T11:36:53","date_gmt":"2018-08-23T11:36:53","guid":{"rendered":"http:\/\/blogs2.abo.fi\/peda-forum2018\/?page_id=8"},"modified":"2018-09-08T08:17:59","modified_gmt":"2018-09-08T08:17:59","slug":"rinnakkaissessio-2-parallel-session-2","status":"publish","type":"page","link":"https:\/\/blogs2.abo.fi\/peda-forum2018\/rinnakkaissessio-2-parallel-session-2\/","title":{"rendered":"Rinnakkaissessio 2 &nbsp; &nbsp; &nbsp; &nbsp; Parallel sessions 2"},"content":{"rendered":"<h2>Teemaryhm\u00e4 2A:<br \/>\nKorkeakouluopiskelijoiden ty\u00f6ss\u00e4oppiminen<\/h2>\n<p><strong>1. 7 Millaisia ty\u00f6el\u00e4m\u00e4taitoja yritykset odottavat vastavalmistuneilta?\u00a0<a href=\"http:\/\/blogs2.abo.fi\/peda-forum2018\/wp-content\/uploads\/sites\/102\/2018\/08\/2A-Eila-Pajarre.pdf\" target=\"_blank\" rel=\"noopener\">(PDF)<\/a><\/strong><br \/>\nEsitt\u00e4j\u00e4t: Eila Pajarre &amp; Veli-Pekka Pyrh\u00f6nen, Tampereen teknillinen yliopisto<\/p>\n<p><strong>2. 19 Ty\u00f6suhteessa tapahtuva harjoittelu, oppimisen monet muodot<\/strong><br \/>\nEsitt\u00e4j\u00e4t: Tiina Tarr, Varsinais-Suomen sairaanhoitopiiri<\/p>\n<p><strong>3. 85 Ty\u00f6el\u00e4m\u00e4l\u00e4heisyys humanistisen alan koulutuksessa: k\u00e4yt\u00e4nn\u00f6n kokemuksia ty\u00f6el\u00e4m\u00e4opintojen sulauttamisesta opetussuunnitelmaan<\/strong><br \/>\nEsitt\u00e4j\u00e4t: Henna-Riikka Peltola, Jyv\u00e4skyl\u00e4n yliopisto<\/p>\n<p><strong>4. 160 Oppisopimustyyppiset koulutukset korkeakoulutettujen osaamisen kehitt\u00e4misess\u00e4 &#8211; Kansallisten j\u00e4rjestelmien erityispiirteit\u00e4 Euroopassa<\/strong><br \/>\nEsitt\u00e4j\u00e4t: Sari Stenvall-Virtanen &amp; Heli Trapp, Turun yliopisto<\/p>\n<p>&nbsp;<\/p>\n<h2>Teemaryhm\u00e4 2B:<br \/>\nOpettajankoulutusta uudistamassa<\/h2>\n<p><strong>1. 62 Opettajankoulutus uudistuu &#8211; yhteisty\u00f6ll\u00e4 kohti uutta luovaa osaamista\u00a0<a href=\"http:\/\/blogs2.abo.fi\/peda-forum2018\/wp-content\/uploads\/sites\/102\/2018\/08\/2B-Armi-Mikkola.pdf\" target=\"_blank\" rel=\"noopener\">(PDF)<\/a><br \/>\n<\/strong>Esitt\u00e4j\u00e4t: Armi Mikkola, Sanna Vahtivuori-H\u00e4nninen, Tiina Silander, Pauliina Kupila &amp; Nina Parkkulainen, Opetus- ja kulttuuriministeri\u00f6, &amp; Jari Lavonen, Helsingin yliopisto, &amp; Seija Mahlam\u00e4ki-Kultanen, H\u00e4meen ammattikorkeakoulu, &amp; P\u00e4ivi Lyhyk\u00e4inen Opetusalan ammattij\u00e4rjest\u00f6, &amp; Antti Ikonen, Suomen rehtorit ry<\/p>\n<p><strong>2. 89 Uutta luova opettajankoulutus &#8211; Sulautuvat oppimisymp\u00e4rist\u00f6t: Miten kehitt\u00e4\u00e4 ja k\u00e4ytt\u00e4\u00e4 uudenlaisia oppimisymp\u00e4rist\u00f6j\u00e4 opettajankoulutuksen kontekstissa<br \/>\n<\/strong>Esitt\u00e4j\u00e4t: Heidi Lammassaari &amp; Milla Kruskopf, Helsingin yliopisto<\/p>\n<p><strong>3. 127 Kohti matematiikan opettajuutta -aineenopettajaopiskelijoille suunnatut matematiikan opintojaksot\u00a0<a href=\"http:\/\/blogs2.abo.fi\/peda-forum2018\/wp-content\/uploads\/sites\/102\/2018\/08\/2B-SimoAli-LoyttyTerhiKaarakkaElinaViro.pdf\" target=\"_blank\" rel=\"noopener\">(PDF)<\/a><br \/>\n<\/strong>Esitt\u00e4j\u00e4t: Simo Ali-L\u00f6ytty, Terhi Kaarakka &amp; Elina Viro, Tampereen teknillinen yliopisto<\/p>\n<p><strong>4. 151 Leikillinen oppiminen matematiikan pedagogiikan opetuksessa Helsingin yliopiston lastentarhanopettajankoulutuksessa <span style=\"color: #800000;\">(esitys ei saatavilla)<\/span><br \/>\n<\/strong>Esitt\u00e4j\u00e4t: Jonna Kangas &amp; Jari-Matti Vuorio, Helsingin yliopisto<\/p>\n<p>&nbsp;<\/p>\n<h2>Teemaryhm\u00e4 2C:<br \/>\nOpetusta verkossa &#8211; kokemuksia ja tutkimustuloksia<\/h2>\n<p><strong>1. 9 Lunastaako MOOC lupauksensa? &#8211; kokemuksia tiedonhankinnan kaikille avoimen verkkokurssin kehitt\u00e4misest\u00e4\u00a0<a href=\"http:\/\/blogs2.abo.fi\/peda-forum2018\/wp-content\/uploads\/sites\/102\/2018\/08\/2C-Kati-Syvalahti.pdf\" target=\"_blank\" rel=\"noopener\">(PDF)<\/a><br \/>\n<\/strong>Esitt\u00e4j\u00e4t: Kati Syv\u00e4lahti &amp; Minna Suikka, Helsingin yliopisto<\/p>\n<p><strong>2. 29 Opetusvideot osana opetusta<br \/>\n<\/strong>Esitt\u00e4j\u00e4t: Taina Joutsenvirta, Helsingin yliopisto<\/p>\n<p><strong>3. 102 Opiskelijoiden itsens\u00e4 johtamisen ja ajanhallinnan taidot vieraskielisen viestinn\u00e4n verkkokurssilla<br \/>\n<\/strong>Esitt\u00e4j\u00e4t: Tiina M\u00e4nnikk\u00f6, Christine Horton &amp; Kaisa Alanen, Tampereen yliopisto<\/p>\n<p><strong>4. 43 P\u00e5 skilda h\u00e5ll, men tillsammans, s\u00e5 l\u00e4r vi oss &#8211; Online-l\u00e4rande i kursmodulen Making Sense of Leadership\u00a0<a href=\"http:\/\/blogs2.abo.fi\/peda-forum2018\/wp-content\/uploads\/sites\/102\/2018\/08\/2C-Tigerstedt-Forss.pdf\" target=\"_blank\" rel=\"noopener\">(PDF)<\/a><br \/>\n<\/strong>Esitt\u00e4j\u00e4t: Christa Tigerstedt, Maria Forss, Arcada<\/p>\n<p>&nbsp;<\/p>\n<h2>Teemaryhm\u00e4 2D:<br \/>\nValmentavaa opetusta ja tieteiden v\u00e4list\u00e4 yhteisty\u00f6t\u00e4<\/h2>\n<p><strong>1. 26 Korkeakouluopintoihin valmentava koulutus edist\u00e4m\u00e4ss\u00e4 maahanmuuttajien etenemist\u00e4 ammattikorkeakoulu- ja yliopisto-opintoihin<br \/>\n<\/strong>Esitt\u00e4j\u00e4t: Mervi Takaeilola &amp; Sirpa Rajala, Turun ammattikorkeakoulu<\/p>\n<p><strong>2. 94 Kokemuksia ja havaintoja teekkareille suunnatusta matematiikan ja fysiikan preppauksesta\u00a0<a href=\"http:\/\/blogs2.abo.fi\/peda-forum2018\/wp-content\/uploads\/sites\/102\/2018\/08\/2D_Anne_Hietava_ja_Eetu_Heikkinen.pdf\" target=\"_blank\" rel=\"noopener\">(PDF)<\/a><br \/>\n<\/strong>Esitt\u00e4j\u00e4t: Anne Hietava &amp; Eetu-Pekka Heikkinen, Oulun yliopisto<\/p>\n<p><strong>3. 12 Kun l\u00e4\u00e4k\u00e4ri- ja insin\u00f6\u00f6riopiskelijat kohtasivat. Kokemuksia terveysteknologian moniammatilliselta pilottikurssilta\u00a0<a href=\"http:\/\/blogs2.abo.fi\/peda-forum2018\/wp-content\/uploads\/sites\/102\/2018\/08\/2D_Kuitunen_Kun-l\u00e4\u00e4k\u00e4ri-ja-insin\u00f6\u00f6riopiskelijat-kohtasivat_PedaForum.pdf\" target=\"_blank\" rel=\"noopener\">(PDF)<\/a><br \/>\n<\/strong>Esitt\u00e4j\u00e4t: Sari Kuitunen, Turun yliopisto<\/p>\n<p><strong>4. 133 Millaisia l\u00e4hestymistapoja opettamiseen ja oppimiseen on eri aloilta ja kulttuureista tulevilla yliopisto-opettajilla &#8211; tarkastelussa reflektiiviset esseet<br \/>\n<\/strong>Esitt\u00e4j\u00e4t: Maire Syrj\u00e4kari &amp; Maija Lampinen, Aalto-yliopisto<\/p>\n<p>&nbsp;<\/p>\n<h2>Theme Session 2E (in English):<br \/>\nWorking Life and Education &#8211; Models and Practices<\/h2>\n<p><strong>1. 107 Co-configurative Approach to Digital Literacy in Higher Education<br \/>\n<\/strong>Presenters: Olli Vesterinen, Diaconia University of Applied Sciences<\/p>\n<p><strong>2. 35 A Group-Forming Algorithm\u00a0<a href=\"http:\/\/blogs2.abo.fi\/peda-forum2018\/wp-content\/uploads\/sites\/102\/2018\/08\/2E-John-Millar-and-Kirsti-Keltikangas.pdf\" target=\"_blank\" rel=\"noopener\">(PDF)<\/a><br \/>\n<\/strong>Presenters: John Millar &amp; Kirsti Keltikangas, Aalto University<\/p>\n<p><strong>3. 125 Preparing HE students for their professional futures. A model of confluence of digital literacies, expertise and personal learning environments\/networks.<br \/>\n<\/strong>Presenters: Ilona Laakkonen, JAMK University of Applied Sciences<\/p>\n<p><strong>4. 64 Develoment project: &#8220;Identifying and developing one\u2019s expert identity during the studies&#8221;\u00a0<a href=\"http:\/\/blogs2.abo.fi\/peda-forum2018\/wp-content\/uploads\/sites\/102\/2018\/08\/2E-Henna-Leino.pdf\" target=\"_blank\" rel=\"noopener\">(PDF)<\/a><br \/>\n<\/strong>Presenters: Henna Leino, University of Turku<\/p>\n<p>&nbsp;<\/p>\n<h2>Theme Session 2F (in English):<br \/>\nPedagogical Leadership and Guidance<\/h2>\n<p><strong>1. 40 Particularities of the future-oriented educational practices in different regions: a comparative analysis for a teaching and guidance<br \/>\n<\/strong>Presenters: Tatiana Yakubovskaya, Tampere University of Applied Sciences<\/p>\n<p><strong>2. 72 Creating student-centred quality management \u2013 lessons learned from FINEEC audits\u00a0<a href=\"http:\/\/blogs2.abo.fi\/peda-forum2018\/wp-content\/uploads\/sites\/102\/2018\/08\/2F-Touko-Apajalahti.pdf\" target=\"_blank\" rel=\"noopener\">(PDF)<\/a><br \/>\n<\/strong>Presenters: Touko Apajalahti, Finnish Education Evaluation Centre<\/p>\n<p><strong>3. 143 Developing reflexivity through first, second and third-person action research: implications for pedagogical leadership<br \/>\n<\/strong>Presenters: Marise Lehto, University of Turku<\/p>\n<p><strong>4. 30 Academic Advising &#8211; Institutional Approach for Implementing a Comprehensive System at a Finnish University <a href=\"http:\/\/blogs2.abo.fi\/peda-forum2018\/wp-content\/uploads\/sites\/102\/2018\/09\/2F_Presentation4_KivimakiV_and_MeriluotoS-2.pdf\" target=\"_blank\" rel=\"noopener\">\u200b(PDF)<\/a><br \/>\n<\/strong>Presenters: Ville Kivim\u00e4ki &amp; Saara Meriluoto, Aalto University<\/p>\n","protected":false},"excerpt":{"rendered":"<p>Teemaryhm\u00e4 2A: Korkeakouluopiskelijoiden ty\u00f6ss\u00e4oppiminen 1. 7 Millaisia ty\u00f6el\u00e4m\u00e4taitoja yritykset odottavat vastavalmistuneilta?\u00a0(PDF) Esitt\u00e4j\u00e4t: Eila Pajarre &amp; Veli-Pekka Pyrh\u00f6nen, Tampereen teknillinen yliopisto 2. 19 Ty\u00f6suhteessa tapahtuva harjoittelu, oppimisen monet muodot Esitt\u00e4j\u00e4t: Tiina Tarr, Varsinais-Suomen sairaanhoitopiiri 3. 85 Ty\u00f6el\u00e4m\u00e4l\u00e4heisyys humanistisen alan koulutuksessa: k\u00e4yt\u00e4nn\u00f6n kokemuksia ty\u00f6el\u00e4m\u00e4opintojen sulauttamisesta opetussuunnitelmaan Esitt\u00e4j\u00e4t: Henna-Riikka Peltola, Jyv\u00e4skyl\u00e4n yliopisto 4. 160 Oppisopimustyyppiset koulutukset korkeakoulutettujen osaamisen &hellip; <a href=\"https:\/\/blogs2.abo.fi\/peda-forum2018\/rinnakkaissessio-2-parallel-session-2\/\" class=\"more-link\">Continue reading <span class=\"screen-reader-text\">Rinnakkaissessio 2 &nbsp; &nbsp; &nbsp; &nbsp; Parallel sessions 2<\/span> <span class=\"meta-nav\">&rarr;<\/span><\/a><\/p>\n","protected":false},"author":422,"featured_media":0,"parent":0,"menu_order":0,"comment_status":"closed","ping_status":"closed","template":"","meta":{"footnotes":""},"class_list":["post-8","page","type-page","status-publish","hentry"],"_links":{"self":[{"href":"https:\/\/blogs2.abo.fi\/peda-forum2018\/wp-json\/wp\/v2\/pages\/8","targetHints":{"allow":["GET"]}}],"collection":[{"href":"https:\/\/blogs2.abo.fi\/peda-forum2018\/wp-json\/wp\/v2\/pages"}],"about":[{"href":"https:\/\/blogs2.abo.fi\/peda-forum2018\/wp-json\/wp\/v2\/types\/page"}],"author":[{"embeddable":true,"href":"https:\/\/blogs2.abo.fi\/peda-forum2018\/wp-json\/wp\/v2\/users\/422"}],"replies":[{"embeddable":true,"href":"https:\/\/blogs2.abo.fi\/peda-forum2018\/wp-json\/wp\/v2\/comments?post=8"}],"version-history":[{"count":27,"href":"https:\/\/blogs2.abo.fi\/peda-forum2018\/wp-json\/wp\/v2\/pages\/8\/revisions"}],"predecessor-version":[{"id":354,"href":"https:\/\/blogs2.abo.fi\/peda-forum2018\/wp-json\/wp\/v2\/pages\/8\/revisions\/354"}],"wp:attachment":[{"href":"https:\/\/blogs2.abo.fi\/peda-forum2018\/wp-json\/wp\/v2\/media?parent=8"}],"curies":[{"name":"wp","href":"https:\/\/api.w.org\/{rel}","templated":true}]}}