{"id":832,"date":"2022-06-17T11:38:43","date_gmt":"2022-06-17T08:38:43","guid":{"rendered":"https:\/\/blogs2.abo.fi\/ovningsdaghem\/?page_id=832"},"modified":"2024-06-25T09:29:53","modified_gmt":"2024-06-25T06:29:53","slug":"gustavsborgs-daghem","status":"publish","type":"page","link":"https:\/\/blogs2.abo.fi\/ovningsdaghem\/gustavsborgs-daghem\/","title":{"rendered":"Gustavsborgs daghem"},"content":{"rendered":"<h1><img loading=\"lazy\" decoding=\"async\" class=\"alignnone wp-image-833 size-full\" src=\"http:\/\/blogs2.abo.fi\/ovningsdaghem\/wp-content\/uploads\/sites\/159\/2022\/06\/GB.jpg\" alt=\"\" width=\"498\" height=\"332\" srcset=\"https:\/\/blogs2.abo.fi\/ovningsdaghem\/wp-content\/uploads\/sites\/159\/2022\/06\/GB.jpg 498w, https:\/\/blogs2.abo.fi\/ovningsdaghem\/wp-content\/uploads\/sites\/159\/2022\/06\/GB-300x200.jpg 300w\" sizes=\"auto, (max-width: 498px) 100vw, 498px\" \/><\/h1>\n<h1>Gustavsborgs daghem<\/h1>\n<p><strong>Daghemmets ort: <\/strong>Vasa stad<\/p>\n<p><strong>Daghemmets storlek:<\/strong><\/p>\n<p>P\u00e5 daghemmet finns fem avdelningar:<\/p>\n<p>Sm\u00f6rblomman 1-3 \u00e5ringar<\/p>\n<p>Bl\u00e5klockan 3-5 \u00e5ringar<\/p>\n<p>Tussilago 3-5 \u00e5ringar<\/p>\n<p>Vitsippan 6 \u00e5ringar<\/p>\n<p>Bl\u00e5sippan 6 \u00e5ringar<\/p>\n<p><strong>Vi verkar p\u00e5 f\u00f6ljande spr\u00e5k: <\/strong> Svenska<\/p>\n<p><strong>V\u00e5r pedagogiska grundsyn:<\/strong> Gustavsborgs daghems verksamhetside \u00e4r att: \u201cVi vill ge barnen m\u00f6jlighet till en trygg, gl\u00e4djerik och stimulerande milj\u00f6. Personalen str\u00e4var till att se det enskilda barnet samt uppmuntrar till sj\u00e4lvst\u00e4ndighet, f\u00f6retagsamhet och positivitet.\u201d<\/p>\n<p><strong>V\u00e5r pedagogik :<\/strong><br \/>\nTyngdpunktsomr\u00e5den:<br \/>\n\u2013 Milj\u00f6t\u00e4nkande<br \/>\n\u2013 Vi st\u00e4rker \u2013 vi andan p\u00e5 daghemmet<br \/>\n\u2013 Leken<\/p>\n<p><strong>Varf\u00f6r ska studerande g\u00f6ra praktik p\u00e5 v\u00e5rt daghem?: <\/strong> Taget fr\u00e5n f\u00f6r\u00e4ldrautv\u00e4rderingen: \u201cVi \u00e4r oerh\u00f6rt imponerade av att personalen p\u00e5 Gustavsborg hinner iakta varje enskilt barn som individ samtidigt som de har en fin sammanh\u00e5llning i gruppen. P\u00e5 Gustavsborgs daghem m\u00e4rker man att barnen inte bara har en plats att tillbringa dagen p\u00e5, utan ett st\u00e4lle d\u00e4r man l\u00e4r sig nya saker och utforska v\u00e4rlden runt omkring.\u201d<\/p>\n<p><strong>Vi kan erbjuda boende f\u00f6r den studerande under praktiktiden: <\/strong>Nej<\/p>\n<p><strong>Vi kan hj\u00e4lpa till att s\u00f6ka boende f\u00f6r den studerande under praktiktiden: <\/strong>Nej<\/p>\n","protected":false},"excerpt":{"rendered":"<p>Gustavsborgs daghem Daghemmets ort: Vasa stad Daghemmets storlek: P\u00e5 daghemmet finns fem avdelningar: Sm\u00f6rblomman 1-3 \u00e5ringar Bl\u00e5klockan 3-5 \u00e5ringar Tussilago 3-5 \u00e5ringar Vitsippan 6 \u00e5ringar Bl\u00e5sippan 6 \u00e5ringar Vi verkar p\u00e5 f\u00f6ljande spr\u00e5k: Svenska V\u00e5r pedagogiska grundsyn: Gustavsborgs daghems verksamhetside \u00e4r att: \u201cVi vill ge barnen m\u00f6jlighet till en trygg, gl\u00e4djerik och stimulerande milj\u00f6. Personalen &hellip; <a href=\"https:\/\/blogs2.abo.fi\/ovningsdaghem\/gustavsborgs-daghem\/\" class=\"more-link\">Forts\u00e4tt l\u00e4sa <span class=\"screen-reader-text\">Gustavsborgs daghem<\/span><\/a><\/p>\n","protected":false},"author":707,"featured_media":0,"parent":0,"menu_order":0,"comment_status":"closed","ping_status":"closed","template":"","meta":{"footnotes":""},"class_list":["post-832","page","type-page","status-publish","hentry"],"_links":{"self":[{"href":"https:\/\/blogs2.abo.fi\/ovningsdaghem\/wp-json\/wp\/v2\/pages\/832","targetHints":{"allow":["GET"]}}],"collection":[{"href":"https:\/\/blogs2.abo.fi\/ovningsdaghem\/wp-json\/wp\/v2\/pages"}],"about":[{"href":"https:\/\/blogs2.abo.fi\/ovningsdaghem\/wp-json\/wp\/v2\/types\/page"}],"author":[{"embeddable":true,"href":"https:\/\/blogs2.abo.fi\/ovningsdaghem\/wp-json\/wp\/v2\/users\/707"}],"replies":[{"embeddable":true,"href":"https:\/\/blogs2.abo.fi\/ovningsdaghem\/wp-json\/wp\/v2\/comments?post=832"}],"version-history":[{"count":4,"href":"https:\/\/blogs2.abo.fi\/ovningsdaghem\/wp-json\/wp\/v2\/pages\/832\/revisions"}],"predecessor-version":[{"id":1047,"href":"https:\/\/blogs2.abo.fi\/ovningsdaghem\/wp-json\/wp\/v2\/pages\/832\/revisions\/1047"}],"wp:attachment":[{"href":"https:\/\/blogs2.abo.fi\/ovningsdaghem\/wp-json\/wp\/v2\/media?parent=832"}],"curies":[{"name":"wp","href":"https:\/\/api.w.org\/{rel}","templated":true}]}}