{"id":734,"date":"2021-10-06T14:39:36","date_gmt":"2021-10-06T11:39:36","guid":{"rendered":"https:\/\/blogs2.abo.fi\/ovningsdaghem\/?page_id=734"},"modified":"2024-09-03T08:11:01","modified_gmt":"2024-09-03T05:11:01","slug":"kvevlax-larcenters-forskola","status":"publish","type":"page","link":"https:\/\/blogs2.abo.fi\/ovningsdaghem\/kvevlax-larcenters-forskola\/","title":{"rendered":"Kvevlax l\u00e4rcenters f\u00f6rskola"},"content":{"rendered":"<h1><img loading=\"lazy\" decoding=\"async\" class=\"alignnone size-medium wp-image-735\" src=\"http:\/\/blogs2.abo.fi\/ovningsdaghem\/wp-content\/uploads\/sites\/159\/2021\/10\/Kvevlax3-300x225.jpg\" alt=\"\" width=\"300\" height=\"225\" srcset=\"https:\/\/blogs2.abo.fi\/ovningsdaghem\/wp-content\/uploads\/sites\/159\/2021\/10\/Kvevlax3-300x225.jpg 300w, https:\/\/blogs2.abo.fi\/ovningsdaghem\/wp-content\/uploads\/sites\/159\/2021\/10\/Kvevlax3-1024x768.jpg 1024w, https:\/\/blogs2.abo.fi\/ovningsdaghem\/wp-content\/uploads\/sites\/159\/2021\/10\/Kvevlax3-768x576.jpg 768w, https:\/\/blogs2.abo.fi\/ovningsdaghem\/wp-content\/uploads\/sites\/159\/2021\/10\/Kvevlax3-1536x1152.jpg 1536w, https:\/\/blogs2.abo.fi\/ovningsdaghem\/wp-content\/uploads\/sites\/159\/2021\/10\/Kvevlax3-2048x1536.jpg 2048w, https:\/\/blogs2.abo.fi\/ovningsdaghem\/wp-content\/uploads\/sites\/159\/2021\/10\/Kvevlax3-624x468.jpg 624w\" sizes=\"auto, (max-width: 300px) 100vw, 300px\" \/><br \/>\nKvevlax l\u00e4rcenters f\u00f6rskola<\/h1>\n<p><strong>Daghemmets ort: <\/strong>Kvevlax, Korsholm<\/p>\n<p><strong>Daghemmets storlek: <\/strong>Varierar mellan \u00e5rskullarna, ca 51-68 barn<\/p>\n<p><strong>Vi verkar p\u00e5 f\u00f6ljande spr\u00e5k: <\/strong>Svenska<\/p>\n<p><strong>V\u00e5r pedagogiska grundsyn: <\/strong>Kvevlax l\u00e4rcenters f\u00f6rskola vill erbjuda barnen en trygg, inspirerande och lekfull milj\u00f6 att v\u00e4xa och utvecklas i. Vi tar h\u00e4nsyn till varje barns egna f\u00f6ruts\u00e4ttningar, f\u00f6rm\u00e5gor och utvecklingsniv\u00e5. Hos oss \u00e4r barnens trygghet i focus eftersom vi \u00e4r en stor f\u00f6rskola. F\u00f6r oss \u00e4r det viktigt att alla barn blir sedda och h\u00f6rda under dagen. V\u00e5rt tyngdpunktsomr\u00e5de \u00e4r att utveckla den sociala kompetensen.<\/p>\n<p>\u00d6ppen kommunikation \u00e4r central i v\u00e5r verksamhet. Vi kommunicerar aktivt med barn, v\u00e5rdnadshavare och kollegor. Alla barn har r\u00e4tt att l\u00e4ra sig i egen takt och enligt egna f\u00f6ruts\u00e4ttningar. Vi vill ge barnen f\u00f6ruts\u00e4ttningar f\u00f6r att testa p\u00e5 och g\u00f6ra saker sj\u00e4lva och p\u00e5 sitt eget s\u00e4tt l\u00e5ter vi dem v\u00e4xa och utveckla egna strategier f\u00f6r sitt eget l\u00e4rande. I v\u00e5r f\u00f6rskola l\u00e4r sig barnen genom att leka, r\u00f6ra p\u00e5 sig, utforska, utf\u00f6ra sm\u00e5 arbeten, skapa och uttrycka sig.<\/p>\n<p><strong>V\u00e5r pedagogik:<\/strong><\/p>\n<ul>\n<li>L\u00e5gaffektivt bem\u00f6tande<\/li>\n<li>Social kompetens<\/li>\n<\/ul>\n<p><strong>Varf\u00f6r ska studerande g\u00f6ra praktik p\u00e5 v\u00e5rt daghem?: <\/strong>Ledord f\u00f6r oss \u00e4r en h\u00f6gkvalitativ sm\u00e5barnspedagogik och f\u00f6rskola d\u00e4r goda relationer och ett gott bem\u00f6tande p\u00e5 individniv\u00e5 uppr\u00e4tth\u00e5lls. V\u00e5ra studerande som kommer till oss k\u00e4nner sig varmt v\u00e4lkomna vid f\u00f6rsta steget in p\u00e5 avdelningarna. Vi \u00e4r en utvecklingsorienterad enhet d\u00e4r tid och utrymme ges \u00e5t de studerande. V\u00e5rt m\u00e5l \u00e4r att v\u00e4cka en stor lust f\u00f6r yrkesrollen hos de studerande och att som f\u00e4rdkost f\u00e5r de med sig inspiration att vidareutveckla sin yrkeskompetens. V\u00e5r syn p\u00e5 de studerande \u00e4r att de bidrar med senaste forskning till v\u00e5ra team och att de k\u00e4nner sig som en teammedlem i arbetsgemenskapen.<\/p>\n<p><strong>Vi kan erbjuda boende f\u00f6r den studerande under praktiktiden: <\/strong>Nej.<\/p>\n<p><strong>Vi kan hj\u00e4lpa till att s\u00f6ka boende f\u00f6r den studerande under praktiktiden:\u00a0 <\/strong>Nej.<\/p>\n<p><img loading=\"lazy\" decoding=\"async\" class=\"alignnone size-medium wp-image-736\" src=\"http:\/\/blogs2.abo.fi\/ovningsdaghem\/wp-content\/uploads\/sites\/159\/2021\/10\/Kvevlax-300x225.jpg\" alt=\"\" width=\"300\" height=\"225\" srcset=\"https:\/\/blogs2.abo.fi\/ovningsdaghem\/wp-content\/uploads\/sites\/159\/2021\/10\/Kvevlax-300x225.jpg 300w, https:\/\/blogs2.abo.fi\/ovningsdaghem\/wp-content\/uploads\/sites\/159\/2021\/10\/Kvevlax-1024x768.jpg 1024w, https:\/\/blogs2.abo.fi\/ovningsdaghem\/wp-content\/uploads\/sites\/159\/2021\/10\/Kvevlax-768x576.jpg 768w, https:\/\/blogs2.abo.fi\/ovningsdaghem\/wp-content\/uploads\/sites\/159\/2021\/10\/Kvevlax-1536x1152.jpg 1536w, https:\/\/blogs2.abo.fi\/ovningsdaghem\/wp-content\/uploads\/sites\/159\/2021\/10\/Kvevlax-2048x1536.jpg 2048w, https:\/\/blogs2.abo.fi\/ovningsdaghem\/wp-content\/uploads\/sites\/159\/2021\/10\/Kvevlax-624x468.jpg 624w\" sizes=\"auto, (max-width: 300px) 100vw, 300px\" \/> <img loading=\"lazy\" decoding=\"async\" class=\"alignnone size-medium wp-image-737\" src=\"http:\/\/blogs2.abo.fi\/ovningsdaghem\/wp-content\/uploads\/sites\/159\/2021\/10\/Kvevlax2-300x225.jpg\" alt=\"\" width=\"300\" height=\"225\" srcset=\"https:\/\/blogs2.abo.fi\/ovningsdaghem\/wp-content\/uploads\/sites\/159\/2021\/10\/Kvevlax2-300x225.jpg 300w, https:\/\/blogs2.abo.fi\/ovningsdaghem\/wp-content\/uploads\/sites\/159\/2021\/10\/Kvevlax2-1024x768.jpg 1024w, https:\/\/blogs2.abo.fi\/ovningsdaghem\/wp-content\/uploads\/sites\/159\/2021\/10\/Kvevlax2-768x576.jpg 768w, https:\/\/blogs2.abo.fi\/ovningsdaghem\/wp-content\/uploads\/sites\/159\/2021\/10\/Kvevlax2-1536x1152.jpg 1536w, https:\/\/blogs2.abo.fi\/ovningsdaghem\/wp-content\/uploads\/sites\/159\/2021\/10\/Kvevlax2-2048x1536.jpg 2048w, https:\/\/blogs2.abo.fi\/ovningsdaghem\/wp-content\/uploads\/sites\/159\/2021\/10\/Kvevlax2-624x468.jpg 624w\" sizes=\"auto, (max-width: 300px) 100vw, 300px\" \/><\/p>\n","protected":false},"excerpt":{"rendered":"<p>Kvevlax l\u00e4rcenters f\u00f6rskola Daghemmets ort: Kvevlax, Korsholm Daghemmets storlek: Varierar mellan \u00e5rskullarna, ca 51-68 barn Vi verkar p\u00e5 f\u00f6ljande spr\u00e5k: Svenska V\u00e5r pedagogiska grundsyn: Kvevlax l\u00e4rcenters f\u00f6rskola vill erbjuda barnen en trygg, inspirerande och lekfull milj\u00f6 att v\u00e4xa och utvecklas i. Vi tar h\u00e4nsyn till varje barns egna f\u00f6ruts\u00e4ttningar, f\u00f6rm\u00e5gor och utvecklingsniv\u00e5. Hos oss \u00e4r &hellip; <a href=\"https:\/\/blogs2.abo.fi\/ovningsdaghem\/kvevlax-larcenters-forskola\/\" class=\"more-link\">Forts\u00e4tt l\u00e4sa <span class=\"screen-reader-text\">Kvevlax l\u00e4rcenters f\u00f6rskola<\/span><\/a><\/p>\n","protected":false},"author":641,"featured_media":0,"parent":0,"menu_order":0,"comment_status":"closed","ping_status":"closed","template":"","meta":{"footnotes":""},"class_list":["post-734","page","type-page","status-publish","hentry"],"_links":{"self":[{"href":"https:\/\/blogs2.abo.fi\/ovningsdaghem\/wp-json\/wp\/v2\/pages\/734","targetHints":{"allow":["GET"]}}],"collection":[{"href":"https:\/\/blogs2.abo.fi\/ovningsdaghem\/wp-json\/wp\/v2\/pages"}],"about":[{"href":"https:\/\/blogs2.abo.fi\/ovningsdaghem\/wp-json\/wp\/v2\/types\/page"}],"author":[{"embeddable":true,"href":"https:\/\/blogs2.abo.fi\/ovningsdaghem\/wp-json\/wp\/v2\/users\/641"}],"replies":[{"embeddable":true,"href":"https:\/\/blogs2.abo.fi\/ovningsdaghem\/wp-json\/wp\/v2\/comments?post=734"}],"version-history":[{"count":4,"href":"https:\/\/blogs2.abo.fi\/ovningsdaghem\/wp-json\/wp\/v2\/pages\/734\/revisions"}],"predecessor-version":[{"id":1241,"href":"https:\/\/blogs2.abo.fi\/ovningsdaghem\/wp-json\/wp\/v2\/pages\/734\/revisions\/1241"}],"wp:attachment":[{"href":"https:\/\/blogs2.abo.fi\/ovningsdaghem\/wp-json\/wp\/v2\/media?parent=734"}],"curies":[{"name":"wp","href":"https:\/\/api.w.org\/{rel}","templated":true}]}}