{"id":677,"date":"2021-10-05T12:31:37","date_gmt":"2021-10-05T09:31:37","guid":{"rendered":"https:\/\/blogs2.abo.fi\/ovningsdaghem\/?page_id=677"},"modified":"2024-06-24T16:26:14","modified_gmt":"2024-06-24T13:26:14","slug":"bjurbole-daghem","status":"publish","type":"page","link":"https:\/\/blogs2.abo.fi\/ovningsdaghem\/bjurbole-daghem\/","title":{"rendered":"Bjurb\u00f6le daghem"},"content":{"rendered":"<h1><img loading=\"lazy\" decoding=\"async\" class=\"alignnone wp-image-679 size-large\" src=\"http:\/\/blogs2.abo.fi\/ovningsdaghem\/wp-content\/uploads\/sites\/159\/2021\/10\/Bjurbole-daghem-1024x768.jpg\" alt=\"\" width=\"660\" height=\"495\" srcset=\"https:\/\/blogs2.abo.fi\/ovningsdaghem\/wp-content\/uploads\/sites\/159\/2021\/10\/Bjurbole-daghem-1024x768.jpg 1024w, https:\/\/blogs2.abo.fi\/ovningsdaghem\/wp-content\/uploads\/sites\/159\/2021\/10\/Bjurbole-daghem-300x225.jpg 300w, https:\/\/blogs2.abo.fi\/ovningsdaghem\/wp-content\/uploads\/sites\/159\/2021\/10\/Bjurbole-daghem-768x576.jpg 768w, https:\/\/blogs2.abo.fi\/ovningsdaghem\/wp-content\/uploads\/sites\/159\/2021\/10\/Bjurbole-daghem-1536x1152.jpg 1536w, https:\/\/blogs2.abo.fi\/ovningsdaghem\/wp-content\/uploads\/sites\/159\/2021\/10\/Bjurbole-daghem-624x468.jpg 624w, https:\/\/blogs2.abo.fi\/ovningsdaghem\/wp-content\/uploads\/sites\/159\/2021\/10\/Bjurbole-daghem.jpg 1890w\" sizes=\"auto, (max-width: 660px) 100vw, 660px\" \/><\/h1>\n<h1>Bjurb\u00f6le daghem<\/h1>\n<p><strong>Daghemmets ort: <\/strong>Borg\u00e5<\/p>\n<p><strong>Daghemmets storlek: <\/strong>Bjurb\u00f6le daghem har 3 avdelningar. 1-3 \u00e5ringar, 3-4 \u00e5ringar och 5-6 \u00e5ringar.<\/p>\n<p><strong>Vi verkar p\u00e5 f\u00f6ljande spr\u00e5k: <\/strong>Svenska<\/p>\n<p><strong>V\u00e5r pedagogiska grundsyn:<br \/>\n<\/strong>Varje barn \u00e4r unikt och vi vill erbjuda varje barn en trygg, godk\u00e4nnande och positiv atmosf\u00e4r. Vi erbjuder en m\u00e5ngsidig verksamhet enligt barnets utvecklingsniv\u00e5 och beaktar eventuella skillnader. Vi betonar spr\u00e5ket och matematiken i vardagen.\u00a0Det skall vara roligt och motiverande att l\u00e4ra sig nya f\u00e4rdigheter. Vi har alla v\u00e5rt personliga s\u00e4tt att l\u00e4ra oss. Pedagogisk dokumentation \u00e4r ett redskap f\u00f6r personalen, men \u00e4ven ett s\u00e4tt f\u00f6r barnen att se sitt eget l\u00e4rande.<\/p>\n<p><strong>V\u00e5r pedagogik:<br \/>\n<\/strong>Naturen ligger n\u00e4ra v\u00e5rt hj\u00e4rta, vi \u00e4r mycket ute. Finns inget d\u00e5ligt v\u00e4der, bara d\u00e5liga kl\u00e4der.<\/p>\n<p><strong>Varf\u00f6r ska studerande g\u00f6ra praktik p\u00e5 v\u00e5rt daghem? <\/strong>Bjurb\u00f6le daghem \u00e4r ett gammalt daghem med l\u00e5nga anor, ute landsbyggden i en h\u00e4rlig omgivning. Vi satsar p\u00e5 samarbete mellan grupperna och att v\u00e5r verksamhet skall ha en \u201dr\u00f6d tr\u00e5d\u201d genom hela \u00e5ret.<\/p>\n<p><strong>Vi kan erbjuda boende f\u00f6r den studerande under praktiktiden: <\/strong>Nej<\/p>\n<p><strong>Vi kan hj\u00e4lpa till att s\u00f6ka boende f\u00f6r den studerande under praktiktiden:\u00a0<\/strong> Nej<\/p>\n","protected":false},"excerpt":{"rendered":"<p>Bjurb\u00f6le daghem Daghemmets ort: Borg\u00e5 Daghemmets storlek: Bjurb\u00f6le daghem har 3 avdelningar. 1-3 \u00e5ringar, 3-4 \u00e5ringar och 5-6 \u00e5ringar. Vi verkar p\u00e5 f\u00f6ljande spr\u00e5k: Svenska V\u00e5r pedagogiska grundsyn: Varje barn \u00e4r unikt och vi vill erbjuda varje barn en trygg, godk\u00e4nnande och positiv atmosf\u00e4r. Vi erbjuder en m\u00e5ngsidig verksamhet enligt barnets utvecklingsniv\u00e5 och beaktar eventuella &hellip; <a href=\"https:\/\/blogs2.abo.fi\/ovningsdaghem\/bjurbole-daghem\/\" class=\"more-link\">Forts\u00e4tt l\u00e4sa <span class=\"screen-reader-text\">Bjurb\u00f6le daghem<\/span><\/a><\/p>\n","protected":false},"author":641,"featured_media":0,"parent":0,"menu_order":0,"comment_status":"closed","ping_status":"closed","template":"","meta":{"footnotes":""},"class_list":["post-677","page","type-page","status-publish","hentry"],"_links":{"self":[{"href":"https:\/\/blogs2.abo.fi\/ovningsdaghem\/wp-json\/wp\/v2\/pages\/677","targetHints":{"allow":["GET"]}}],"collection":[{"href":"https:\/\/blogs2.abo.fi\/ovningsdaghem\/wp-json\/wp\/v2\/pages"}],"about":[{"href":"https:\/\/blogs2.abo.fi\/ovningsdaghem\/wp-json\/wp\/v2\/types\/page"}],"author":[{"embeddable":true,"href":"https:\/\/blogs2.abo.fi\/ovningsdaghem\/wp-json\/wp\/v2\/users\/641"}],"replies":[{"embeddable":true,"href":"https:\/\/blogs2.abo.fi\/ovningsdaghem\/wp-json\/wp\/v2\/comments?post=677"}],"version-history":[{"count":7,"href":"https:\/\/blogs2.abo.fi\/ovningsdaghem\/wp-json\/wp\/v2\/pages\/677\/revisions"}],"predecessor-version":[{"id":981,"href":"https:\/\/blogs2.abo.fi\/ovningsdaghem\/wp-json\/wp\/v2\/pages\/677\/revisions\/981"}],"wp:attachment":[{"href":"https:\/\/blogs2.abo.fi\/ovningsdaghem\/wp-json\/wp\/v2\/media?parent=677"}],"curies":[{"name":"wp","href":"https:\/\/api.w.org\/{rel}","templated":true}]}}