{"id":637,"date":"2021-09-28T16:30:03","date_gmt":"2021-09-28T13:30:03","guid":{"rendered":"https:\/\/blogs2.abo.fi\/ovningsdaghem\/?page_id=637"},"modified":"2026-04-13T13:25:50","modified_gmt":"2026-04-13T10:25:50","slug":"rodluvans-daghem","status":"publish","type":"page","link":"https:\/\/blogs2.abo.fi\/ovningsdaghem\/rodluvans-daghem\/","title":{"rendered":"R\u00f6dluvans daghem"},"content":{"rendered":"<h6><img loading=\"lazy\" decoding=\"async\" class=\"alignnone size-full wp-image-1059\" src=\"http:\/\/blogs2.abo.fi\/ovningsdaghem\/wp-content\/uploads\/sites\/159\/2024\/06\/7e5b7bec-punahilkan-paivakoti_nettisivu-1024x683-1.jpg\" alt=\"\" width=\"1024\" height=\"683\" srcset=\"https:\/\/blogs2.abo.fi\/ovningsdaghem\/wp-content\/uploads\/sites\/159\/2024\/06\/7e5b7bec-punahilkan-paivakoti_nettisivu-1024x683-1.jpg 1024w, https:\/\/blogs2.abo.fi\/ovningsdaghem\/wp-content\/uploads\/sites\/159\/2024\/06\/7e5b7bec-punahilkan-paivakoti_nettisivu-1024x683-1-300x200.jpg 300w, https:\/\/blogs2.abo.fi\/ovningsdaghem\/wp-content\/uploads\/sites\/159\/2024\/06\/7e5b7bec-punahilkan-paivakoti_nettisivu-1024x683-1-768x512.jpg 768w\" sizes=\"auto, (max-width: 1024px) 100vw, 1024px\" \/>Bilden h\u00e4mtad fr\u00e5n <a href=\"https:\/\/www.vaasa.fi\/sv\/bo-och-lev\/smabarnspedagogik-och-skolor\/smabarnspedagogik\/daghem\/daghemmen-i-sunnanvik-hogbacken-och-sandviken\/punahilkan-paivakoti-rodluvans-daghem\/\">Vasa stads hemsida<\/a><\/h6>\n<h1>R\u00f6dluvans daghem<\/h1>\n<p><strong>Daghemmets ort:<\/strong> Vasa<\/p>\n<p><strong>Daghemmets storlek:<\/strong> 12 avdelningar, ca 200 barn<\/p>\n<p><strong>Vi verkar p\u00e5 f\u00f6ljande spr\u00e5k:<\/strong> 3 svenskspr\u00e5kiga grupper, 9 finskspr\u00e5kiga grupper<\/p>\n<p><strong>V\u00e5r pedagogiska grundsyn:<br \/>\n<\/strong>Barnets b\u00e4sta: Vid planering, anordnande och tillhandah\u00e5llande av samt beslutsfattande om sm\u00e5barnspedagogik ska man i f\u00f6rsta hand se till barnens b\u00e4sta.<\/p>\n<p><strong>V\u00e5r pedagogik:<br \/>\n<\/strong>I v\u00e5rt daghem lyssnar vi till barnet och bem\u00f6ter det p\u00e5 ett \u00e4kta s\u00e4tt i en verksamhet som m\u00f6jligg\u00f6r att barnet \u00e4r delaktigt.\u00a0 I temaarbete varierar sm\u00e5gruppernas sammans\u00e4ttning enligt barnets \u00e5lder och intresseobjekt.<\/p>\n<p>I daghemmets n\u00e4rmilj\u00f6 finns bl.a. ett allaktivitetsgr\u00f6nomr\u00e5de, ishall och havsstrand, vilka vi dagligen utnyttjar som l\u00e4rmilj\u00f6er. M\u00e5ngsidig fysisk aktivitet och l\u00e4rande utomhus betonas i v\u00e5r verksamhet.<\/p>\n<p><strong>Varf\u00f6r ska studerande g\u00f6ra praktik p\u00e5 v\u00e5rt daghem?<\/strong><br \/>\nP\u00e5 R\u00f6dluvans daghem har vi ivrig personal, som \u00e4r en l\u00e4rande gemenskap. Vi \u00e4r f\u00e4rdiga att ta emot fr\u00e5gor och utveckla v\u00e5r verksamhet. Vi vill utmana oss att argumentera arbetss\u00e4tt vi har valt f\u00f6r barnens b\u00e4sta. P\u00e5 R\u00f6dluvan kan man ocks\u00e5 f\u00f6lja skiftesv\u00e5rdsbarnens sm\u00e5barnspedagogik: vi HAR \u00f6ppet dygnet runt.<\/p>\n<p><strong>Vi kan erbjuda boende f\u00f6r den studerande under praktiktiden:<\/strong> Nej<\/p>\n<p><strong>Vi kan hj\u00e4lpa till att s\u00f6ka boende f\u00f6r den studerande under praktiktiden:<\/strong> Nej<\/p>\n","protected":false},"excerpt":{"rendered":"<p>Bilden h\u00e4mtad fr\u00e5n Vasa stads hemsida R\u00f6dluvans daghem Daghemmets ort: Vasa Daghemmets storlek: 12 avdelningar, ca 200 barn Vi verkar p\u00e5 f\u00f6ljande spr\u00e5k: 3 svenskspr\u00e5kiga grupper, 9 finskspr\u00e5kiga grupper V\u00e5r pedagogiska grundsyn: Barnets b\u00e4sta: Vid planering, anordnande och tillhandah\u00e5llande av samt beslutsfattande om sm\u00e5barnspedagogik ska man i f\u00f6rsta hand se till barnens b\u00e4sta. V\u00e5r pedagogik: &hellip; <a href=\"https:\/\/blogs2.abo.fi\/ovningsdaghem\/rodluvans-daghem\/\" class=\"more-link\">Forts\u00e4tt l\u00e4sa <span class=\"screen-reader-text\">R\u00f6dluvans daghem<\/span><\/a><\/p>\n","protected":false},"author":641,"featured_media":0,"parent":0,"menu_order":0,"comment_status":"closed","ping_status":"closed","template":"","meta":{"footnotes":""},"class_list":["post-637","page","type-page","status-publish","hentry"],"_links":{"self":[{"href":"https:\/\/blogs2.abo.fi\/ovningsdaghem\/wp-json\/wp\/v2\/pages\/637","targetHints":{"allow":["GET"]}}],"collection":[{"href":"https:\/\/blogs2.abo.fi\/ovningsdaghem\/wp-json\/wp\/v2\/pages"}],"about":[{"href":"https:\/\/blogs2.abo.fi\/ovningsdaghem\/wp-json\/wp\/v2\/types\/page"}],"author":[{"embeddable":true,"href":"https:\/\/blogs2.abo.fi\/ovningsdaghem\/wp-json\/wp\/v2\/users\/641"}],"replies":[{"embeddable":true,"href":"https:\/\/blogs2.abo.fi\/ovningsdaghem\/wp-json\/wp\/v2\/comments?post=637"}],"version-history":[{"count":9,"href":"https:\/\/blogs2.abo.fi\/ovningsdaghem\/wp-json\/wp\/v2\/pages\/637\/revisions"}],"predecessor-version":[{"id":1367,"href":"https:\/\/blogs2.abo.fi\/ovningsdaghem\/wp-json\/wp\/v2\/pages\/637\/revisions\/1367"}],"wp:attachment":[{"href":"https:\/\/blogs2.abo.fi\/ovningsdaghem\/wp-json\/wp\/v2\/media?parent=637"}],"curies":[{"name":"wp","href":"https:\/\/api.w.org\/{rel}","templated":true}]}}