{"id":598,"date":"2021-09-22T13:45:58","date_gmt":"2021-09-22T10:45:58","guid":{"rendered":"https:\/\/blogs2.abo.fi\/ovningsdaghem\/?page_id=598"},"modified":"2024-06-25T10:16:35","modified_gmt":"2024-06-25T07:16:35","slug":"sirkkala-daghem-och-forskola","status":"publish","type":"page","link":"https:\/\/blogs2.abo.fi\/ovningsdaghem\/sirkkala-daghem-och-forskola\/","title":{"rendered":"Sirkkala daghem och f\u00f6rskola"},"content":{"rendered":"<h1><img loading=\"lazy\" decoding=\"async\" class=\"alignnone wp-image-599 size-large\" src=\"http:\/\/blogs2.abo.fi\/ovningsdaghem\/wp-content\/uploads\/sites\/159\/2021\/09\/Sirkkala-1024x271.jpg\" alt=\"\" width=\"660\" height=\"175\" srcset=\"https:\/\/blogs2.abo.fi\/ovningsdaghem\/wp-content\/uploads\/sites\/159\/2021\/09\/Sirkkala-1024x271.jpg 1024w, https:\/\/blogs2.abo.fi\/ovningsdaghem\/wp-content\/uploads\/sites\/159\/2021\/09\/Sirkkala-300x79.jpg 300w, https:\/\/blogs2.abo.fi\/ovningsdaghem\/wp-content\/uploads\/sites\/159\/2021\/09\/Sirkkala-768x203.jpg 768w, https:\/\/blogs2.abo.fi\/ovningsdaghem\/wp-content\/uploads\/sites\/159\/2021\/09\/Sirkkala-624x165.jpg 624w, https:\/\/blogs2.abo.fi\/ovningsdaghem\/wp-content\/uploads\/sites\/159\/2021\/09\/Sirkkala.jpg 1200w\" sizes=\"auto, (max-width: 660px) 100vw, 660px\" \/><\/h1>\n<h1>Sirkkala daghem och f\u00f6rskola<\/h1>\n<p><strong>Daghemmets ort: <\/strong>\u00c5bo<\/p>\n<p><strong>Daghemmets storlek: <\/strong>9 grupper, ca 130 barn<\/p>\n<p><strong>Vi verkar p\u00e5 f\u00f6ljande spr\u00e5k:<\/strong> Svenska<\/p>\n<p><strong>V\u00e5r pedagogiska grundsyn: <\/strong>Vi vill vara n\u00e4rvarande och trygga vuxna f\u00f6r alla barn. Vi vill att alla ska f\u00e5 delta och l\u00e4ra sig p\u00e5 sina egna villkor och i sin egen takt. Vi \u00e4r mycket ute tillsammans med barnen och l\u00e4r oss om v\u00e5r n\u00e4rmilj\u00f6. Vi tror p\u00e5 att l\u00e4ra sig tillsammans och jobbar f\u00f6r gemenskapen i grupperna.\u00a0 Tillsammans \u00e4r vi starka!<\/p>\n<p><strong>Varf\u00f6r ska studerande g\u00f6ra praktik p\u00e5 v\u00e5rt daghem?: <\/strong>Vi har professionell personal med m\u00e5ng\u00e5rig erfarenhet. Vi har en bred verksamhet fr\u00e5n de allra yngsta barnen till f\u00f6rskolebarn och \u00e4ven en integrerad specialgrupp.<\/p>\n<p><strong>Vi kan erbjuda boende f\u00f6r den studerande under praktiktiden:<\/strong> Nej<\/p>\n<p><strong>Vi kan hj\u00e4lpa till att s\u00f6ka boende f\u00f6r den studerande under praktiktiden: <\/strong> Nej<\/p>\n","protected":false},"excerpt":{"rendered":"<p>Sirkkala daghem och f\u00f6rskola Daghemmets ort: \u00c5bo Daghemmets storlek: 9 grupper, ca 130 barn Vi verkar p\u00e5 f\u00f6ljande spr\u00e5k: Svenska V\u00e5r pedagogiska grundsyn: Vi vill vara n\u00e4rvarande och trygga vuxna f\u00f6r alla barn. Vi vill att alla ska f\u00e5 delta och l\u00e4ra sig p\u00e5 sina egna villkor och i sin egen takt. Vi \u00e4r mycket &hellip; <a href=\"https:\/\/blogs2.abo.fi\/ovningsdaghem\/sirkkala-daghem-och-forskola\/\" class=\"more-link\">Forts\u00e4tt l\u00e4sa <span class=\"screen-reader-text\">Sirkkala daghem och f\u00f6rskola<\/span><\/a><\/p>\n","protected":false},"author":641,"featured_media":0,"parent":0,"menu_order":0,"comment_status":"closed","ping_status":"closed","template":"","meta":{"footnotes":""},"class_list":["post-598","page","type-page","status-publish","hentry"],"_links":{"self":[{"href":"https:\/\/blogs2.abo.fi\/ovningsdaghem\/wp-json\/wp\/v2\/pages\/598","targetHints":{"allow":["GET"]}}],"collection":[{"href":"https:\/\/blogs2.abo.fi\/ovningsdaghem\/wp-json\/wp\/v2\/pages"}],"about":[{"href":"https:\/\/blogs2.abo.fi\/ovningsdaghem\/wp-json\/wp\/v2\/types\/page"}],"author":[{"embeddable":true,"href":"https:\/\/blogs2.abo.fi\/ovningsdaghem\/wp-json\/wp\/v2\/users\/641"}],"replies":[{"embeddable":true,"href":"https:\/\/blogs2.abo.fi\/ovningsdaghem\/wp-json\/wp\/v2\/comments?post=598"}],"version-history":[{"count":3,"href":"https:\/\/blogs2.abo.fi\/ovningsdaghem\/wp-json\/wp\/v2\/pages\/598\/revisions"}],"predecessor-version":[{"id":1088,"href":"https:\/\/blogs2.abo.fi\/ovningsdaghem\/wp-json\/wp\/v2\/pages\/598\/revisions\/1088"}],"wp:attachment":[{"href":"https:\/\/blogs2.abo.fi\/ovningsdaghem\/wp-json\/wp\/v2\/media?parent=598"}],"curies":[{"name":"wp","href":"https:\/\/api.w.org\/{rel}","templated":true}]}}