{"id":575,"date":"2021-09-15T13:09:56","date_gmt":"2021-09-15T10:09:56","guid":{"rendered":"https:\/\/blogs2.abo.fi\/ovningsdaghem\/?page_id=575"},"modified":"2024-06-25T10:15:39","modified_gmt":"2024-06-25T07:15:39","slug":"cygnaeus-daghem-och-forskola","status":"publish","type":"page","link":"https:\/\/blogs2.abo.fi\/ovningsdaghem\/cygnaeus-daghem-och-forskola\/","title":{"rendered":"Cygnaeus daghem och f\u00f6rskola"},"content":{"rendered":"<h1>Cygnaeus daghem och f\u00f6rskola<\/h1>\n<p><strong>Daghemmets ort: <\/strong>\u00c5bo<\/p>\n<p><strong>Daghemmets storlek:<\/strong> 5 avdelningar, varav en integrerad grupp, 49 barn<\/p>\n<p><strong>Vi verkar p\u00e5 f\u00f6ljande spr\u00e5k: <\/strong>Svenska<\/p>\n<p><strong>V\u00e5r pedagogiska grundsyn: <\/strong>Vi str\u00e4var till att;<\/p>\n<ul>\n<li>Att alla barn och v\u00e5rdnadshavare blir bem\u00f6tta p\u00e5 ett respektfullt s\u00e4tt<\/li>\n<li>Att alla barn ska f\u00e5 uppn\u00e5 sin egen fulla potential<\/li>\n<li>Att vi som pedagoger arbetar sj\u00e4lvreflekterande och st\u00e4ndigt utv\u00e4rderar oss sj\u00e4lva och v\u00e5ra pedagogiska metoder och\u00a0 anpassar dessa efter barnens behov.<\/li>\n<\/ul>\n<p><strong>V\u00e5r pedagogik: <\/strong>Vi h\u00e5ller som b\u00e4st p\u00e5 att fila p\u00e5 verksamhetsplanen. Men den kommer att inneh\u00e5lla ord som respekt, bem\u00f6tande och sj\u00e4lvutv\u00e4rdering. M\u00e5let \u00e4r att implementera metoden l\u00e5gaffektivt bem\u00f6tande i vardagen.<\/p>\n<p><strong>Varf\u00f6r ska studerande g\u00f6ra praktik p\u00e5 v\u00e5rt daghem?:\u00a0<\/strong>V\u00e5rt daghem har mycket kompetent och kunnig personal som alla jobbar f\u00f6r barnens b\u00e4sta.<\/p>\n<p><strong>Vi kan erbjuda boende f\u00f6r den studerande under praktiktiden: <\/strong>Nej<\/p>\n<p><strong>Vi kan hj\u00e4lpa till att s\u00f6ka boende f\u00f6r den studerande under praktiktiden: <\/strong>Nej<\/p>\n<p>Cygnaeus daghem finns p\u00e5 instagram och ni kan \u00e4ven bes\u00f6ka v\u00e5r <a href=\"https:\/\/peda.net\/turku\/barnen\/cdof\">Pedanet<\/a> sida f\u00f6r att f\u00e5 en inblick i vardagen p\u00e5 daghemmet.<\/p>\n","protected":false},"excerpt":{"rendered":"<p>Cygnaeus daghem och f\u00f6rskola Daghemmets ort: \u00c5bo Daghemmets storlek: 5 avdelningar, varav en integrerad grupp, 49 barn Vi verkar p\u00e5 f\u00f6ljande spr\u00e5k: Svenska V\u00e5r pedagogiska grundsyn: Vi str\u00e4var till att; Att alla barn och v\u00e5rdnadshavare blir bem\u00f6tta p\u00e5 ett respektfullt s\u00e4tt Att alla barn ska f\u00e5 uppn\u00e5 sin egen fulla potential Att vi som pedagoger &hellip; <a href=\"https:\/\/blogs2.abo.fi\/ovningsdaghem\/cygnaeus-daghem-och-forskola\/\" class=\"more-link\">Forts\u00e4tt l\u00e4sa <span class=\"screen-reader-text\">Cygnaeus daghem och f\u00f6rskola<\/span><\/a><\/p>\n","protected":false},"author":641,"featured_media":0,"parent":0,"menu_order":0,"comment_status":"closed","ping_status":"closed","template":"","meta":{"footnotes":""},"class_list":["post-575","page","type-page","status-publish","hentry"],"_links":{"self":[{"href":"https:\/\/blogs2.abo.fi\/ovningsdaghem\/wp-json\/wp\/v2\/pages\/575","targetHints":{"allow":["GET"]}}],"collection":[{"href":"https:\/\/blogs2.abo.fi\/ovningsdaghem\/wp-json\/wp\/v2\/pages"}],"about":[{"href":"https:\/\/blogs2.abo.fi\/ovningsdaghem\/wp-json\/wp\/v2\/types\/page"}],"author":[{"embeddable":true,"href":"https:\/\/blogs2.abo.fi\/ovningsdaghem\/wp-json\/wp\/v2\/users\/641"}],"replies":[{"embeddable":true,"href":"https:\/\/blogs2.abo.fi\/ovningsdaghem\/wp-json\/wp\/v2\/comments?post=575"}],"version-history":[{"count":4,"href":"https:\/\/blogs2.abo.fi\/ovningsdaghem\/wp-json\/wp\/v2\/pages\/575\/revisions"}],"predecessor-version":[{"id":1086,"href":"https:\/\/blogs2.abo.fi\/ovningsdaghem\/wp-json\/wp\/v2\/pages\/575\/revisions\/1086"}],"wp:attachment":[{"href":"https:\/\/blogs2.abo.fi\/ovningsdaghem\/wp-json\/wp\/v2\/media?parent=575"}],"curies":[{"name":"wp","href":"https:\/\/api.w.org\/{rel}","templated":true}]}}