{"id":562,"date":"2021-09-15T11:37:54","date_gmt":"2021-09-15T08:37:54","guid":{"rendered":"https:\/\/blogs2.abo.fi\/ovningsdaghem\/?page_id=562"},"modified":"2024-06-25T09:45:24","modified_gmt":"2024-06-25T06:45:24","slug":"hemstrands-daghem-och-forskola","status":"publish","type":"page","link":"https:\/\/blogs2.abo.fi\/ovningsdaghem\/hemstrands-daghem-och-forskola\/","title":{"rendered":"Hemstrands daghem och f\u00f6rskola"},"content":{"rendered":"<h1><img loading=\"lazy\" decoding=\"async\" class=\"alignnone wp-image-563 size-large\" src=\"http:\/\/blogs2.abo.fi\/ovningsdaghem\/wp-content\/uploads\/sites\/159\/2021\/09\/26878416-hemstrands-daghem_nettisivu-1600x1067-1-1024x683.jpg\" alt=\"\" width=\"660\" height=\"440\" srcset=\"https:\/\/blogs2.abo.fi\/ovningsdaghem\/wp-content\/uploads\/sites\/159\/2021\/09\/26878416-hemstrands-daghem_nettisivu-1600x1067-1-1024x683.jpg 1024w, https:\/\/blogs2.abo.fi\/ovningsdaghem\/wp-content\/uploads\/sites\/159\/2021\/09\/26878416-hemstrands-daghem_nettisivu-1600x1067-1-300x200.jpg 300w, https:\/\/blogs2.abo.fi\/ovningsdaghem\/wp-content\/uploads\/sites\/159\/2021\/09\/26878416-hemstrands-daghem_nettisivu-1600x1067-1-768x512.jpg 768w, https:\/\/blogs2.abo.fi\/ovningsdaghem\/wp-content\/uploads\/sites\/159\/2021\/09\/26878416-hemstrands-daghem_nettisivu-1600x1067-1-1536x1024.jpg 1536w, https:\/\/blogs2.abo.fi\/ovningsdaghem\/wp-content\/uploads\/sites\/159\/2021\/09\/26878416-hemstrands-daghem_nettisivu-1600x1067-1-624x416.jpg 624w, https:\/\/blogs2.abo.fi\/ovningsdaghem\/wp-content\/uploads\/sites\/159\/2021\/09\/26878416-hemstrands-daghem_nettisivu-1600x1067-1.jpg 1600w\" sizes=\"auto, (max-width: 660px) 100vw, 660px\" \/><\/h1>\n<h1>Hemstrands daghem och f\u00f6rskola<\/h1>\n<p><strong>Daghemmets ort:<\/strong> Vasa<\/p>\n<p><strong>Daghemmets storlek:<\/strong> 2 avdelningar:<br \/>\nSkogsstj\u00e4rnorna: 18 barn ( 2-5 \u00e5r)<br \/>\nBl\u00e5sipporna: 21 f\u00f6rskolbarn<\/p>\n<p><strong>Vi verkar p\u00e5 f\u00f6ljande spr\u00e5k:<\/strong> Svenska<\/p>\n<p><strong>V\u00e5r pedagogiska grundsyn:<\/strong> Vi \u00e4r lyh\u00f6rda inf\u00f6r barnen. Vi bem\u00f6ter barnen s\u00e5 att de ska k\u00e4nna sig sedda och trygga. Vi respekterar dem och deras \u00e5sikter. Barnen ska k\u00e4nna gl\u00e4dje i l\u00e4randet och uppmuntras att uttrycka sig och l\u00e4ra sig olika f\u00e4rdigheter. Viktigt att det finns utrymme f\u00f6r lek! Barnens ideer och initiativ ska beaktas i verksamheten.<\/p>\n<p>L\u00e4rmilj\u00f6erna ska ge m\u00f6jlighet till lek och kreativa l\u00f6sningar. Barnens ideer och alster ska synas i l\u00e4rmilj\u00f6n vilket st\u00f6djer deras delaktighet och k\u00e4nslan av att lyckas. Flexibla l\u00e4rmilj\u00f6er i form av sm\u00e5gruppsarbeten. Leken ska ligga som grund f\u00f6r l\u00e4randet. L\u00e4romr\u00e5dena ska genomf\u00f6ras utg\u00e5ende fr\u00e5n barnens intressen och kunskaper. Man tar tillvara vad barnet redan kan och v\u00e4cker barnens lust att l\u00e4ra sig mera.<\/p>\n<p><strong>V\u00e5r pedagogik:<\/strong><\/p>\n<ul>\n<li>Natur och milj\u00f6fostran, Skogsmulleverksamhet<\/li>\n<li>St\u00f6dja barnens spr\u00e5kliga f\u00e4rdigheter, spr\u00e5klig medvetenhet med Trulle-material, flerspr\u00e5kighet i barngruppen; Spr\u00e5kv\u00e4nner<\/li>\n<li>Kompismaterialet och Stegen; socialt och emotionellt l\u00e4rande<\/li>\n<li>Motion och r\u00f6relse i vardagen; &#8221;Fart p\u00e5 f\u00f6tterna&#8221;<\/li>\n<li>Teman och projekt enligt barnens intressen och engagemang<\/li>\n<\/ul>\n<p><strong>Varf\u00f6r ska studerande g\u00f6ra praktik p\u00e5 v\u00e5rt daghem?:<\/strong> F\u00f6r att vi \u00e4r ett litet mysigt daghem\/f\u00f6rskola med trevlig g\u00e5rd. Vi har kompetent personal som jobbat\u00a0 l\u00e4nge inom yrket.<\/p>\n<p><strong>Vi kan erbjuda boende f\u00f6r den studerande under praktiktiden:<\/strong> Nej<\/p>\n<p><strong>Vi kan hj\u00e4lpa till att s\u00f6ka boende f\u00f6r den studerande under praktiktiden:<\/strong> Nej<\/p>\n","protected":false},"excerpt":{"rendered":"<p>Hemstrands daghem och f\u00f6rskola Daghemmets ort: Vasa Daghemmets storlek: 2 avdelningar: Skogsstj\u00e4rnorna: 18 barn ( 2-5 \u00e5r) Bl\u00e5sipporna: 21 f\u00f6rskolbarn Vi verkar p\u00e5 f\u00f6ljande spr\u00e5k: Svenska V\u00e5r pedagogiska grundsyn: Vi \u00e4r lyh\u00f6rda inf\u00f6r barnen. Vi bem\u00f6ter barnen s\u00e5 att de ska k\u00e4nna sig sedda och trygga. Vi respekterar dem och deras \u00e5sikter. Barnen ska k\u00e4nna &hellip; <a href=\"https:\/\/blogs2.abo.fi\/ovningsdaghem\/hemstrands-daghem-och-forskola\/\" class=\"more-link\">Forts\u00e4tt l\u00e4sa <span class=\"screen-reader-text\">Hemstrands daghem och f\u00f6rskola<\/span><\/a><\/p>\n","protected":false},"author":641,"featured_media":0,"parent":0,"menu_order":0,"comment_status":"closed","ping_status":"closed","template":"","meta":{"footnotes":""},"class_list":["post-562","page","type-page","status-publish","hentry"],"_links":{"self":[{"href":"https:\/\/blogs2.abo.fi\/ovningsdaghem\/wp-json\/wp\/v2\/pages\/562","targetHints":{"allow":["GET"]}}],"collection":[{"href":"https:\/\/blogs2.abo.fi\/ovningsdaghem\/wp-json\/wp\/v2\/pages"}],"about":[{"href":"https:\/\/blogs2.abo.fi\/ovningsdaghem\/wp-json\/wp\/v2\/types\/page"}],"author":[{"embeddable":true,"href":"https:\/\/blogs2.abo.fi\/ovningsdaghem\/wp-json\/wp\/v2\/users\/641"}],"replies":[{"embeddable":true,"href":"https:\/\/blogs2.abo.fi\/ovningsdaghem\/wp-json\/wp\/v2\/comments?post=562"}],"version-history":[{"count":3,"href":"https:\/\/blogs2.abo.fi\/ovningsdaghem\/wp-json\/wp\/v2\/pages\/562\/revisions"}],"predecessor-version":[{"id":1055,"href":"https:\/\/blogs2.abo.fi\/ovningsdaghem\/wp-json\/wp\/v2\/pages\/562\/revisions\/1055"}],"wp:attachment":[{"href":"https:\/\/blogs2.abo.fi\/ovningsdaghem\/wp-json\/wp\/v2\/media?parent=562"}],"curies":[{"name":"wp","href":"https:\/\/api.w.org\/{rel}","templated":true}]}}