{"id":415,"date":"2021-06-17T10:47:49","date_gmt":"2021-06-17T07:47:49","guid":{"rendered":"https:\/\/blogs2.abo.fi\/ovningsdaghem\/?page_id=415"},"modified":"2024-06-25T11:40:05","modified_gmt":"2024-06-25T08:40:05","slug":"trollebo-daghem","status":"publish","type":"page","link":"https:\/\/blogs2.abo.fi\/ovningsdaghem\/trollebo-daghem\/","title":{"rendered":"Trollebo daghem"},"content":{"rendered":"<h1><img loading=\"lazy\" decoding=\"async\" class=\"alignleft wp-image-416\" src=\"http:\/\/blogs2.abo.fi\/ovningsdaghem\/wp-content\/uploads\/sites\/159\/2021\/06\/Trollebo1-scaled.jpg\" alt=\"\" width=\"437\" height=\"582\" srcset=\"https:\/\/blogs2.abo.fi\/ovningsdaghem\/wp-content\/uploads\/sites\/159\/2021\/06\/Trollebo1-scaled.jpg 1920w, https:\/\/blogs2.abo.fi\/ovningsdaghem\/wp-content\/uploads\/sites\/159\/2021\/06\/Trollebo1-225x300.jpg 225w, https:\/\/blogs2.abo.fi\/ovningsdaghem\/wp-content\/uploads\/sites\/159\/2021\/06\/Trollebo1-768x1024.jpg 768w, https:\/\/blogs2.abo.fi\/ovningsdaghem\/wp-content\/uploads\/sites\/159\/2021\/06\/Trollebo1-1152x1536.jpg 1152w, https:\/\/blogs2.abo.fi\/ovningsdaghem\/wp-content\/uploads\/sites\/159\/2021\/06\/Trollebo1-1536x2048.jpg 1536w, https:\/\/blogs2.abo.fi\/ovningsdaghem\/wp-content\/uploads\/sites\/159\/2021\/06\/Trollebo1-624x832.jpg 624w\" sizes=\"auto, (max-width: 437px) 100vw, 437px\" \/><\/h1>\n<h1><strong>Trollebo daghem <\/strong><\/h1>\n<p><strong>Daghemmets ort:<\/strong><br \/>\nN\u00e4rpes<\/p>\n<p><strong>Daghemmets storlek:<\/strong><br \/>\n4 avdelningar, 66 platser.<\/p>\n<p><strong>Vi verkar p\u00e5 f\u00f6ljande spr\u00e5k:<\/strong><br \/>\nSvenska<\/p>\n<p><strong>V\u00e5r pedagogiska grundsyn:<\/strong><br \/>\nV\u00e5rt m\u00e5l \u00e4r att alla ska k\u00e4nna sig trygga, sedda och h\u00f6rda. Med trygghet menar vi att alla ska f\u00e5 vara som man \u00e4r, uttrycka sina \u00e5sikter, bli v\u00e4nligt bem\u00f6tta utan sarkasm och ironi. Man l\u00e4r sig genom f\u00f6rs\u00f6k och misstag, att sj\u00e4lva ta reda p\u00e5 och sedan pr\u00f6va detta i praktiken.<\/p>\n<p><strong>V\u00e5r pedagogik:<\/strong><br \/>\nKommande l\u00e4se\u00e5r \u00e4r v\u00e5rt tema positiva relationer.<br \/>\nVi jobbar \u00e4ven med spr\u00e5k, spr\u00e5kf\u00f6rst\u00e5else och andra spr\u00e5ksv\u00e5righeter. Vi har \u00e4ven<br \/>\nindividuella tr\u00e4ningsstunder med barn som beh\u00f6ver extra st\u00f6d och hj\u00e4lp.<br \/>\nMatematik och naturvetenskap \u00e4r ocks\u00e5 en stor del av v\u00e5r verksamhet.<\/p>\n<p><strong>Varf\u00f6r ska studerande g\u00f6ra praktik p\u00e5 v\u00e5rt daghem?<\/strong><br \/>\nVi har kompetenta l\u00e4rare som har en bra verksamhet som studerande kan ta dela av. Eftersom vi har ett m\u00e5ngkulturellt daghem har studerande m\u00f6jlighet att bekanta sig med den sidan av<br \/>\ndagv\u00e5rden. Vi har n\u00e4ra till skogen och en h\u00e4rlig natur.<\/p>\n<p><strong>Vi kan erbjuda boende f\u00f6r den studerande under praktiktiden:<\/strong><br \/>\nNej<\/p>\n<p><strong>Vi kan hj\u00e4lpa till att s\u00f6ka boende f\u00f6r den studerande under praktiktiden:<\/strong><br \/>\nNej<\/p>\n<p><img loading=\"lazy\" decoding=\"async\" class=\"alignleft wp-image-417\" src=\"http:\/\/blogs2.abo.fi\/ovningsdaghem\/wp-content\/uploads\/sites\/159\/2021\/06\/Trollebo2-scaled.jpg\" alt=\"\" width=\"452\" height=\"602\" srcset=\"https:\/\/blogs2.abo.fi\/ovningsdaghem\/wp-content\/uploads\/sites\/159\/2021\/06\/Trollebo2-scaled.jpg 1920w, https:\/\/blogs2.abo.fi\/ovningsdaghem\/wp-content\/uploads\/sites\/159\/2021\/06\/Trollebo2-225x300.jpg 225w, https:\/\/blogs2.abo.fi\/ovningsdaghem\/wp-content\/uploads\/sites\/159\/2021\/06\/Trollebo2-768x1024.jpg 768w, https:\/\/blogs2.abo.fi\/ovningsdaghem\/wp-content\/uploads\/sites\/159\/2021\/06\/Trollebo2-1152x1536.jpg 1152w, https:\/\/blogs2.abo.fi\/ovningsdaghem\/wp-content\/uploads\/sites\/159\/2021\/06\/Trollebo2-1536x2048.jpg 1536w, https:\/\/blogs2.abo.fi\/ovningsdaghem\/wp-content\/uploads\/sites\/159\/2021\/06\/Trollebo2-624x832.jpg 624w\" sizes=\"auto, (max-width: 452px) 100vw, 452px\" \/><\/p>\n","protected":false},"excerpt":{"rendered":"<p>Trollebo daghem Daghemmets ort: N\u00e4rpes Daghemmets storlek: 4 avdelningar, 66 platser. Vi verkar p\u00e5 f\u00f6ljande spr\u00e5k: Svenska V\u00e5r pedagogiska grundsyn: V\u00e5rt m\u00e5l \u00e4r att alla ska k\u00e4nna sig trygga, sedda och h\u00f6rda. Med trygghet menar vi att alla ska f\u00e5 vara som man \u00e4r, uttrycka sina \u00e5sikter, bli v\u00e4nligt bem\u00f6tta utan sarkasm och ironi. Man &hellip; <a href=\"https:\/\/blogs2.abo.fi\/ovningsdaghem\/trollebo-daghem\/\" class=\"more-link\">Forts\u00e4tt l\u00e4sa <span class=\"screen-reader-text\">Trollebo daghem<\/span><\/a><\/p>\n","protected":false},"author":530,"featured_media":0,"parent":0,"menu_order":0,"comment_status":"closed","ping_status":"closed","template":"","meta":{"footnotes":""},"class_list":["post-415","page","type-page","status-publish","hentry"],"_links":{"self":[{"href":"https:\/\/blogs2.abo.fi\/ovningsdaghem\/wp-json\/wp\/v2\/pages\/415","targetHints":{"allow":["GET"]}}],"collection":[{"href":"https:\/\/blogs2.abo.fi\/ovningsdaghem\/wp-json\/wp\/v2\/pages"}],"about":[{"href":"https:\/\/blogs2.abo.fi\/ovningsdaghem\/wp-json\/wp\/v2\/types\/page"}],"author":[{"embeddable":true,"href":"https:\/\/blogs2.abo.fi\/ovningsdaghem\/wp-json\/wp\/v2\/users\/530"}],"replies":[{"embeddable":true,"href":"https:\/\/blogs2.abo.fi\/ovningsdaghem\/wp-json\/wp\/v2\/comments?post=415"}],"version-history":[{"count":2,"href":"https:\/\/blogs2.abo.fi\/ovningsdaghem\/wp-json\/wp\/v2\/pages\/415\/revisions"}],"predecessor-version":[{"id":1157,"href":"https:\/\/blogs2.abo.fi\/ovningsdaghem\/wp-json\/wp\/v2\/pages\/415\/revisions\/1157"}],"wp:attachment":[{"href":"https:\/\/blogs2.abo.fi\/ovningsdaghem\/wp-json\/wp\/v2\/media?parent=415"}],"curies":[{"name":"wp","href":"https:\/\/api.w.org\/{rel}","templated":true}]}}