{"id":395,"date":"2021-06-17T10:02:43","date_gmt":"2021-06-17T07:02:43","guid":{"rendered":"https:\/\/blogs2.abo.fi\/ovningsdaghem\/?page_id=395"},"modified":"2024-06-25T12:54:52","modified_gmt":"2024-06-25T09:54:52","slug":"knattebo-daghem-och-yttermalax-forskola","status":"publish","type":"page","link":"https:\/\/blogs2.abo.fi\/ovningsdaghem\/knattebo-daghem-och-yttermalax-forskola\/","title":{"rendered":"Knattebo daghem och Yttermalax f\u00f6rskola"},"content":{"rendered":"<p><img loading=\"lazy\" decoding=\"async\" class=\"alignleft size-full wp-image-396\" src=\"http:\/\/blogs2.abo.fi\/ovningsdaghem\/wp-content\/uploads\/sites\/159\/2021\/06\/Knattebo-scaled.jpg\" alt=\"\" width=\"2560\" height=\"1920\" srcset=\"https:\/\/blogs2.abo.fi\/ovningsdaghem\/wp-content\/uploads\/sites\/159\/2021\/06\/Knattebo-scaled.jpg 2560w, https:\/\/blogs2.abo.fi\/ovningsdaghem\/wp-content\/uploads\/sites\/159\/2021\/06\/Knattebo-300x225.jpg 300w, https:\/\/blogs2.abo.fi\/ovningsdaghem\/wp-content\/uploads\/sites\/159\/2021\/06\/Knattebo-1024x768.jpg 1024w, https:\/\/blogs2.abo.fi\/ovningsdaghem\/wp-content\/uploads\/sites\/159\/2021\/06\/Knattebo-768x576.jpg 768w, https:\/\/blogs2.abo.fi\/ovningsdaghem\/wp-content\/uploads\/sites\/159\/2021\/06\/Knattebo-1536x1152.jpg 1536w, https:\/\/blogs2.abo.fi\/ovningsdaghem\/wp-content\/uploads\/sites\/159\/2021\/06\/Knattebo-2048x1536.jpg 2048w, https:\/\/blogs2.abo.fi\/ovningsdaghem\/wp-content\/uploads\/sites\/159\/2021\/06\/Knattebo-624x468.jpg 624w\" sizes=\"auto, (max-width: 2560px) 100vw, 2560px\" \/><\/p>\n<h1><strong>Knattebo daghem och Yttermalax f\u00f6rskola<\/strong><\/h1>\n<p><strong>Daghemmets ort:<br \/>\n<\/strong>Malax<\/p>\n<p><strong>Daghemmets storlek:<br \/>\n<\/strong>4 avdelningar + 2 f\u00f6rskoleavdelningar. Ca 97 barn.<\/p>\n<p><strong>Vi verkar p\u00e5 f\u00f6ljande spr\u00e5k:<br \/>\n<\/strong>5 p\u00e5 svenska<br \/>\n1 avdelning p\u00e5 finska<\/p>\n<p><strong>V\u00e5r pedagogiska grundsyn:<br \/>\n<\/strong>Vi arbetar f\u00f6r att barnen ska k\u00e4nna sig trygga p\u00e5 daghemmet och tillsammans i barngrupp arbetar vi mycket med gruppdynamiken och inkludering. Barnen ska k\u00e4nna tillit till alla vuxna och f\u00e5 m\u00f6jlighet att l\u00e4ra sig samarbetsf\u00e4rdigheter och socioemotionella f\u00e4rdigheter tillsammans. Individuellt bem\u00f6tande och pedagogisk verksamhet enligt barnets utvecklingsniv\u00e5 och kapacitet \u00e4r viktiga ledord.<\/p>\n<p>Spr\u00e5ket, motoriken och socioemotionella f\u00e4rdigheter i fokus.<\/p>\n<p><strong>V\u00e5r pedagogik:<br \/>\n<\/strong>Vi g\u00e5r regelbundet till skogen i anslutning till v\u00e5rt daghem och r\u00f6r oss mycket utomhus. Vi \u00e4r pilotdaghem f\u00f6r Sm\u00e5barnspedagogiken i r\u00f6relse och jobbar alltmer med att utforma l\u00e4rmilj\u00f6erna enligt barnens intressen och \u00f6nskem\u00e5l. F\u00f6rskolan bes\u00f6ker regelbundet Pixne idrottsomr\u00e5de under l\u00e4s\u00e5ret.<\/p>\n<p><strong>Varf\u00f6r ska studerande g\u00f6ra praktik p\u00e5 v\u00e5rt daghem?<br \/>\n<\/strong>Vi har erfaren, trygg personal som arbetar p\u00e5 enheten med gedigen pedagogisk bakgrund. Vi arbetar medvetet med hela personalteamet och teamets delaktighet i verksamheten.<\/p>\n<p><strong>Vi kan erbjuda boende f\u00f6r den studerande under praktiktiden:<br \/>\n<\/strong>Nej<strong><br \/>\n<\/strong><\/p>\n<p><strong>Vi kan hj\u00e4lpa till att s\u00f6ka boende f\u00f6r den studerande under praktiktiden:<br \/>\n<\/strong>Nej<\/p>\n","protected":false},"excerpt":{"rendered":"<p>Knattebo daghem och Yttermalax f\u00f6rskola Daghemmets ort: Malax Daghemmets storlek: 4 avdelningar + 2 f\u00f6rskoleavdelningar. Ca 97 barn. Vi verkar p\u00e5 f\u00f6ljande spr\u00e5k: 5 p\u00e5 svenska 1 avdelning p\u00e5 finska V\u00e5r pedagogiska grundsyn: Vi arbetar f\u00f6r att barnen ska k\u00e4nna sig trygga p\u00e5 daghemmet och tillsammans i barngrupp arbetar vi mycket med gruppdynamiken och inkludering. &hellip; <a href=\"https:\/\/blogs2.abo.fi\/ovningsdaghem\/knattebo-daghem-och-yttermalax-forskola\/\" class=\"more-link\">Forts\u00e4tt l\u00e4sa <span class=\"screen-reader-text\">Knattebo daghem och Yttermalax f\u00f6rskola<\/span><\/a><\/p>\n","protected":false},"author":530,"featured_media":0,"parent":0,"menu_order":0,"comment_status":"closed","ping_status":"closed","template":"","meta":{"footnotes":""},"class_list":["post-395","page","type-page","status-publish","hentry"],"_links":{"self":[{"href":"https:\/\/blogs2.abo.fi\/ovningsdaghem\/wp-json\/wp\/v2\/pages\/395","targetHints":{"allow":["GET"]}}],"collection":[{"href":"https:\/\/blogs2.abo.fi\/ovningsdaghem\/wp-json\/wp\/v2\/pages"}],"about":[{"href":"https:\/\/blogs2.abo.fi\/ovningsdaghem\/wp-json\/wp\/v2\/types\/page"}],"author":[{"embeddable":true,"href":"https:\/\/blogs2.abo.fi\/ovningsdaghem\/wp-json\/wp\/v2\/users\/530"}],"replies":[{"embeddable":true,"href":"https:\/\/blogs2.abo.fi\/ovningsdaghem\/wp-json\/wp\/v2\/comments?post=395"}],"version-history":[{"count":4,"href":"https:\/\/blogs2.abo.fi\/ovningsdaghem\/wp-json\/wp\/v2\/pages\/395\/revisions"}],"predecessor-version":[{"id":1195,"href":"https:\/\/blogs2.abo.fi\/ovningsdaghem\/wp-json\/wp\/v2\/pages\/395\/revisions\/1195"}],"wp:attachment":[{"href":"https:\/\/blogs2.abo.fi\/ovningsdaghem\/wp-json\/wp\/v2\/media?parent=395"}],"curies":[{"name":"wp","href":"https:\/\/api.w.org\/{rel}","templated":true}]}}