{"id":380,"date":"2021-06-17T09:19:25","date_gmt":"2021-06-17T06:19:25","guid":{"rendered":"https:\/\/blogs2.abo.fi\/ovningsdaghem\/?page_id=380"},"modified":"2024-06-25T12:23:02","modified_gmt":"2024-06-25T09:23:02","slug":"hommas-daghem-och-forskola","status":"publish","type":"page","link":"https:\/\/blogs2.abo.fi\/ovningsdaghem\/hommas-daghem-och-forskola\/","title":{"rendered":"Hommas daghem och f\u00f6rskola"},"content":{"rendered":"<p><img loading=\"lazy\" decoding=\"async\" class=\"alignleft size-full wp-image-381\" src=\"http:\/\/blogs2.abo.fi\/ovningsdaghem\/wp-content\/uploads\/sites\/159\/2021\/06\/Hommasdaghem-scaled.jpg\" alt=\"\" width=\"2560\" height=\"1912\" srcset=\"https:\/\/blogs2.abo.fi\/ovningsdaghem\/wp-content\/uploads\/sites\/159\/2021\/06\/Hommasdaghem-scaled.jpg 2560w, https:\/\/blogs2.abo.fi\/ovningsdaghem\/wp-content\/uploads\/sites\/159\/2021\/06\/Hommasdaghem-300x224.jpg 300w, https:\/\/blogs2.abo.fi\/ovningsdaghem\/wp-content\/uploads\/sites\/159\/2021\/06\/Hommasdaghem-1024x765.jpg 1024w, https:\/\/blogs2.abo.fi\/ovningsdaghem\/wp-content\/uploads\/sites\/159\/2021\/06\/Hommasdaghem-768x574.jpg 768w, https:\/\/blogs2.abo.fi\/ovningsdaghem\/wp-content\/uploads\/sites\/159\/2021\/06\/Hommasdaghem-1536x1147.jpg 1536w, https:\/\/blogs2.abo.fi\/ovningsdaghem\/wp-content\/uploads\/sites\/159\/2021\/06\/Hommasdaghem-2048x1530.jpg 2048w, https:\/\/blogs2.abo.fi\/ovningsdaghem\/wp-content\/uploads\/sites\/159\/2021\/06\/Hommasdaghem-624x466.jpg 624w\" sizes=\"auto, (max-width: 2560px) 100vw, 2560px\" \/><\/p>\n<h1>Hommas daghem och f\u00f6rskola<\/h1>\n<p><strong>Daghemmets ort:<br \/>\n<\/strong>Kyrksl\u00e4tt, Masaby<\/p>\n<p><strong>Daghemmets storlek:<br \/>\n<\/strong>5 avdelningar + f\u00f6rskola.<br \/>\nSm\u00e5barnspedagogiken 75 &#8211; 85 barn.<br \/>\nF\u00f6rskolan 20 \u2013 25 barn.<\/p>\n<p><strong>Vi verkar p\u00e5 f\u00f6ljande spr\u00e5k:<br \/>\n<\/strong>Svenska<\/p>\n<p><strong>V\u00e5r pedagogiska grundsyn:<br \/>\n<\/strong>P\u00e5 Hommas daghem och f\u00f6rskola vill vi erbjuda barnen en trygg, inspirerande och lekfull milj\u00f6 att v\u00e4xa och utvecklas i. Vi i personalen vill ge varje enskilt barn en god v\u00e5rd, en trygg famn och en bra dag med meningsfull verksamhet. Vi tar h\u00e4nsyn till varje barns egna f\u00f6ruts\u00e4ttningar, f\u00f6rm\u00e5gor och utvecklingsniv\u00e5 n\u00e4r vi planerar och genomf\u00f6r v\u00e5r verksamhet utg\u00e5ende fr\u00e5n barnens egna tankar, intressen och behov p\u00e5 ett temainriktat arbetss\u00e4tt.<\/p>\n<p>Vi i personalen vill att Hommas daghem och f\u00f6rskola ska vara en positiv och trygg plats dit s\u00e5v\u00e4l barn som vuxna g\u00e4rna kommer varje morgon. I samarbete med f\u00f6r\u00e4ldrarna arbetar vi f\u00f6r barnets b\u00e4sta. Vi anser att en bra fostringsgemenskap skall bygga p\u00e5 lyssnande, \u00f6msesidig respekt, dialog och f\u00f6rtroende.<\/p>\n<p><em>Hommas daghems och f\u00f6rskolas gemensamma v\u00e4rderingar \u00e4r:<\/em><\/p>\n<ul>\n<li>Att ge barnen en trygg uppv\u00e4xtmilj\u00f6<\/li>\n<li>Att visa respekt f\u00f6r barnet och dess familj<\/li>\n<li>Att se och h\u00f6ra varje barn alla dagar<\/li>\n<li>Att st\u00f6da barnets v\u00e4xande och l\u00e4rande<\/li>\n<li>Att bygga upp en bra fostringsgemenskap<\/li>\n<\/ul>\n<p><strong>V\u00e5r pedagogik:<br \/>\n<\/strong>Helhetsskapande pedagogik.<\/p>\n<p><strong>Varf\u00f6r ska studerande g\u00f6ra praktik p\u00e5 v\u00e5rt daghem?<br \/>\n<\/strong>Vi har en kunnig och motiverad personal som har barnet i fokus. Personalen har erfarenhet av att handleda studeranden. Vi ser det som ett merv\u00e4rde att f\u00e5 ta del av studerandens tankar och det nyaste fr\u00e5n universitetsstudierna.<\/p>\n<p><strong>Vi kan erbjuda boende f\u00f6r den studerande under praktiktiden:<br \/>\n<\/strong>Nej<\/p>\n<p><strong>Vi kan hj\u00e4lpa till att s\u00f6ka boende f\u00f6r den studerande under praktiktiden:<br \/>\n<\/strong>Nej<\/p>\n","protected":false},"excerpt":{"rendered":"<p>Hommas daghem och f\u00f6rskola Daghemmets ort: Kyrksl\u00e4tt, Masaby Daghemmets storlek: 5 avdelningar + f\u00f6rskola. Sm\u00e5barnspedagogiken 75 &#8211; 85 barn. F\u00f6rskolan 20 \u2013 25 barn. Vi verkar p\u00e5 f\u00f6ljande spr\u00e5k: Svenska V\u00e5r pedagogiska grundsyn: P\u00e5 Hommas daghem och f\u00f6rskola vill vi erbjuda barnen en trygg, inspirerande och lekfull milj\u00f6 att v\u00e4xa och utvecklas i. Vi i &hellip; <a href=\"https:\/\/blogs2.abo.fi\/ovningsdaghem\/hommas-daghem-och-forskola\/\" class=\"more-link\">Forts\u00e4tt l\u00e4sa <span class=\"screen-reader-text\">Hommas daghem och f\u00f6rskola<\/span><\/a><\/p>\n","protected":false},"author":530,"featured_media":0,"parent":0,"menu_order":0,"comment_status":"closed","ping_status":"closed","template":"","meta":{"footnotes":""},"class_list":["post-380","page","type-page","status-publish","hentry"],"_links":{"self":[{"href":"https:\/\/blogs2.abo.fi\/ovningsdaghem\/wp-json\/wp\/v2\/pages\/380","targetHints":{"allow":["GET"]}}],"collection":[{"href":"https:\/\/blogs2.abo.fi\/ovningsdaghem\/wp-json\/wp\/v2\/pages"}],"about":[{"href":"https:\/\/blogs2.abo.fi\/ovningsdaghem\/wp-json\/wp\/v2\/types\/page"}],"author":[{"embeddable":true,"href":"https:\/\/blogs2.abo.fi\/ovningsdaghem\/wp-json\/wp\/v2\/users\/530"}],"replies":[{"embeddable":true,"href":"https:\/\/blogs2.abo.fi\/ovningsdaghem\/wp-json\/wp\/v2\/comments?post=380"}],"version-history":[{"count":4,"href":"https:\/\/blogs2.abo.fi\/ovningsdaghem\/wp-json\/wp\/v2\/pages\/380\/revisions"}],"predecessor-version":[{"id":1178,"href":"https:\/\/blogs2.abo.fi\/ovningsdaghem\/wp-json\/wp\/v2\/pages\/380\/revisions\/1178"}],"wp:attachment":[{"href":"https:\/\/blogs2.abo.fi\/ovningsdaghem\/wp-json\/wp\/v2\/media?parent=380"}],"curies":[{"name":"wp","href":"https:\/\/api.w.org\/{rel}","templated":true}]}}