{"id":346,"date":"2021-06-16T14:58:51","date_gmt":"2021-06-16T11:58:51","guid":{"rendered":"https:\/\/blogs2.abo.fi\/ovningsdaghem\/?page_id=346"},"modified":"2024-06-25T08:43:28","modified_gmt":"2024-06-25T05:43:28","slug":"svenska-daghemmet","status":"publish","type":"page","link":"https:\/\/blogs2.abo.fi\/ovningsdaghem\/svenska-daghemmet\/","title":{"rendered":"Svenska daghemmet"},"content":{"rendered":"<p><img loading=\"lazy\" decoding=\"async\" class=\"alignleft wp-image-347 size-full\" src=\"http:\/\/blogs2.abo.fi\/ovningsdaghem\/wp-content\/uploads\/sites\/159\/2021\/06\/svenska-daghemmet.jpg\" alt=\"\" width=\"405\" height=\"399\" srcset=\"https:\/\/blogs2.abo.fi\/ovningsdaghem\/wp-content\/uploads\/sites\/159\/2021\/06\/svenska-daghemmet.jpg 405w, https:\/\/blogs2.abo.fi\/ovningsdaghem\/wp-content\/uploads\/sites\/159\/2021\/06\/svenska-daghemmet-300x296.jpg 300w\" sizes=\"auto, (max-width: 405px) 100vw, 405px\" \/><\/p>\n<p>&nbsp;<\/p>\n<p>&nbsp;<\/p>\n<p>&nbsp;<\/p>\n<p>&nbsp;<\/p>\n<p>&nbsp;<\/p>\n<p>&nbsp;<\/p>\n<p>&nbsp;<\/p>\n<h1>Svenska daghemmet<\/h1>\n<p><strong>Daghemmets ort:<br \/>\n<\/strong>Karleby<\/p>\n<p><strong>Daghemmets storlek (antal avdelningar, barn):<br \/>\n<\/strong>4 avdelningar f\u00f6rdelade p\u00e5 tv\u00e5 enheter, 65 barn.<\/p>\n<p><strong>Vi verkar p\u00e5 f\u00f6ljande spr\u00e5k:<br \/>\n<\/strong>Svenska<\/p>\n<p><strong>V\u00e5r pedagogiska grundsyn:<br \/>\n<\/strong>Vi satsar p\u00e5 att ge barnen trygghet \u201dramar och kramar\u201d , \u00f6va socialkompetens, positiv pedagogik och r\u00f6relsegl\u00e4dje.<\/p>\n<p>Svenska spr\u00e5ket och finlandssvenska traditioner.<\/p>\n<p><strong>V\u00e5r pedagogik:<br \/>\n<\/strong>Vi \u00e4r med i projektet \u201dSm\u00e5barnspedagogik i r\u00f6relse\/ Liikkuva varhaiskasvatus\u201d och h\u00e5ller hela tiden p\u00e5 att f\u00f6rs\u00f6ka utveckla verksamheten med tanke p\u00e5 att barnen ska r\u00f6ra p\u00e5 sig mycket och p\u00e5 olika s\u00e4tt.<\/p>\n<p>Som stadens \u00e4ldsta daghem s\u00e5 v\u00e4rnar vi om m\u00e5nga gamla och viktiga traditioner, b\u00e5de s\u00e5na som h\u00f6r till daghemmet och till den finlandssvenska kulturen\u00a0 i allm\u00e4nhet.<\/p>\n<p>I v\u00e5r tv\u00e5spr\u00e5kiga stad v\u00e4rnar vi om att arbeta mycket med det svenska spr\u00e5ket d\u00e5 stor del av barnen kommer fr\u00e5n tv\u00e5spr\u00e5kiga hem och har starkare finska.<\/p>\n<p><strong>Varf\u00f6r ska studerande g\u00f6ra praktik p\u00e5 v\u00e5rt daghem?<br \/>\n<\/strong>Vi vill g\u00e4rna f\u00e5 svenskspr\u00e5kiga studerande hit till v\u00e5rt daghem f\u00f6r att f\u00e5 kontinuitet och utveckling till den svenskrp\u00e5kiga sm\u00e5barnspedagogiken i Karleby. H\u00e4r kan man delta i en m\u00e5ngsidig verksamhet och f\u00e5r komma till en hemlik och trevlig milj\u00f6 i Neristans tr\u00e4hus omr\u00e5de.<\/p>\n<p><strong>Vi kan erbjuda boende f\u00f6r den studerande under praktiktiden:<br \/>\n<\/strong>Nej<\/p>\n<p><strong>Vi kan hj\u00e4lpa till att s\u00f6ka boende f\u00f6r den studerande under praktiktiden:<br \/>\n<\/strong>Nej<\/p>\n","protected":false},"excerpt":{"rendered":"<p>&nbsp; &nbsp; &nbsp; &nbsp; &nbsp; &nbsp; &nbsp; Svenska daghemmet Daghemmets ort: Karleby Daghemmets storlek (antal avdelningar, barn): 4 avdelningar f\u00f6rdelade p\u00e5 tv\u00e5 enheter, 65 barn. Vi verkar p\u00e5 f\u00f6ljande spr\u00e5k: Svenska V\u00e5r pedagogiska grundsyn: Vi satsar p\u00e5 att ge barnen trygghet \u201dramar och kramar\u201d , \u00f6va socialkompetens, positiv pedagogik och r\u00f6relsegl\u00e4dje. Svenska spr\u00e5ket och finlandssvenska &hellip; <a href=\"https:\/\/blogs2.abo.fi\/ovningsdaghem\/svenska-daghemmet\/\" class=\"more-link\">Forts\u00e4tt l\u00e4sa <span class=\"screen-reader-text\">Svenska daghemmet<\/span><\/a><\/p>\n","protected":false},"author":530,"featured_media":0,"parent":0,"menu_order":0,"comment_status":"closed","ping_status":"closed","template":"","meta":{"footnotes":""},"class_list":["post-346","page","type-page","status-publish","hentry"],"_links":{"self":[{"href":"https:\/\/blogs2.abo.fi\/ovningsdaghem\/wp-json\/wp\/v2\/pages\/346","targetHints":{"allow":["GET"]}}],"collection":[{"href":"https:\/\/blogs2.abo.fi\/ovningsdaghem\/wp-json\/wp\/v2\/pages"}],"about":[{"href":"https:\/\/blogs2.abo.fi\/ovningsdaghem\/wp-json\/wp\/v2\/types\/page"}],"author":[{"embeddable":true,"href":"https:\/\/blogs2.abo.fi\/ovningsdaghem\/wp-json\/wp\/v2\/users\/530"}],"replies":[{"embeddable":true,"href":"https:\/\/blogs2.abo.fi\/ovningsdaghem\/wp-json\/wp\/v2\/comments?post=346"}],"version-history":[{"count":4,"href":"https:\/\/blogs2.abo.fi\/ovningsdaghem\/wp-json\/wp\/v2\/pages\/346\/revisions"}],"predecessor-version":[{"id":1027,"href":"https:\/\/blogs2.abo.fi\/ovningsdaghem\/wp-json\/wp\/v2\/pages\/346\/revisions\/1027"}],"wp:attachment":[{"href":"https:\/\/blogs2.abo.fi\/ovningsdaghem\/wp-json\/wp\/v2\/media?parent=346"}],"curies":[{"name":"wp","href":"https:\/\/api.w.org\/{rel}","templated":true}]}}