{"id":289,"date":"2021-06-01T14:54:57","date_gmt":"2021-06-01T11:54:57","guid":{"rendered":"https:\/\/blogs2.abo.fi\/ovningsdaghem\/?page_id=289"},"modified":"2024-06-25T11:32:35","modified_gmt":"2024-06-25T08:32:35","slug":"replot-daghem","status":"publish","type":"page","link":"https:\/\/blogs2.abo.fi\/ovningsdaghem\/replot-daghem\/","title":{"rendered":"Replot daghem"},"content":{"rendered":"<p><strong><img loading=\"lazy\" decoding=\"async\" class=\"alignleft size-full wp-image-290\" src=\"http:\/\/blogs2.abo.fi\/ovningsdaghem\/wp-content\/uploads\/sites\/159\/2021\/06\/Replotute-scaled.jpg\" alt=\"\" width=\"2560\" height=\"1920\" srcset=\"https:\/\/blogs2.abo.fi\/ovningsdaghem\/wp-content\/uploads\/sites\/159\/2021\/06\/Replotute-scaled.jpg 2560w, https:\/\/blogs2.abo.fi\/ovningsdaghem\/wp-content\/uploads\/sites\/159\/2021\/06\/Replotute-300x225.jpg 300w, https:\/\/blogs2.abo.fi\/ovningsdaghem\/wp-content\/uploads\/sites\/159\/2021\/06\/Replotute-1024x768.jpg 1024w, https:\/\/blogs2.abo.fi\/ovningsdaghem\/wp-content\/uploads\/sites\/159\/2021\/06\/Replotute-768x576.jpg 768w, https:\/\/blogs2.abo.fi\/ovningsdaghem\/wp-content\/uploads\/sites\/159\/2021\/06\/Replotute-1536x1152.jpg 1536w, https:\/\/blogs2.abo.fi\/ovningsdaghem\/wp-content\/uploads\/sites\/159\/2021\/06\/Replotute-2048x1536.jpg 2048w, https:\/\/blogs2.abo.fi\/ovningsdaghem\/wp-content\/uploads\/sites\/159\/2021\/06\/Replotute-624x468.jpg 624w\" sizes=\"auto, (max-width: 2560px) 100vw, 2560px\" \/><\/strong><\/p>\n<h1>Replot daghem<\/h1>\n<p><strong>Daghemmets ort: <\/strong>Replot<\/p>\n<p><strong>Daghemmets storlek:<br \/>\n<\/strong>5 avdelningar inklusive f\u00f6rskolan. 79 barn.<\/p>\n<p><strong>Vi verkar p\u00e5 f\u00f6ljande spr\u00e5k:<br \/>\n<\/strong>Svenska<\/p>\n<p><strong>V\u00e5r pedagogiska grundsyn:<br \/>\n<\/strong>Pedagogisk grundsyn f\u00f6r oss \u00e4r en helhet best\u00e5ende av m\u00e4nniskosyn, kunskapssyn och inl\u00e4rningssyn. Vi tror p\u00e5 att verksamheten beh\u00f6ver anpassas efter barnen och inte tv\u00e4rtom. D\u00e4r av beh\u00f6ver m\u00e5ngfald av l\u00e4rande ing\u00e5. Vi ser p\u00e5 barnen som aktiva i sitt l\u00e4rande och ett l\u00e4rande som k\u00e4nns motiverat och lustfyllt f\u00f6r dem. Vi arbetar med att f\u00e5 barnen delaktiga i planerandet av\u00a0 l\u00e4rostunder till sj\u00e4lva utv\u00e4rderingen av dem.<\/p>\n<p>V\u00e4rdegrundsfr\u00e5gor ligger i kontinuerlig utv\u00e4rdering och utveckling hos oss. Trygghet och ett gott bem\u00f6tande \u00e4r nyckelord inom v\u00e5r verksamhet. Vi anser att utan trygghet hos barnen s\u00e5 kan inte heller l\u00e4rande ske. Trygghet innefattar v\u00e4lbefinnande och trivsel f\u00f6r alla p\u00e5 daghemmet. Det ligger mycket i hur vi kommunicerar, f\u00f6rh\u00e5ller och bem\u00f6ter varandra som skapar trygghet. Visar vi intresse f\u00f6r barnet, kollegor och f\u00f6r\u00e4ldrar? Hur uppr\u00e4tth\u00e5ller vi goda relationer? Dessa fr\u00e5gor diskuteras regelbundet s\u00e5 att vi p\u00e5 ett handlingskraftigt s\u00e4tt f\u00e5r in det rent konkret i verksamheten.<\/p>\n<p><strong>V\u00e5r pedagogik: <\/strong><\/p>\n<ul>\n<li>L\u00e5gaffektivt bem\u00f6tande<\/li>\n<li>Utomhuspedagogisk verksamhet<\/li>\n<li>Dynamiska grupper<\/li>\n<\/ul>\n<p><strong>Varf\u00f6r ska studerande g\u00f6ra praktik p\u00e5 v\u00e5rt daghem?<br \/>\n<\/strong>Ledord f\u00f6r oss \u00e4r en h\u00f6gkvalitativ sm\u00e5barnspedagogik och f\u00f6rskola d\u00e4r goda relationer och ett gott bem\u00f6tande p\u00e5 individniv\u00e5 uppr\u00e4tth\u00e5lls. V\u00e5ra studerande som kommer till oss k\u00e4nner sig varmt v\u00e4lkomna vid f\u00f6rsta steget in p\u00e5 avdelningarna. Vi \u00e4r en utvecklingsorienterad enhet d\u00e4r tid och utrymme ges \u00e5t de studerande. V\u00e5rt m\u00e5l \u00e4r att v\u00e4cka en stor lust f\u00f6r yrkesrollen hos de studerande och att som f\u00e4rdkost f\u00e5r de med sig inspiration att vidareutveckla sin yrkeskompetens. V\u00e5r syn p\u00e5 de studerande \u00e4r att de bidrar med senaste forskningen till v\u00e5ra team och att de \u00e4r en teammedlem i arbetsgemenskapen. Sist men inte minst s\u00e5 har vi en fin sk\u00e4rg\u00e5rdsmilj\u00f6 och vi tar vara p\u00e5 den natur vi har till v\u00e5rt f\u00f6rfogande. Varmt v\u00e4lkomnmen med att trivas med oss i Replot!<\/p>\n<p><strong>Vi kan erbjuda boende f\u00f6r den studerande under praktiktiden:<br \/>\n<\/strong>Nej<\/p>\n<p><strong>Vi kan hj\u00e4lpa till att s\u00f6ka boende f\u00f6r den studerande under praktiktiden:<br \/>\n<\/strong>Nej<\/p>\n<p><img loading=\"lazy\" decoding=\"async\" class=\"alignleft wp-image-291\" src=\"http:\/\/blogs2.abo.fi\/ovningsdaghem\/wp-content\/uploads\/sites\/159\/2021\/06\/Replotinne2-scaled.jpg\" alt=\"\" width=\"459\" height=\"344\" srcset=\"https:\/\/blogs2.abo.fi\/ovningsdaghem\/wp-content\/uploads\/sites\/159\/2021\/06\/Replotinne2-scaled.jpg 2560w, https:\/\/blogs2.abo.fi\/ovningsdaghem\/wp-content\/uploads\/sites\/159\/2021\/06\/Replotinne2-300x225.jpg 300w, https:\/\/blogs2.abo.fi\/ovningsdaghem\/wp-content\/uploads\/sites\/159\/2021\/06\/Replotinne2-1024x768.jpg 1024w, https:\/\/blogs2.abo.fi\/ovningsdaghem\/wp-content\/uploads\/sites\/159\/2021\/06\/Replotinne2-768x576.jpg 768w, https:\/\/blogs2.abo.fi\/ovningsdaghem\/wp-content\/uploads\/sites\/159\/2021\/06\/Replotinne2-1536x1152.jpg 1536w, https:\/\/blogs2.abo.fi\/ovningsdaghem\/wp-content\/uploads\/sites\/159\/2021\/06\/Replotinne2-2048x1536.jpg 2048w, https:\/\/blogs2.abo.fi\/ovningsdaghem\/wp-content\/uploads\/sites\/159\/2021\/06\/Replotinne2-624x468.jpg 624w\" sizes=\"auto, (max-width: 459px) 100vw, 459px\" \/> <img loading=\"lazy\" decoding=\"async\" class=\" wp-image-292 aligncenter\" src=\"http:\/\/blogs2.abo.fi\/ovningsdaghem\/wp-content\/uploads\/sites\/159\/2021\/06\/Replotinne3.jpg\" alt=\"\" width=\"427\" height=\"569\" srcset=\"https:\/\/blogs2.abo.fi\/ovningsdaghem\/wp-content\/uploads\/sites\/159\/2021\/06\/Replotinne3.jpg 1200w, https:\/\/blogs2.abo.fi\/ovningsdaghem\/wp-content\/uploads\/sites\/159\/2021\/06\/Replotinne3-225x300.jpg 225w, https:\/\/blogs2.abo.fi\/ovningsdaghem\/wp-content\/uploads\/sites\/159\/2021\/06\/Replotinne3-768x1024.jpg 768w, https:\/\/blogs2.abo.fi\/ovningsdaghem\/wp-content\/uploads\/sites\/159\/2021\/06\/Replotinne3-1152x1536.jpg 1152w, https:\/\/blogs2.abo.fi\/ovningsdaghem\/wp-content\/uploads\/sites\/159\/2021\/06\/Replotinne3-624x832.jpg 624w\" sizes=\"auto, (max-width: 427px) 100vw, 427px\" \/><\/p>\n","protected":false},"excerpt":{"rendered":"<p>Replot daghem Daghemmets ort: Replot Daghemmets storlek: 5 avdelningar inklusive f\u00f6rskolan. 79 barn. Vi verkar p\u00e5 f\u00f6ljande spr\u00e5k: Svenska V\u00e5r pedagogiska grundsyn: Pedagogisk grundsyn f\u00f6r oss \u00e4r en helhet best\u00e5ende av m\u00e4nniskosyn, kunskapssyn och inl\u00e4rningssyn. Vi tror p\u00e5 att verksamheten beh\u00f6ver anpassas efter barnen och inte tv\u00e4rtom. D\u00e4r av beh\u00f6ver m\u00e5ngfald av l\u00e4rande ing\u00e5. Vi &hellip; <a href=\"https:\/\/blogs2.abo.fi\/ovningsdaghem\/replot-daghem\/\" class=\"more-link\">Forts\u00e4tt l\u00e4sa <span class=\"screen-reader-text\">Replot daghem<\/span><\/a><\/p>\n","protected":false},"author":530,"featured_media":0,"parent":0,"menu_order":0,"comment_status":"closed","ping_status":"closed","template":"","meta":{"footnotes":""},"class_list":["post-289","page","type-page","status-publish","hentry"],"_links":{"self":[{"href":"https:\/\/blogs2.abo.fi\/ovningsdaghem\/wp-json\/wp\/v2\/pages\/289","targetHints":{"allow":["GET"]}}],"collection":[{"href":"https:\/\/blogs2.abo.fi\/ovningsdaghem\/wp-json\/wp\/v2\/pages"}],"about":[{"href":"https:\/\/blogs2.abo.fi\/ovningsdaghem\/wp-json\/wp\/v2\/types\/page"}],"author":[{"embeddable":true,"href":"https:\/\/blogs2.abo.fi\/ovningsdaghem\/wp-json\/wp\/v2\/users\/530"}],"replies":[{"embeddable":true,"href":"https:\/\/blogs2.abo.fi\/ovningsdaghem\/wp-json\/wp\/v2\/comments?post=289"}],"version-history":[{"count":8,"href":"https:\/\/blogs2.abo.fi\/ovningsdaghem\/wp-json\/wp\/v2\/pages\/289\/revisions"}],"predecessor-version":[{"id":1144,"href":"https:\/\/blogs2.abo.fi\/ovningsdaghem\/wp-json\/wp\/v2\/pages\/289\/revisions\/1144"}],"wp:attachment":[{"href":"https:\/\/blogs2.abo.fi\/ovningsdaghem\/wp-json\/wp\/v2\/media?parent=289"}],"curies":[{"name":"wp","href":"https:\/\/api.w.org\/{rel}","templated":true}]}}