{"id":1309,"date":"2025-06-24T12:49:30","date_gmt":"2025-06-24T09:49:30","guid":{"rendered":"https:\/\/blogs2.abo.fi\/ovningsdaghem\/?page_id=1309"},"modified":"2025-06-24T12:49:30","modified_gmt":"2025-06-24T09:49:30","slug":"nalle-maja-lilla-my","status":"publish","type":"page","link":"https:\/\/blogs2.abo.fi\/ovningsdaghem\/nalle-maja-lilla-my\/","title":{"rendered":"Nalle Maja &#8211; Lilla My"},"content":{"rendered":"<h1>Daghemmet Nalle Maja &#8211; Lilla My<\/h1>\n<p><strong>Daghemmets ort: <\/strong>Kronoby<\/p>\n<p><strong>Daghemmets storlek: <\/strong>2 sm\u00e5barnsavdelningar (0-3 \u00e5r), <strong>Nallemaja:<\/strong> 8 barn och <strong>Lilla My:<\/strong> 12 barn<\/p>\n<p><strong>Vi verkar p\u00e5 f\u00f6ljande spr\u00e5k: <\/strong>Svenska<\/p>\n<p><strong>V\u00e5r pedagogiska grundsyn: <\/strong>I v\u00e5r v\u00e4rdegrund betonar vi trygghet, j\u00e4mlikhet, respekt och medm\u00e4nsklighet.<\/p>\n<p><strong>V\u00e5r pedagogik:<\/strong><\/p>\n<p>BARNET I CENTRUM<\/p>\n<p>I v\u00e5r pedagogik har leken en central roll eftersom vi tror att barn l\u00e4r sig b\u00e4st n\u00e4r de \u00e4r engagerade och har roligt, och d\u00e4rf\u00f6r integrerar vi lek i alla aspekter av v\u00e5r verksamhet.<\/p>\n<p>V\u00e5ra pedagoger \u00e4r n\u00e4rvarande och arbetar i sm\u00e5grupper. Detta tillv\u00e4gag\u00e5ngss\u00e4tt g\u00f6r det m\u00f6jligt f\u00f6r oss att fokusera p\u00e5 varje barns individuella intressen och behov. Genom att arbeta i sm\u00e5grupper kan vi skapa en trygg och st\u00f6djande milj\u00f6 d\u00e4r varje barn f\u00e5r den uppm\u00e4rksamhet och det st\u00f6d de beh\u00f6ver f\u00f6r att utvecklas.<\/p>\n<p>Vi arbetar enligt ett processinriktat arbetss\u00e4tt, vilket inneb\u00e4r att vi ser l\u00e4rande som en p\u00e5g\u00e5ende process. Detta arbetss\u00e4tt inneb\u00e4r att vi kontinuerligt observerar, reflekterar och utv\u00e4rderar v\u00e5r verksamhet.<\/p>\n<p>Vi l\u00e4gger stor vikt vid att utveckla barnens sociala och empatiska f\u00f6rm\u00e5gor.<\/p>\n<p><strong>Varf\u00f6r ska studerande g\u00f6ra praktik p\u00e5 v\u00e5rt daghem?: <\/strong>V\u00e4lkommen till v\u00e5rt glada, positiva och flexibla team! Vi ser det som en stor f\u00f6rm\u00e5n att f\u00e5 studerande till oss, eftersom det inte bara \u00e4r utvecklande f\u00f6r er, utan \u00e4ven f\u00f6r v\u00e5ra pedagoger som alltid str\u00e4var efter att utvecklas inom denna bransch. P\u00e5 v\u00e5rt daghem arbetar kompetenta pedagoger som g\u00e4rna handleder studerande och delar med sig av sina kunskaper. Vi ger dig m\u00f6jligheten att oms\u00e4tta dina kunskaper i praktiken f\u00f6r att inspireras och utvecklas professionellt.<\/p>\n<p><strong>Vi kan erbjuda boende f\u00f6r den studerande under praktiktiden: <\/strong>nej<\/p>\n<p><strong>Vi kan hj\u00e4lpa till att s\u00f6ka boende f\u00f6r den studerande under praktiktiden: <\/strong>nej<strong>\u00a0 <\/strong><\/p>\n","protected":false},"excerpt":{"rendered":"<p>Daghemmet Nalle Maja &#8211; Lilla My Daghemmets ort: Kronoby Daghemmets storlek: 2 sm\u00e5barnsavdelningar (0-3 \u00e5r), Nallemaja: 8 barn och Lilla My: 12 barn Vi verkar p\u00e5 f\u00f6ljande spr\u00e5k: Svenska V\u00e5r pedagogiska grundsyn: I v\u00e5r v\u00e4rdegrund betonar vi trygghet, j\u00e4mlikhet, respekt och medm\u00e4nsklighet. V\u00e5r pedagogik: BARNET I CENTRUM I v\u00e5r pedagogik har leken en central roll &hellip; <a href=\"https:\/\/blogs2.abo.fi\/ovningsdaghem\/nalle-maja-lilla-my\/\" class=\"more-link\">Forts\u00e4tt l\u00e4sa <span class=\"screen-reader-text\">Nalle Maja &#8211; Lilla My<\/span><\/a><\/p>\n","protected":false},"author":707,"featured_media":0,"parent":0,"menu_order":0,"comment_status":"closed","ping_status":"closed","template":"","meta":{"footnotes":""},"class_list":["post-1309","page","type-page","status-publish","hentry"],"_links":{"self":[{"href":"https:\/\/blogs2.abo.fi\/ovningsdaghem\/wp-json\/wp\/v2\/pages\/1309","targetHints":{"allow":["GET"]}}],"collection":[{"href":"https:\/\/blogs2.abo.fi\/ovningsdaghem\/wp-json\/wp\/v2\/pages"}],"about":[{"href":"https:\/\/blogs2.abo.fi\/ovningsdaghem\/wp-json\/wp\/v2\/types\/page"}],"author":[{"embeddable":true,"href":"https:\/\/blogs2.abo.fi\/ovningsdaghem\/wp-json\/wp\/v2\/users\/707"}],"replies":[{"embeddable":true,"href":"https:\/\/blogs2.abo.fi\/ovningsdaghem\/wp-json\/wp\/v2\/comments?post=1309"}],"version-history":[{"count":1,"href":"https:\/\/blogs2.abo.fi\/ovningsdaghem\/wp-json\/wp\/v2\/pages\/1309\/revisions"}],"predecessor-version":[{"id":1310,"href":"https:\/\/blogs2.abo.fi\/ovningsdaghem\/wp-json\/wp\/v2\/pages\/1309\/revisions\/1310"}],"wp:attachment":[{"href":"https:\/\/blogs2.abo.fi\/ovningsdaghem\/wp-json\/wp\/v2\/media?parent=1309"}],"curies":[{"name":"wp","href":"https:\/\/api.w.org\/{rel}","templated":true}]}}