{"id":1271,"date":"2024-11-18T13:29:17","date_gmt":"2024-11-18T11:29:17","guid":{"rendered":"https:\/\/blogs2.abo.fi\/ovningsdaghem\/?page_id=1271"},"modified":"2024-11-18T13:31:20","modified_gmt":"2024-11-18T11:31:20","slug":"anna-buss-presentation-3","status":"publish","type":"page","link":"https:\/\/blogs2.abo.fi\/ovningsdaghem\/anna-buss-presentation-3\/","title":{"rendered":"Anna Buss presentation"},"content":{"rendered":"<p><a href=\"http:\/\/blogs2.abo.fi\/ovningsdaghem\/wp-content\/uploads\/sites\/159\/2024\/11\/Varhaiskasvatus-I-Smabarnspedagogiken-2024_natverkstraff-Relationen-mellan-lararutbildningen-och-faltet-14.11.2024.pdf\">Varhaiskasvatus I Sm\u00e5barnspedagogiken 2024_n\u00e4tverkstr\u00e4ff Relationen mellan l\u00e4rarutbildningen och f\u00e4ltet 14.11.2024<\/a><\/p>\n","protected":false},"excerpt":{"rendered":"<p>Varhaiskasvatus I Sm\u00e5barnspedagogiken 2024_n\u00e4tverkstr\u00e4ff Relationen mellan l\u00e4rarutbildningen och f\u00e4ltet 14.11.2024<\/p>\n","protected":false},"author":707,"featured_media":0,"parent":0,"menu_order":0,"comment_status":"closed","ping_status":"closed","template":"","meta":{"footnotes":""},"class_list":["post-1271","page","type-page","status-publish","hentry"],"_links":{"self":[{"href":"https:\/\/blogs2.abo.fi\/ovningsdaghem\/wp-json\/wp\/v2\/pages\/1271","targetHints":{"allow":["GET"]}}],"collection":[{"href":"https:\/\/blogs2.abo.fi\/ovningsdaghem\/wp-json\/wp\/v2\/pages"}],"about":[{"href":"https:\/\/blogs2.abo.fi\/ovningsdaghem\/wp-json\/wp\/v2\/types\/page"}],"author":[{"embeddable":true,"href":"https:\/\/blogs2.abo.fi\/ovningsdaghem\/wp-json\/wp\/v2\/users\/707"}],"replies":[{"embeddable":true,"href":"https:\/\/blogs2.abo.fi\/ovningsdaghem\/wp-json\/wp\/v2\/comments?post=1271"}],"version-history":[{"count":2,"href":"https:\/\/blogs2.abo.fi\/ovningsdaghem\/wp-json\/wp\/v2\/pages\/1271\/revisions"}],"predecessor-version":[{"id":1276,"href":"https:\/\/blogs2.abo.fi\/ovningsdaghem\/wp-json\/wp\/v2\/pages\/1271\/revisions\/1276"}],"wp:attachment":[{"href":"https:\/\/blogs2.abo.fi\/ovningsdaghem\/wp-json\/wp\/v2\/media?parent=1271"}],"curies":[{"name":"wp","href":"https:\/\/api.w.org\/{rel}","templated":true}]}}