{"id":1233,"date":"2024-09-03T07:59:56","date_gmt":"2024-09-03T04:59:56","guid":{"rendered":"https:\/\/blogs2.abo.fi\/ovningsdaghem\/?page_id=1233"},"modified":"2024-09-03T08:03:35","modified_gmt":"2024-09-03T05:03:35","slug":"inkeripuiston-paivakoti-inkeriparkens-daghem","status":"publish","type":"page","link":"https:\/\/blogs2.abo.fi\/ovningsdaghem\/inkeripuiston-paivakoti-inkeriparkens-daghem\/","title":{"rendered":"Inkeripuiston p\u00e4iv\u00e4koti\/Inkeriparkens daghem"},"content":{"rendered":"<h1>Inkeripuiston p\u00e4iv\u00e4koti\/Inkeriparkens daghem<\/h1>\n<p><strong>Daghemmets ort:\u00a0 <\/strong>Vasa, Storal\u00e5nggatan 76-78, Travgatan 9 och f\u00f6r tillf\u00e4llet Tammikaivonrinne 14<\/p>\n<p><strong>Daghemmets storlek: <\/strong><\/p>\n<p>Nappula 0-3 \u00e5ringar 12 platser (verksamhetsspr\u00e5k finska) <u>Storal\u00e5nggatan 78<\/u><\/p>\n<p>Vekkula 0-3 \u00e5ringar 12 platser (verksamhetsspr\u00e5k finska) <u>Storal\u00e5nggatan 78<\/u><\/p>\n<p>Touhula 0-5 \u00e5ringar 14 platser (verksamhetsspr\u00e5k finska) <u>Storal\u00e5nggatan 78<\/u><\/p>\n<p>Hippula 3-5 \u00e5ringar 21 platser (verksamhetsspr\u00e5k finska) <u>Storal\u00e5nggatan 78<\/u><\/p>\n<p>Muksula 3-5 \u00e5ringar 21 platser (verksamhetsspr\u00e5k finska) <u>Storal\u00e5nggatan 78<\/u><\/p>\n<p>Lemmikit A &amp; B f\u00f6rskola 14 +14 platser (verksamhetsspr\u00e5k finska) <u>Travgatan 9<\/u><\/p>\n<p>Bl\u00e5sipporna 5-6 \u00e5ringar, spr\u00e5kbad (verksamhetsspr\u00e5k svenska) <u>Tammikaivoinrinne 14<\/u><\/p>\n<p>Vitsippor 5-6 \u00e5ringar, spr\u00e5kbad (verksamhetsspr\u00e5k svenska) <u>Tammikaivoinrinne 14<\/u><\/p>\n<p><strong>Vi verkar p\u00e5 f\u00f6ljande spr\u00e5k: <\/strong>Finska, (spr\u00e5kbad svenska)<\/p>\n<p><strong>V\u00e5r pedagogiska grundsyn:<\/strong><\/p>\n<p>\u201dEv\u00e4it\u00e4 el\u00e4m\u00e4\u00e4n leikin kautta\u201d<\/p>\n<p><strong>V\u00e5r pedagogik:<\/strong><\/p>\n<p>V\u00e5r verksamhetskultur betonar lek och interaktion, delaktighet och j\u00e4mlikhet, kulturell m\u00e5ngfald och spr\u00e5kmedvetenhet, samt v\u00e4lbefinnande, s\u00e4kerhet och en h\u00e5llbar livsstil. Placeringen av v\u00e5rt daghem m\u00f6jligg\u00f6r en m\u00e5ngsidig l\u00e4rmilj\u00f6 med natur, n\u00e4rliggande lekplatser, idrottsanl\u00e4ggningar och kulturutbud.<\/p>\n<p>Vi v\u00e4rdes\u00e4tter ett \u00f6ppet och konfidentiellt pedagogiskt samarbete med v\u00e5rdnadshavare.<\/p>\n<p><strong>Varf\u00f6r ska studerande g\u00f6ra praktik p\u00e5 v\u00e5rt daghem? <\/strong><\/p>\n<p>Vi erbjuder h\u00f6gkvalitativ sm\u00e5barnspedagogik samt f\u00f6rskoleutbildning i enlighet med Vasa stad plan f\u00f6r sm\u00e5barnspedagogik och f\u00f6rskolans l\u00e4roplan. I centrum f\u00f6r v\u00e5rt arbete \u00e4r ett l\u00e4rande och v\u00e4lm\u00e5ende barn.<\/p>\n<p><strong>Vi kan erbjuda boende f\u00f6r den studerande under praktiktiden: \u00a0<\/strong>Nej<\/p>\n<p><strong>Vi kan hj\u00e4lpa till att s\u00f6ka boende f\u00f6r den studerande under praktiktiden:\u00a0 <\/strong>Nej<\/p>\n<p><strong>Se bilder fr\u00e5n Inkeripuiston p\u00e4iv\u00e4koti h\u00e4r:<\/strong> <a href=\"https:\/\/www.instagram.com\/vaasa_inkerinpuiston_paivakoti\/\">https:\/\/www.instagram.com\/vaasa_inkerinpuiston_paivakoti\/<\/a><\/p>\n<p><strong>\u00a0<\/strong><\/p>\n","protected":false},"excerpt":{"rendered":"<p>Inkeripuiston p\u00e4iv\u00e4koti\/Inkeriparkens daghem Daghemmets ort:\u00a0 Vasa, Storal\u00e5nggatan 76-78, Travgatan 9 och f\u00f6r tillf\u00e4llet Tammikaivonrinne 14 Daghemmets storlek: Nappula 0-3 \u00e5ringar 12 platser (verksamhetsspr\u00e5k finska) Storal\u00e5nggatan 78 Vekkula 0-3 \u00e5ringar 12 platser (verksamhetsspr\u00e5k finska) Storal\u00e5nggatan 78 Touhula 0-5 \u00e5ringar 14 platser (verksamhetsspr\u00e5k finska) Storal\u00e5nggatan 78 Hippula 3-5 \u00e5ringar 21 platser (verksamhetsspr\u00e5k finska) Storal\u00e5nggatan 78 Muksula 3-5 &hellip; <a href=\"https:\/\/blogs2.abo.fi\/ovningsdaghem\/inkeripuiston-paivakoti-inkeriparkens-daghem\/\" class=\"more-link\">Forts\u00e4tt l\u00e4sa <span class=\"screen-reader-text\">Inkeripuiston p\u00e4iv\u00e4koti\/Inkeriparkens daghem<\/span><\/a><\/p>\n","protected":false},"author":707,"featured_media":0,"parent":0,"menu_order":0,"comment_status":"closed","ping_status":"closed","template":"","meta":{"footnotes":""},"class_list":["post-1233","page","type-page","status-publish","hentry"],"_links":{"self":[{"href":"https:\/\/blogs2.abo.fi\/ovningsdaghem\/wp-json\/wp\/v2\/pages\/1233","targetHints":{"allow":["GET"]}}],"collection":[{"href":"https:\/\/blogs2.abo.fi\/ovningsdaghem\/wp-json\/wp\/v2\/pages"}],"about":[{"href":"https:\/\/blogs2.abo.fi\/ovningsdaghem\/wp-json\/wp\/v2\/types\/page"}],"author":[{"embeddable":true,"href":"https:\/\/blogs2.abo.fi\/ovningsdaghem\/wp-json\/wp\/v2\/users\/707"}],"replies":[{"embeddable":true,"href":"https:\/\/blogs2.abo.fi\/ovningsdaghem\/wp-json\/wp\/v2\/comments?post=1233"}],"version-history":[{"count":4,"href":"https:\/\/blogs2.abo.fi\/ovningsdaghem\/wp-json\/wp\/v2\/pages\/1233\/revisions"}],"predecessor-version":[{"id":1238,"href":"https:\/\/blogs2.abo.fi\/ovningsdaghem\/wp-json\/wp\/v2\/pages\/1233\/revisions\/1238"}],"wp:attachment":[{"href":"https:\/\/blogs2.abo.fi\/ovningsdaghem\/wp-json\/wp\/v2\/media?parent=1233"}],"curies":[{"name":"wp","href":"https:\/\/api.w.org\/{rel}","templated":true}]}}