{"id":1214,"date":"2024-08-01T10:09:47","date_gmt":"2024-08-01T07:09:47","guid":{"rendered":"https:\/\/blogs2.abo.fi\/ovningsdaghem\/?page_id=1214"},"modified":"2025-06-24T12:59:32","modified_gmt":"2025-06-24T09:59:32","slug":"tallbo-daghem","status":"publish","type":"page","link":"https:\/\/blogs2.abo.fi\/ovningsdaghem\/tallbo-daghem\/","title":{"rendered":"Tallbo daghem"},"content":{"rendered":"<p><img loading=\"lazy\" decoding=\"async\" class=\"alignnone wp-image-1215 size-full\" src=\"http:\/\/blogs2.abo.fi\/ovningsdaghem\/wp-content\/uploads\/sites\/159\/2024\/08\/Picture4.jpg\" alt=\"\" width=\"436\" height=\"327\" srcset=\"https:\/\/blogs2.abo.fi\/ovningsdaghem\/wp-content\/uploads\/sites\/159\/2024\/08\/Picture4.jpg 436w, https:\/\/blogs2.abo.fi\/ovningsdaghem\/wp-content\/uploads\/sites\/159\/2024\/08\/Picture4-300x225.jpg 300w\" sizes=\"auto, (max-width: 436px) 100vw, 436px\" \/><\/p>\n<h1>Tallbo daghem<\/h1>\n<p><strong>Daghemmets ort: <\/strong>Helsingfors<\/p>\n<p><strong>Daghemmets storlek: <\/strong>35 kalkylm\u00e4ssiga platser, 2 avdelningar<\/p>\n<p><strong>Vi verkar p\u00e5 f\u00f6ljande spr\u00e5k: <\/strong>Svenska<\/p>\n<p><strong>V\u00e5r pedagogiska grundsyn: <\/strong>V\u00e5ra daghem \u00e4r barnens plats. P\u00e5 v\u00e5ra daghem syns och h\u00f6rs barnen. Det \u00e4r viktigt att barnen f\u00e5r k\u00e4nna att de lyckas och att de har det roligt. Hos oss \u00e4r barn och vuxna likv\u00e4rdiga och tillsammans ser vi v\u00e4rlden ur barnets perspektiv.\u00a0 Tillsammans skapar vi en vi-k\u00e4nsla d\u00e4r alla blir sedda och h\u00f6rda, vilket \u00e4r en viktig grund i v\u00e5rt arbete. Vi ser m\u00e5ngfald som en rikedom och vi visar v\u00e4gen mot ett inkluderande samh\u00e4lle. Vi \u00e4r alla v\u00e4rdefulla och respekterade f\u00f6r den vi \u00e4r.\u00a0 Hos oss \u00e4r vuxna positiva f\u00f6rebilder, lyh\u00f6rda v\u00e4gledare och inbjudande medforskare.<\/p>\n<p><strong>V\u00e5r pedagogik: <\/strong>P\u00e5 v\u00e5ra daghem erbjuds barnen m\u00e5lmedveten, m\u00e5ngsidig sm\u00e5barnspedagogik varje dag. Verksamheten utg\u00e5r fr\u00e5n barnens intressen, id\u00e9er och behov. Vi utg\u00e5r ifr\u00e5n barnets styrkor och behov i all planering och f\u00f6r oss \u00e4r barnens delaktighet viktigt. Utifr\u00e5n utv\u00e4rderingar och behov l\u00e4gger vi upp pedagogiska m\u00e5ls\u00e4ttningar samt kriterier f\u00f6r varje verksamhets\u00e5r, som vi arbetar m\u00e5lmedvetet med. Verksamhets\u00e5ret 2025-2026 kommer vi att p\u00e5 olika s\u00e4tt att satsa p\u00e5 spr\u00e5kmedveten pedagogik ur lekens och dialogens synvinkel samt utomhuspedagogik.<\/p>\n<p><strong>Varf\u00f6r ska studerande g\u00f6ra praktik p\u00e5 v\u00e5rt daghem? <\/strong>Genom att utf\u00f6ra praktik p\u00e5 ett av v\u00e5ra daghem f\u00f6rs\u00e4krar du en plats d\u00e4r du blir v\u00e4l bem\u00f6tt och ges m\u00f6jlighet att utveckla dig i din professionella roll i samr\u00e5d med kunnig personal. Via praktik p\u00e5 Barnav\u00e5rdsf\u00f6reningens daghem har du \u00e4ven m\u00f6jlighet att f\u00e5 en insyn i det \u00f6vriga arbetet som sker p\u00e5 f\u00f6reningen som kan vara av nytta i de kommande studierna samt i arbetslivet.<\/p>\n<p><strong>Vi kan erbjuda boende f\u00f6r den studerande under praktiktiden: <\/strong>Nej<\/p>\n<p><strong>Vi kan hj\u00e4lpa till att s\u00f6ka boende f\u00f6r den studerande under praktiktiden: <\/strong>Nej<\/p>\n<p><img loading=\"lazy\" decoding=\"async\" class=\"alignnone size-full wp-image-1313\" src=\"http:\/\/blogs2.abo.fi\/ovningsdaghem\/wp-content\/uploads\/sites\/159\/2025\/06\/Picture2.jpg\" alt=\"\" width=\"274\" height=\"366\" srcset=\"https:\/\/blogs2.abo.fi\/ovningsdaghem\/wp-content\/uploads\/sites\/159\/2025\/06\/Picture2.jpg 274w, https:\/\/blogs2.abo.fi\/ovningsdaghem\/wp-content\/uploads\/sites\/159\/2025\/06\/Picture2-225x300.jpg 225w\" sizes=\"auto, (max-width: 274px) 100vw, 274px\" \/><\/p>\n","protected":false},"excerpt":{"rendered":"<p>Tallbo daghem Daghemmets ort: Helsingfors Daghemmets storlek: 35 kalkylm\u00e4ssiga platser, 2 avdelningar Vi verkar p\u00e5 f\u00f6ljande spr\u00e5k: Svenska V\u00e5r pedagogiska grundsyn: V\u00e5ra daghem \u00e4r barnens plats. P\u00e5 v\u00e5ra daghem syns och h\u00f6rs barnen. Det \u00e4r viktigt att barnen f\u00e5r k\u00e4nna att de lyckas och att de har det roligt. Hos oss \u00e4r barn och vuxna &hellip; <a href=\"https:\/\/blogs2.abo.fi\/ovningsdaghem\/tallbo-daghem\/\" class=\"more-link\">Forts\u00e4tt l\u00e4sa <span class=\"screen-reader-text\">Tallbo daghem<\/span><\/a><\/p>\n","protected":false},"author":707,"featured_media":0,"parent":0,"menu_order":0,"comment_status":"closed","ping_status":"closed","template":"","meta":{"footnotes":""},"class_list":["post-1214","page","type-page","status-publish","hentry"],"_links":{"self":[{"href":"https:\/\/blogs2.abo.fi\/ovningsdaghem\/wp-json\/wp\/v2\/pages\/1214","targetHints":{"allow":["GET"]}}],"collection":[{"href":"https:\/\/blogs2.abo.fi\/ovningsdaghem\/wp-json\/wp\/v2\/pages"}],"about":[{"href":"https:\/\/blogs2.abo.fi\/ovningsdaghem\/wp-json\/wp\/v2\/types\/page"}],"author":[{"embeddable":true,"href":"https:\/\/blogs2.abo.fi\/ovningsdaghem\/wp-json\/wp\/v2\/users\/707"}],"replies":[{"embeddable":true,"href":"https:\/\/blogs2.abo.fi\/ovningsdaghem\/wp-json\/wp\/v2\/comments?post=1214"}],"version-history":[{"count":5,"href":"https:\/\/blogs2.abo.fi\/ovningsdaghem\/wp-json\/wp\/v2\/pages\/1214\/revisions"}],"predecessor-version":[{"id":1318,"href":"https:\/\/blogs2.abo.fi\/ovningsdaghem\/wp-json\/wp\/v2\/pages\/1214\/revisions\/1318"}],"wp:attachment":[{"href":"https:\/\/blogs2.abo.fi\/ovningsdaghem\/wp-json\/wp\/v2\/media?parent=1214"}],"curies":[{"name":"wp","href":"https:\/\/api.w.org\/{rel}","templated":true}]}}