{"id":48,"date":"2017-03-24T09:51:26","date_gmt":"2017-03-24T07:51:26","guid":{"rendered":"http:\/\/blogs2.abo.fi\/oppnalaborationer\/?page_id=48"},"modified":"2017-03-24T09:51:26","modified_gmt":"2017-03-24T07:51:26","slug":"konduktivitet","status":"publish","type":"page","link":"https:\/\/blogs2.abo.fi\/oppnalaborationer\/verktygsladan\/konduktivitet\/","title":{"rendered":"Konduktivitet"},"content":{"rendered":"<p><iframe loading=\"lazy\"  id=\"_ytid_51452\"  width=\"625\" height=\"352\"  data-origwidth=\"625\" data-origheight=\"352\" src=\"https:\/\/www.youtube.com\/embed\/Ad5fywm4I4U?enablejsapi=1&#038;autoplay=0&#038;cc_load_policy=0&#038;cc_lang_pref=&#038;iv_load_policy=1&#038;loop=0&#038;rel=1&#038;fs=1&#038;playsinline=0&#038;autohide=2&#038;theme=dark&#038;color=red&#038;controls=1&#038;disablekb=0&#038;\" class=\"__youtube_prefs__  epyt-is-override  no-lazyload\" title=\"YouTube player\"  allow=\"fullscreen; accelerometer; autoplay; clipboard-write; encrypted-media; gyroscope; picture-in-picture; web-share\" referrerpolicy=\"strict-origin-when-cross-origin\" allowfullscreen data-no-lazy=\"1\" data-skipgform_ajax_framebjll=\"\"><\/iframe><\/p>\n<p>M\u00e4tning av konduktivitet<\/p>\n<p>H\u00e4r hittar du <a href=\"http:\/\/blogs2.abo.fi\/oppnalaborationer\/wp-content\/uploads\/sites\/58\/2017\/03\/Konduktivitetstestare.pdf\" target=\"_blank\">instruktioner<\/a> p\u00e5 hur du kan bygga din egen konduktivitetsm\u00e4tare.<\/p>\n","protected":false},"excerpt":{"rendered":"<p>M\u00e4tning av konduktivitet H\u00e4r hittar du instruktioner p\u00e5 hur du kan bygga din egen konduktivitetsm\u00e4tare.<\/p>\n","protected":false},"author":255,"featured_media":0,"parent":27,"menu_order":0,"comment_status":"closed","ping_status":"closed","template":"","meta":{"footnotes":""},"class_list":["post-48","page","type-page","status-publish","hentry"],"_links":{"self":[{"href":"https:\/\/blogs2.abo.fi\/oppnalaborationer\/wp-json\/wp\/v2\/pages\/48","targetHints":{"allow":["GET"]}}],"collection":[{"href":"https:\/\/blogs2.abo.fi\/oppnalaborationer\/wp-json\/wp\/v2\/pages"}],"about":[{"href":"https:\/\/blogs2.abo.fi\/oppnalaborationer\/wp-json\/wp\/v2\/types\/page"}],"author":[{"embeddable":true,"href":"https:\/\/blogs2.abo.fi\/oppnalaborationer\/wp-json\/wp\/v2\/users\/255"}],"replies":[{"embeddable":true,"href":"https:\/\/blogs2.abo.fi\/oppnalaborationer\/wp-json\/wp\/v2\/comments?post=48"}],"version-history":[{"count":1,"href":"https:\/\/blogs2.abo.fi\/oppnalaborationer\/wp-json\/wp\/v2\/pages\/48\/revisions"}],"predecessor-version":[{"id":49,"href":"https:\/\/blogs2.abo.fi\/oppnalaborationer\/wp-json\/wp\/v2\/pages\/48\/revisions\/49"}],"up":[{"embeddable":true,"href":"https:\/\/blogs2.abo.fi\/oppnalaborationer\/wp-json\/wp\/v2\/pages\/27"}],"wp:attachment":[{"href":"https:\/\/blogs2.abo.fi\/oppnalaborationer\/wp-json\/wp\/v2\/media?parent=48"}],"curies":[{"name":"wp","href":"https:\/\/api.w.org\/{rel}","templated":true}]}}