{"id":336,"date":"2018-08-24T13:28:57","date_gmt":"2018-08-24T11:28:57","guid":{"rendered":"http:\/\/blogs2.abo.fi\/oppnalaborationer\/?page_id=336"},"modified":"2018-08-24T13:29:48","modified_gmt":"2018-08-24T11:29:48","slug":"reagensen-till-biuret-testet","status":"publish","type":"page","link":"https:\/\/blogs2.abo.fi\/oppnalaborationer\/material\/reagensen-till-biuret-testet\/","title":{"rendered":"Reagensen till Biuret testet"},"content":{"rendered":"<p><a href=\"http:\/\/blogs2.abo.fi\/oppnalaborationer\/wp-content\/uploads\/sites\/58\/2018\/08\/L\u00f6sningar-till-Biuretprovet.pdf\">L\u00f6sningar till Biuretprovet<\/a><\/p>\n<p><strong>L\u00f6sning A:\u00a0 \u00a0<\/strong><br \/>\n1,5 g koppar(II)sulfat (pentahydrat; CuSO4\uf0b7H2O)<br \/>\n6 g KNa-tartrat (KNaC4H4O6\uf0b7 2 H2O, Rochelle salt)<br \/>\nL\u00f6s i 500 ml destillerat vatten<\/p>\n<p><strong>L\u00f6sning B: <\/strong><br \/>\n30 g natriumhydroxid (NaOH)<br \/>\n2 g kaliumjodid (KI)<br \/>\nL\u00f6s i 500 ml destillerat vatten<\/p>\n<p><strong>Reagensl\u00f6sning:<\/strong> Sl\u00e5 samman l\u00f6sning A och B<\/p>\n<p>CuSO4\uf0b7 5 H2O:\u00a0 \u00a0 \u00a0 \u00a0 \u00a0\u00a0<img loading=\"lazy\" decoding=\"async\" class=\"alignnone wp-image-70\" src=\"http:\/\/blogs2.abo.fi\/oppnalaborationer\/wp-content\/uploads\/sites\/58\/2017\/03\/1024px-GHS-pictogram-exclam.svg_.png\" alt=\"\" width=\"98\" height=\"98\" srcset=\"https:\/\/blogs2.abo.fi\/oppnalaborationer\/wp-content\/uploads\/sites\/58\/2017\/03\/1024px-GHS-pictogram-exclam.svg_.png 1024w, https:\/\/blogs2.abo.fi\/oppnalaborationer\/wp-content\/uploads\/sites\/58\/2017\/03\/1024px-GHS-pictogram-exclam.svg_-150x150.png 150w, https:\/\/blogs2.abo.fi\/oppnalaborationer\/wp-content\/uploads\/sites\/58\/2017\/03\/1024px-GHS-pictogram-exclam.svg_-300x300.png 300w, https:\/\/blogs2.abo.fi\/oppnalaborationer\/wp-content\/uploads\/sites\/58\/2017\/03\/1024px-GHS-pictogram-exclam.svg_-768x768.png 768w, https:\/\/blogs2.abo.fi\/oppnalaborationer\/wp-content\/uploads\/sites\/58\/2017\/03\/1024px-GHS-pictogram-exclam.svg_-624x624.png 624w\" sizes=\"auto, (max-width: 98px) 100vw, 98px\" \/> <img loading=\"lazy\" decoding=\"async\" class=\"alignnone wp-image-338\" src=\"http:\/\/blogs2.abo.fi\/oppnalaborationer\/wp-content\/uploads\/sites\/58\/2018\/08\/Milj\u00f6farligt.png\" alt=\"\" width=\"101\" height=\"101\" srcset=\"https:\/\/blogs2.abo.fi\/oppnalaborationer\/wp-content\/uploads\/sites\/58\/2018\/08\/Milj\u00f6farligt.png 724w, https:\/\/blogs2.abo.fi\/oppnalaborationer\/wp-content\/uploads\/sites\/58\/2018\/08\/Milj\u00f6farligt-150x150.png 150w, https:\/\/blogs2.abo.fi\/oppnalaborationer\/wp-content\/uploads\/sites\/58\/2018\/08\/Milj\u00f6farligt-300x300.png 300w, https:\/\/blogs2.abo.fi\/oppnalaborationer\/wp-content\/uploads\/sites\/58\/2018\/08\/Milj\u00f6farligt-624x624.png 624w\" sizes=\"auto, (max-width: 101px) 100vw, 101px\" \/><\/p>\n<p>NaOH:\u00a0 \u00a0 \u00a0 \u00a0 \u00a0 \u00a0 \u00a0 \u00a0 \u00a0 \u00a0 \u00a0 \u00a0 \u00a0\u00a0<img loading=\"lazy\" decoding=\"async\" class=\"alignnone wp-image-339\" src=\"http:\/\/blogs2.abo.fi\/oppnalaborationer\/wp-content\/uploads\/sites\/58\/2018\/08\/Fr\u00e4tande.png\" alt=\"\" width=\"102\" height=\"101\" srcset=\"https:\/\/blogs2.abo.fi\/oppnalaborationer\/wp-content\/uploads\/sites\/58\/2018\/08\/Fr\u00e4tande.png 724w, https:\/\/blogs2.abo.fi\/oppnalaborationer\/wp-content\/uploads\/sites\/58\/2018\/08\/Fr\u00e4tande-150x150.png 150w, https:\/\/blogs2.abo.fi\/oppnalaborationer\/wp-content\/uploads\/sites\/58\/2018\/08\/Fr\u00e4tande-300x300.png 300w, https:\/\/blogs2.abo.fi\/oppnalaborationer\/wp-content\/uploads\/sites\/58\/2018\/08\/Fr\u00e4tande-624x624.png 624w\" sizes=\"auto, (max-width: 102px) 100vw, 102px\" \/><\/p>\n<p>Reagensl\u00f6sningen:\u00a0 \u00a0 \u00a0<img loading=\"lazy\" decoding=\"async\" class=\"alignnone wp-image-339\" src=\"http:\/\/blogs2.abo.fi\/oppnalaborationer\/wp-content\/uploads\/sites\/58\/2018\/08\/Fr\u00e4tande.png\" alt=\"\" width=\"102\" height=\"101\" srcset=\"https:\/\/blogs2.abo.fi\/oppnalaborationer\/wp-content\/uploads\/sites\/58\/2018\/08\/Fr\u00e4tande.png 724w, https:\/\/blogs2.abo.fi\/oppnalaborationer\/wp-content\/uploads\/sites\/58\/2018\/08\/Fr\u00e4tande-150x150.png 150w, https:\/\/blogs2.abo.fi\/oppnalaborationer\/wp-content\/uploads\/sites\/58\/2018\/08\/Fr\u00e4tande-300x300.png 300w, https:\/\/blogs2.abo.fi\/oppnalaborationer\/wp-content\/uploads\/sites\/58\/2018\/08\/Fr\u00e4tande-624x624.png 624w\" sizes=\"auto, (max-width: 102px) 100vw, 102px\" \/><\/p>\n<p>&nbsp;<\/p>\n<p>&nbsp;<\/p>\n","protected":false},"excerpt":{"rendered":"<p>L\u00f6sningar till Biuretprovet L\u00f6sning A:\u00a0 \u00a0 1,5 g koppar(II)sulfat (pentahydrat; CuSO4\uf0b7H2O) 6 g KNa-tartrat (KNaC4H4O6\uf0b7 2 H2O, Rochelle salt) L\u00f6s i 500 ml destillerat vatten L\u00f6sning B: 30 g natriumhydroxid (NaOH) 2 g kaliumjodid (KI) L\u00f6s i 500 ml destillerat vatten Reagensl\u00f6sning: Sl\u00e5 samman l\u00f6sning A och B CuSO4\uf0b7 5 H2O:\u00a0 \u00a0 \u00a0 \u00a0 \u00a0\u00a0 [&hellip;]<\/p>\n","protected":false},"author":255,"featured_media":0,"parent":2,"menu_order":0,"comment_status":"closed","ping_status":"closed","template":"","meta":{"footnotes":""},"class_list":["post-336","page","type-page","status-publish","hentry"],"_links":{"self":[{"href":"https:\/\/blogs2.abo.fi\/oppnalaborationer\/wp-json\/wp\/v2\/pages\/336","targetHints":{"allow":["GET"]}}],"collection":[{"href":"https:\/\/blogs2.abo.fi\/oppnalaborationer\/wp-json\/wp\/v2\/pages"}],"about":[{"href":"https:\/\/blogs2.abo.fi\/oppnalaborationer\/wp-json\/wp\/v2\/types\/page"}],"author":[{"embeddable":true,"href":"https:\/\/blogs2.abo.fi\/oppnalaborationer\/wp-json\/wp\/v2\/users\/255"}],"replies":[{"embeddable":true,"href":"https:\/\/blogs2.abo.fi\/oppnalaborationer\/wp-json\/wp\/v2\/comments?post=336"}],"version-history":[{"count":1,"href":"https:\/\/blogs2.abo.fi\/oppnalaborationer\/wp-json\/wp\/v2\/pages\/336\/revisions"}],"predecessor-version":[{"id":340,"href":"https:\/\/blogs2.abo.fi\/oppnalaborationer\/wp-json\/wp\/v2\/pages\/336\/revisions\/340"}],"up":[{"embeddable":true,"href":"https:\/\/blogs2.abo.fi\/oppnalaborationer\/wp-json\/wp\/v2\/pages\/2"}],"wp:attachment":[{"href":"https:\/\/blogs2.abo.fi\/oppnalaborationer\/wp-json\/wp\/v2\/media?parent=336"}],"curies":[{"name":"wp","href":"https:\/\/api.w.org\/{rel}","templated":true}]}}