{"id":177,"date":"2017-04-13T14:05:34","date_gmt":"2017-04-13T12:05:34","guid":{"rendered":"http:\/\/blogs2.abo.fi\/oppnalaborationer\/?page_id=177"},"modified":"2017-04-13T14:05:46","modified_gmt":"2017-04-13T12:05:46","slug":"pavisande-av-starkelse","status":"publish","type":"page","link":"https:\/\/blogs2.abo.fi\/oppnalaborationer\/verktygsladan\/pavisande-av-starkelse\/","title":{"rendered":"P\u00e5visande av st\u00e4rkelse"},"content":{"rendered":"<p><iframe loading=\"lazy\"  id=\"_ytid_56461\"  width=\"625\" height=\"352\"  data-origwidth=\"625\" data-origheight=\"352\" src=\"https:\/\/www.youtube.com\/embed\/7a7uJE8DXC0?enablejsapi=1&#038;list=PLPvtXVqUU_9bQ7o6hkZes1wj1uK2H-os3&#038;autoplay=0&#038;cc_load_policy=0&#038;cc_lang_pref=&#038;iv_load_policy=1&#038;loop=0&#038;rel=1&#038;fs=1&#038;playsinline=0&#038;autohide=2&#038;theme=dark&#038;color=red&#038;controls=1&#038;disablekb=0&#038;\" class=\"__youtube_prefs__  epyt-is-override  no-lazyload\" title=\"YouTube player\"  allow=\"fullscreen; accelerometer; autoplay; clipboard-write; encrypted-media; gyroscope; picture-in-picture; web-share\" referrerpolicy=\"strict-origin-when-cross-origin\" allowfullscreen data-no-lazy=\"1\" data-skipgform_ajax_framebjll=\"\"><\/iframe><\/p>\n<p>Jodl\u00f6sning St\u00e4rkelse Potatismj\u00f6l<\/p>\n","protected":false},"excerpt":{"rendered":"<p>Jodl\u00f6sning St\u00e4rkelse Potatismj\u00f6l<\/p>\n","protected":false},"author":255,"featured_media":0,"parent":27,"menu_order":0,"comment_status":"closed","ping_status":"closed","template":"","meta":{"footnotes":""},"class_list":["post-177","page","type-page","status-publish","hentry"],"_links":{"self":[{"href":"https:\/\/blogs2.abo.fi\/oppnalaborationer\/wp-json\/wp\/v2\/pages\/177","targetHints":{"allow":["GET"]}}],"collection":[{"href":"https:\/\/blogs2.abo.fi\/oppnalaborationer\/wp-json\/wp\/v2\/pages"}],"about":[{"href":"https:\/\/blogs2.abo.fi\/oppnalaborationer\/wp-json\/wp\/v2\/types\/page"}],"author":[{"embeddable":true,"href":"https:\/\/blogs2.abo.fi\/oppnalaborationer\/wp-json\/wp\/v2\/users\/255"}],"replies":[{"embeddable":true,"href":"https:\/\/blogs2.abo.fi\/oppnalaborationer\/wp-json\/wp\/v2\/comments?post=177"}],"version-history":[{"count":1,"href":"https:\/\/blogs2.abo.fi\/oppnalaborationer\/wp-json\/wp\/v2\/pages\/177\/revisions"}],"predecessor-version":[{"id":178,"href":"https:\/\/blogs2.abo.fi\/oppnalaborationer\/wp-json\/wp\/v2\/pages\/177\/revisions\/178"}],"up":[{"embeddable":true,"href":"https:\/\/blogs2.abo.fi\/oppnalaborationer\/wp-json\/wp\/v2\/pages\/27"}],"wp:attachment":[{"href":"https:\/\/blogs2.abo.fi\/oppnalaborationer\/wp-json\/wp\/v2\/media?parent=177"}],"curies":[{"name":"wp","href":"https:\/\/api.w.org\/{rel}","templated":true}]}}