{"id":8,"date":"2018-05-15T12:48:33","date_gmt":"2018-05-15T09:48:33","guid":{"rendered":"http:\/\/blogs2.abo.fi\/nordisk-laroplansteoretisk-konferens2019\/?page_id=8"},"modified":"2019-11-05T16:50:27","modified_gmt":"2019-11-05T13:50:27","slug":"program","status":"publish","type":"page","link":"https:\/\/blogs2.abo.fi\/nordisk-laroplansteoretisk-konferens2019\/program\/","title":{"rendered":"Program"},"content":{"rendered":"<p><strong>Dag 1 Torsdag 7.11.2019<br \/>\n<\/strong><br \/>\n17.30-18.15\u00a0\u00a0\u00a0 Registrering i Academill, foaj\u00e9n. Kaffe och salt tilltugg.<\/p>\n<p>18.15-18.30\u00a0\u00a0\u00a0 Konferensen \u00f6ppnas. V\u00e4lkomstord av \u00c5bo Akademis vicerektor Mikael Lindfelt och professor Michael Uljens i Akademisalen<\/p>\n<p>18.30-19.00\u00a0\u00a0\u00a0 Presentation av Caroline Runesdotter och Elsi-Brith Jodal.\u00a0 <em>L\u00e4roplansteori i l\u00e4rarutbildningen- rapport fr\u00e5n konferensen i\u00a0<\/em><em>G\u00f6teborg 2017<br \/>\n<\/em><br \/>\n19.00-20.00\u00a0\u00a0 Key-note 1: FD Kirsten Sivesind: <a href=\"http:\/\/blogs2.abo.fi\/nordisk-laroplansteoretisk-konferens2019\/key-notes\/\">&#8221;\u00c5 muliggj\u00f8re danning gjennom m\u00e5ter \u00e5 forske p\u00e5: om betydningen av bilder, scenarier og historiske linjer.&#8221;<\/a><\/p>\n<p>20.00-21.30\u00a0\u00a0\u00a0 Middag vid Academill, \u00d6vre Torget<\/p>\n<p><strong>Dag 2 Fredag 8.11.2019<\/strong><\/p>\n<p>09.00-10.00\u00a0 Key-Note 2: professor Michael Uljens <a href=\"http:\/\/blogs2.abo.fi\/nordisk-laroplansteoretisk-konferens2019\/key-notes\/\">&#8221;Grounding Research on Curriculum Work and Reform in and for Political Democracy in Education Theory&#8221;<\/a> i auditorium Bruhn, rum C0201<\/p>\n<p>10.00-10.15\u00a0 \u00a0Paus med kaffeservering i Academill, foaj\u00e9n<\/p>\n<p>10.15-11.45\u00a0 \u00a0<a href=\"http:\/\/blogs2.abo.fi\/nordisk-laroplansteoretisk-konferens2019\/sessioner\/\"> Parallella sessioner 1<\/a> i rum C0201, C0214, E0610, F0607, E0612<\/p>\n<p>11.45-12.45\u00a0 \u00a0 \u00a0Lunch i Academill, \u00d6vre torget<\/p>\n<p>12.45-14.15\u00a0 \u00a0 <a href=\"http:\/\/blogs2.abo.fi\/nordisk-laroplansteoretisk-konferens2019\/sessioner\/\">Parallella sessioner 2<\/a> i C0201, E0610, F0607, F0612<\/p>\n<p>14.15-14.30\u00a0 \u00a0 \u00a0Paus med kaffeservering i Academill, foaj\u00e9n<\/p>\n<p>14.30-15.30\u00a0 \u00a0 <a href=\"http:\/\/blogs2.abo.fi\/nordisk-laroplansteoretisk-konferens2019\/paneldiskussion\/\">Paneldiskussion<\/a> i auditorium Bruhn, rum C0201<\/p>\n<p>15.30-15.45\u00a0 \u00a0 Avslutande ord<\/p>\n<p>&nbsp;<\/p>\n","protected":false},"excerpt":{"rendered":"<p>Dag 1 Torsdag 7.11.2019 17.30-18.15\u00a0\u00a0\u00a0 Registrering i Academill, foaj\u00e9n. Kaffe och salt tilltugg. 18.15-18.30\u00a0\u00a0\u00a0 Konferensen \u00f6ppnas. V\u00e4lkomstord av \u00c5bo Akademis vicerektor Mikael Lindfelt och professor Michael Uljens i Akademisalen 18.30-19.00\u00a0\u00a0\u00a0 Presentation av Caroline Runesdotter och Elsi-Brith Jodal.\u00a0 L\u00e4roplansteori i l\u00e4rarutbildningen- rapport fr\u00e5n konferensen i\u00a0G\u00f6teborg 2017 19.00-20.00\u00a0\u00a0 Key-note 1: FD Kirsten Sivesind: &#8221;\u00c5 muliggj\u00f8re danning gjennom &hellip; <\/p>\n<p class=\"link-more\"><a href=\"https:\/\/blogs2.abo.fi\/nordisk-laroplansteoretisk-konferens2019\/program\/\" class=\"more-link\">Forts\u00e4tt l\u00e4sa<span class=\"screen-reader-text\"> \u201dProgram\u201d<\/span><\/a><\/p>\n","protected":false},"author":413,"featured_media":0,"parent":0,"menu_order":0,"comment_status":"closed","ping_status":"closed","template":"","meta":{"footnotes":""},"class_list":["post-8","page","type-page","status-publish","hentry"],"_links":{"self":[{"href":"https:\/\/blogs2.abo.fi\/nordisk-laroplansteoretisk-konferens2019\/wp-json\/wp\/v2\/pages\/8","targetHints":{"allow":["GET"]}}],"collection":[{"href":"https:\/\/blogs2.abo.fi\/nordisk-laroplansteoretisk-konferens2019\/wp-json\/wp\/v2\/pages"}],"about":[{"href":"https:\/\/blogs2.abo.fi\/nordisk-laroplansteoretisk-konferens2019\/wp-json\/wp\/v2\/types\/page"}],"author":[{"embeddable":true,"href":"https:\/\/blogs2.abo.fi\/nordisk-laroplansteoretisk-konferens2019\/wp-json\/wp\/v2\/users\/413"}],"replies":[{"embeddable":true,"href":"https:\/\/blogs2.abo.fi\/nordisk-laroplansteoretisk-konferens2019\/wp-json\/wp\/v2\/comments?post=8"}],"version-history":[{"count":29,"href":"https:\/\/blogs2.abo.fi\/nordisk-laroplansteoretisk-konferens2019\/wp-json\/wp\/v2\/pages\/8\/revisions"}],"predecessor-version":[{"id":188,"href":"https:\/\/blogs2.abo.fi\/nordisk-laroplansteoretisk-konferens2019\/wp-json\/wp\/v2\/pages\/8\/revisions\/188"}],"wp:attachment":[{"href":"https:\/\/blogs2.abo.fi\/nordisk-laroplansteoretisk-konferens2019\/wp-json\/wp\/v2\/media?parent=8"}],"curies":[{"name":"wp","href":"https:\/\/api.w.org\/{rel}","templated":true}]}}

<p><strong>Dag 1 Torsdag 7.11.2019<br />
</strong><br />
17.30-18.15    Registrering i Academill, foajén. Kaffe och salt tilltugg.</p>
<p>18.15-18.30    Konferensen öppnas. Välkomstord av Åbo Akademis vicerektor Mikael Lindfelt och professor Michael Uljens i Akademisalen</p>
<p>18.30-19.00    Presentation av Caroline Runesdotter och Elsi-Brith Jodal.  <em>Läroplansteori i lärarutbildningen- rapport från konferensen i </em><em>Göteborg 2017<br />
</em><br />
19.00-20.00   Key-note 1: FD Kirsten Sivesind: <a href="http://blogs2.abo.fi/nordisk-laroplansteoretisk-konferens2019/key-notes/">&#8221;Å muliggjøre danning gjennom måter å forske på: om betydningen av bilder, scenarier og historiske linjer.&#8221;</a></p>
<p>20.00-21.30    Middag vid Academill, Övre Torget</p>
<p><strong>Dag 2 Fredag 8.11.2019</strong></p>
<p>09.00-10.00  Key-Note 2: professor Michael Uljens <a href="http://blogs2.abo.fi/nordisk-laroplansteoretisk-konferens2019/key-notes/">&#8221;Grounding Research on Curriculum Work and Reform in and for Political Democracy in Education Theory&#8221;</a> i auditorium Bruhn, rum C0201</p>
<p>10.00-10.15   Paus med kaffeservering i Academill, foajén</p>
<p>10.15-11.45   <a href="http://blogs2.abo.fi/nordisk-laroplansteoretisk-konferens2019/sessioner/"> Parallella sessioner 1</a> i rum C0201, C0214, E0610, F0607, E0612</p>
<p>11.45-12.45     Lunch i Academill, Övre torget</p>
<p>12.45-14.15    <a href="http://blogs2.abo.fi/nordisk-laroplansteoretisk-konferens2019/sessioner/">Parallella sessioner 2</a> i C0201, E0610, F0607, F0612</p>
<p>14.15-14.30     Paus med kaffeservering i Academill, foajén</p>
<p>14.30-15.30    <a href="http://blogs2.abo.fi/nordisk-laroplansteoretisk-konferens2019/paneldiskussion/">Paneldiskussion</a> i auditorium Bruhn, rum C0201</p>
<p>15.30-15.45    Avslutande ord</p>
<p>&nbsp;</p>

<p>Dag 1 Torsdag 7.11.2019 17.30-18.15    Registrering i Academill, foajén. Kaffe och salt tilltugg. 18.15-18.30    Konferensen öppnas. Välkomstord av Åbo Akademis vicerektor Mikael Lindfelt och professor Michael Uljens i Akademisalen 18.30-19.00    Presentation av Caroline Runesdotter och Elsi-Brith Jodal.  Läroplansteori i lärarutbildningen- rapport från konferensen i Göteborg 2017 19.00-20.00   Key-note 1: FD Kirsten Sivesind: &#8221;Å muliggjøre danning gjennom &hellip; </p>
<p class="link-more"><a href="https://blogs2.abo.fi/nordisk-laroplansteoretisk-konferens2019/program/" class="more-link">Fortsätt läsa<span class="screen-reader-text"> ”Program”</span></a></p>
