{"id":62,"date":"2017-08-25T17:26:54","date_gmt":"2017-08-25T14:26:54","guid":{"rendered":"http:\/\/blogs2.abo.fi\/natverk2017\/?page_id=62"},"modified":"2017-08-31T19:08:08","modified_gmt":"2017-08-31T16:08:08","slug":"var-finns-vi","status":"publish","type":"page","link":"https:\/\/blogs2.abo.fi\/natverk2017\/var-finns-vi\/","title":{"rendered":"Var finns vi?"},"content":{"rendered":"<p>\u00c5bo Akademi har verksamhet p\u00e5 flera olika orter, fr\u00e4mst i \u00c5bo och i Vasa. Campus i \u00c5bo d\u00e4r n\u00e4tverkstr\u00e4ffen h\u00e5lls ligger i huvudsak vid Biskopsgatan (fi. Piispankatu), n\u00e4ra \u00c5bo domkyrka. Hit kan du promenera fr\u00e5n centrum, eller ta en buss till Gamla stortorget (fi. Vanha suurtori) och promenera en kort bit d\u00e4rifr\u00e5n. En turistkarta som du kan skriva ut hittar du h\u00e4r: <a href=\"https:\/\/www.visitturku.fi\/sites\/default\/files\/atoms\/files\/\/turun_keskustan_tulostettava_city-opas_-kartta_2016.pdf\" target=\"_blank\" rel=\"noopener\">https:\/\/www.visitturku.fi\/sites\/default\/files\/atoms\/files\/\/turun_keskustan_tulostettava_city-opas_-kartta_2016.pdf<\/a><\/p>\n<p>Under n\u00e4tverkstr\u00e4ffen har vi program i tre olika hus. Information om \u00c5bo Akademis byggnader och campuskartor finns p\u00e5 adressen <a href=\"http:\/\/www.abo.fi\/student\/campuskartor\" target=\"_blank\" rel=\"noopener\">http:\/\/www.abo.fi\/student\/media\/2060\/abo_campus_2017.pdf<\/a><\/p>\n<p><strong>Sibeliusmuseet<\/strong><\/p>\n<p style=\"padding-left: 30px\">P\u00e5 torsdag tr\u00e4ffas vi p\u00e5 Sibeliusmuseet p\u00e5 Biskopsgatan 17. (Den r\u00f6da bollen med nummer 31 p\u00e5 turistkartan, se ovan.) Vi bes\u00f6ker egentligen inte museet men du kan l\u00e4sa mer om det h\u00e4r om du \u00e4r intresserad: <a href=\"http:\/\/www.sibeliusmuseum.fi\/sv\/\" target=\"_blank\" rel=\"noopener\">http:\/\/www.sibeliusmuseum.fi\/sv\/<\/a>.<\/p>\n<p style=\"padding-left: 30px\">V\u00e5rt program \u00e4r i\u00a0 Braheauditoriet.<\/p>\n<p><strong>Arken<\/strong><\/p>\n<p style=\"padding-left: 30px\">Torsdag eftermiddag har vi program i Arken, lite l\u00e4ngre fram l\u00e4ngs Biskopsgatan. Arken ligger p\u00e5 adressen Fabriksgatan (fi. Tehtaankatu) 2. Komplexet \u00e4r en restaurerad och ombyggd gammal fabriksfastighet. D\u00e4r arbetar de flesta av oss arrang\u00f6rer ocks\u00e5 till vardags, och d\u00e4r ligger ocks\u00e5 merparten av \u00e4mnena vid Fakulteten f\u00f6r humaniora, psykologi och teologi.<\/p>\n<p style=\"padding-left: 30px\">Lokalen d\u00e4r vi \u00e4r p\u00e5 eftermiddagen heter Helikon.<\/p>\n<p><strong>Asahuset<\/strong><\/p>\n<p style=\"padding-left: 30px\">P\u00e5 fredag \u00e4r programmet f\u00f6rlagt till Asahuset p\u00e5 adressen F\u00e4nriksgatan (fi. V\u00e4nrikinkatu) 3, ett kvarter fr\u00e5n Arken. Ocks\u00e5 Asahuset \u00e4r en gammal fabriksbyggnad. Namnet har de facto inget att g\u00f6ra med nordisk mytologi, utan kommer av att huset byggdes som radio- och tv-fabrik f\u00f6r f\u00f6retaget ASA. (F\u00f6retagets grundare hette Arvo Sakrelius, d\u00e4rav f\u00f6retagsnamnet.) Numera \u00e4r det Fakulteten f\u00f6r samh\u00e4llsvetenskaper och ekonomi som arbetar i Asahuset.<\/p>\n<p style=\"padding-left: 30px\">Fram till lunch \u00e4r vi i Stora auditoriet. Efter det flyttar vi till Lilla auditoriet.<\/p>\n<p>&nbsp;<\/p>\n","protected":false},"excerpt":{"rendered":"<p>\u00c5bo Akademi har verksamhet p\u00e5 flera olika orter, fr\u00e4mst i \u00c5bo och i Vasa. Campus i \u00c5bo d\u00e4r n\u00e4tverkstr\u00e4ffen h\u00e5lls ligger i huvudsak vid Biskopsgatan (fi. Piispankatu), n\u00e4ra \u00c5bo domkyrka. Hit kan du promenera fr\u00e5n centrum, eller ta en buss till Gamla stortorget (fi. Vanha suurtori) och promenera en kort bit d\u00e4rifr\u00e5n. En turistkarta som &hellip; <\/p>\n<p class=\"link-more\"><a href=\"https:\/\/blogs2.abo.fi\/natverk2017\/var-finns-vi\/\" class=\"more-link\">Forts\u00e4tt l\u00e4sa<span class=\"screen-reader-text\"> \u201dVar finns vi?\u201d<\/span><\/a><\/p>\n","protected":false},"author":361,"featured_media":0,"parent":0,"menu_order":0,"comment_status":"closed","ping_status":"closed","template":"","meta":{"footnotes":""},"class_list":["post-62","page","type-page","status-publish","hentry"],"_links":{"self":[{"href":"https:\/\/blogs2.abo.fi\/natverk2017\/wp-json\/wp\/v2\/pages\/62","targetHints":{"allow":["GET"]}}],"collection":[{"href":"https:\/\/blogs2.abo.fi\/natverk2017\/wp-json\/wp\/v2\/pages"}],"about":[{"href":"https:\/\/blogs2.abo.fi\/natverk2017\/wp-json\/wp\/v2\/types\/page"}],"author":[{"embeddable":true,"href":"https:\/\/blogs2.abo.fi\/natverk2017\/wp-json\/wp\/v2\/users\/361"}],"replies":[{"embeddable":true,"href":"https:\/\/blogs2.abo.fi\/natverk2017\/wp-json\/wp\/v2\/comments?post=62"}],"version-history":[{"count":14,"href":"https:\/\/blogs2.abo.fi\/natverk2017\/wp-json\/wp\/v2\/pages\/62\/revisions"}],"predecessor-version":[{"id":113,"href":"https:\/\/blogs2.abo.fi\/natverk2017\/wp-json\/wp\/v2\/pages\/62\/revisions\/113"}],"wp:attachment":[{"href":"https:\/\/blogs2.abo.fi\/natverk2017\/wp-json\/wp\/v2\/media?parent=62"}],"curies":[{"name":"wp","href":"https:\/\/api.w.org\/{rel}","templated":true}]}}