{"id":35,"date":"2019-01-09T14:38:33","date_gmt":"2019-01-09T12:38:33","guid":{"rendered":"http:\/\/blogs2.abo.fi\/mofi20\/?page_id=35"},"modified":"2021-10-29T13:21:07","modified_gmt":"2021-10-29T11:21:07","slug":"aktuellt","status":"publish","type":"page","link":"https:\/\/blogs2.abo.fi\/mofi20\/aktuellt\/","title":{"rendered":"Aktuellt"},"content":{"rendered":"<p><strong>Aktuellt<br \/>\n<\/strong><\/p>\n<p>Boksl\u00e4pp av handboken &#8221;Mofi-stigen. En handbok f\u00f6r mofi-l\u00e4rare i 1\u20139<em>&#8221;<br \/>\n<\/em><b style=\"text-align: justify\"><span style=\"color: black\">Tid:<\/span><\/b><span style=\"color: black\"> fredagen den 5 november kl. 13.30\u201315.00.<br \/>\n<\/span><b style=\"text-align: justify\"><span style=\"color: black\">Zoom l\u00e4nk<\/span><\/b><span style=\"color: black\">: <\/span><a style=\"text-align: justify\" href=\"https:\/\/aboakademi.zoom.us\/j\/61714215688\">https:\/\/aboakademi.zoom.us\/j\/61714215688<\/a><br \/>\n<span style=\"text-align: justify\">Ingen anm\u00e4lan kr\u00e4vs.<\/p>\n<p>Tr\u00e4ff med tutorl\u00e4rarna, Zoom 26.11.2020<br \/>\n<\/span><\/p>\n<p>Tr\u00e4ff med tutorl\u00e4rarna, Zoom 22.10.2020<\/p>\n<p>Tr\u00e4ff med tutorl\u00e4rarna, Zoom 10.09.2020<\/p>\n<p>Tr\u00e4ff med tutorl\u00e4rarna, Zoom 05.05.2020<\/p>\n<p>Tr\u00e4ff med tutorl\u00e4rarna, Tammerfors 20.01.2020<\/p>\n<p>Tr\u00e4ff med tutorl\u00e4rarna, Tammerfors 28.10.2019<\/p>\n<p>Radio Vegas program <em>Slaget efter tolv<\/em> p\u00e5 fredag 25.10.2019 kommer att handla om mofi-undervisningen. Styrgruppens projektforskare Katri Hansell kommer att delta i programmet.<br \/>\n<a href=\"https:\/\/areena.yle.fi\/1-50287877?autoplay=true\">https:\/\/areena.yle.fi\/1-50287877?autoplay=true<\/a><\/p>\n<p>Ledare i Hufvudstadsbladet skriven av Susanna Ginman 24.9.2019<br \/>\n<a href=\"https:\/\/www.hbl.fi\/artikel\/varna-om-tvasprakiga-elever\/\">https:\/\/www.hbl.fi\/artikel\/varna-om-tvasprakiga-elever\/<\/a><\/p>\n<p>Artikel i Hufvudstadsbladet 16.9.2019<br \/>\n<a href=\"https:\/\/www.hbl.fi\/artikel\/vad-ar-mofi-det-finns-forvantningar-pa-finskan-som-skolan-inte-kan-mota-i-dag-2\/\">https:\/\/www.hbl.fi\/artikel\/vad-ar-mofi-det-finns-forvantningar-pa-finskan-som-skolan-inte-kan-mota-i-dag-2\/<\/a><\/p>\n<p>Ins\u00e4ndare i Hufvudstadsbladet 27.8.2019<br \/>\n<a href=\"https:\/\/www.hbl.fi\/artikel\/mofi-2-0-fortydligar-finskundervisningen\/\">https:\/\/www.hbl.fi\/artikel\/mofi-2-0-fortydligar-finskundervisningen\/<\/a><\/p>\n<p>Tr\u00e4ff med tutorl\u00e4rarna, Tammerfors 21.8.2019<\/p>\n<p>Diskussionstr\u00e4ff f\u00f6r mofi-l\u00e4rare i \u00d6sterbotten, Vasa 21.2.2019<\/p>\n<p>Diskussionstr\u00e4ff f\u00f6r mofi-l\u00e4rare i \u00c5boland, \u00c5bo 8.2.2019<\/p>\n<p>Diskussionstr\u00e4ff f\u00f6r mofi-l\u00e4rare i Nyland, Helsingfors 5.2.2019 och 14.2.2019<\/p>\n","protected":false},"excerpt":{"rendered":"<p>Aktuellt Boksl\u00e4pp av handboken &#8221;Mofi-stigen. En handbok f\u00f6r mofi-l\u00e4rare i 1\u20139&#8221; Tid: fredagen den 5 november kl. 13.30\u201315.00. Zoom l\u00e4nk: https:\/\/aboakademi.zoom.us\/j\/61714215688 Ingen anm\u00e4lan kr\u00e4vs. Tr\u00e4ff med tutorl\u00e4rarna, Zoom 26.11.2020 Tr\u00e4ff med tutorl\u00e4rarna, Zoom 22.10.2020 Tr\u00e4ff med tutorl\u00e4rarna, Zoom 10.09.2020 Tr\u00e4ff &hellip; <a href=\"https:\/\/blogs2.abo.fi\/mofi20\/aktuellt\/\">Forts\u00e4tt l\u00e4sa <span class=\"meta-nav\">&rarr;<\/span><\/a><\/p>\n","protected":false},"author":444,"featured_media":0,"parent":0,"menu_order":0,"comment_status":"closed","ping_status":"closed","template":"","meta":{"footnotes":""},"class_list":["post-35","page","type-page","status-publish","hentry"],"_links":{"self":[{"href":"https:\/\/blogs2.abo.fi\/mofi20\/wp-json\/wp\/v2\/pages\/35","targetHints":{"allow":["GET"]}}],"collection":[{"href":"https:\/\/blogs2.abo.fi\/mofi20\/wp-json\/wp\/v2\/pages"}],"about":[{"href":"https:\/\/blogs2.abo.fi\/mofi20\/wp-json\/wp\/v2\/types\/page"}],"author":[{"embeddable":true,"href":"https:\/\/blogs2.abo.fi\/mofi20\/wp-json\/wp\/v2\/users\/444"}],"replies":[{"embeddable":true,"href":"https:\/\/blogs2.abo.fi\/mofi20\/wp-json\/wp\/v2\/comments?post=35"}],"version-history":[{"count":10,"href":"https:\/\/blogs2.abo.fi\/mofi20\/wp-json\/wp\/v2\/pages\/35\/revisions"}],"predecessor-version":[{"id":85,"href":"https:\/\/blogs2.abo.fi\/mofi20\/wp-json\/wp\/v2\/pages\/35\/revisions\/85"}],"wp:attachment":[{"href":"https:\/\/blogs2.abo.fi\/mofi20\/wp-json\/wp\/v2\/media?parent=35"}],"curies":[{"name":"wp","href":"https:\/\/api.w.org\/{rel}","templated":true}]}}