{"id":21,"date":"2022-10-27T07:36:18","date_gmt":"2022-10-27T07:36:18","guid":{"rendered":"https:\/\/blogs2.abo.fi\/mif\/?page_id=21"},"modified":"2026-03-05T11:17:51","modified_gmt":"2026-03-05T11:17:51","slug":"publikationer","status":"publish","type":"page","link":"https:\/\/blogs2.abo.fi\/mif\/publikationer\/","title":{"rendered":"Publikationer"},"content":{"rendered":"<p>Bj\u00f6rklund, S., Hansell, K., &amp; P\u00e4rkk\u00e4, M.\u00a0(2026).\u00a0<a href=\"https:\/\/urn.fi\/URN:ISBN:978-952-389-126-5\" target=\"_blank\" rel=\"noopener\">Pupils\u2019 experiences with the learning process and use of the target language in a local, experimental language-enriched programme in Finland<\/a>. I S. Bj\u00f6rklund, L. M. Heikkola, S. Pakarinen, &amp; K. \u00c5kerholm (Eds.),\u00a0<em>Exploring language education : Breaking boundaries\u00a0<\/em>(s. 37-55). \u00c5bo Akademis f\u00f6rlag.<\/p>\n<p>Kujala, E., Bj\u00f6rklund, S. &amp; Hansell, K. (2026).\u00a0<a href=\"https:\/\/www.kieliverkosto.fi\/fi\/journals\/kieli-koulutus-ja-yhteiskunta-helmikuu-2026\/utmanande-men-ocksa-utvecklande-intressant-och-roligt-2013-larares-beskrivningar-av-sprakberikad-undervisning-i-finska-inom-svensksprakig-utbildning\" target=\"_blank\" rel=\"noopener\"><span class=\"TextRun SCXW188792745 BCX8\" lang=\"SV-FI\" xml:lang=\"SV-FI\" data-contrast=\"auto\"><span class=\"NormalTextRun SCXW188792745 BCX8\">Utmanande<\/span><\/span><span class=\"TextRun SCXW188792745 BCX8\" lang=\"SV-FI\" xml:lang=\"SV-FI\" data-contrast=\"auto\"><span class=\"NormalTextRun SCXW188792745 BCX8\">\u00a0men ocks\u00e5\u00a0<\/span><\/span><span class=\"TextRun SCXW188792745 BCX8\" lang=\"SV-FI\" xml:lang=\"SV-FI\" data-contrast=\"auto\"><span class=\"NormalTextRun SCXW188792745 BCX8\">utvecklande<\/span><\/span><span class=\"TextRun SCXW188792745 BCX8\" lang=\"SV-FI\" xml:lang=\"SV-FI\" data-contrast=\"auto\"><span class=\"NormalTextRun SCXW188792745 BCX8\">,\u00a0<\/span><\/span><span class=\"TextRun SCXW188792745 BCX8\" lang=\"SV-FI\" xml:lang=\"SV-FI\" data-contrast=\"auto\"><span class=\"NormalTextRun SCXW188792745 BCX8\">intressant<\/span><\/span><span class=\"TextRun SCXW188792745 BCX8\" lang=\"SV-FI\" xml:lang=\"SV-FI\" data-contrast=\"auto\"><span class=\"NormalTextRun SCXW188792745 BCX8\">\u00a0och\u00a0<\/span><\/span><span class=\"TextRun SCXW188792745 BCX8\" lang=\"SV-FI\" xml:lang=\"SV-FI\" data-contrast=\"auto\"><span class=\"NormalTextRun SCXW188792745 BCX8\">roligt<\/span><\/span><\/a><span class=\"TextRun SCXW188792745 BCX8\" lang=\"SV-FI\" xml:lang=\"SV-FI\" data-contrast=\"auto\"><span class=\"NormalTextRun SCXW188792745 BCX8\">\u00a0\u2013 <a href=\"https:\/\/www.kieliverkosto.fi\/fi\/journals\/kieli-koulutus-ja-yhteiskunta-helmikuu-2026\/utmanande-men-ocksa-utvecklande-intressant-och-roligt-2013-larares-beskrivningar-av-sprakberikad-undervisning-i-finska-inom-svensksprakig-utbildning\" target=\"_blank\" rel=\"noopener\">l\u00e4rares beskrivningar av spr\u00e5kberikad undervisning i finska inom svenskspr\u00e5kig utbildning<\/a>.\u00a0<em>Kieli, koulutus ja yhteiskunta, 17<\/em>(1).<\/span><\/span><\/p>\n<p>Hansell, K. &amp; Bj\u00f6rklund, S. (2022).\u00a0<a href=\"https:\/\/journal.fi\/jecer\/article\/view\/114013\/67209\" target=\"_blank\" rel=\"noopener\">Developing bilingual pedagogy in early childhood education and care: Analysis of teacher interaction.<\/a>\u00a0I: Journal of Early Childhood Education Research. 11, 1, s. 179-203 s.<\/p>\n<p>M\u00e5rd-Miettinen, K., Hansell, K., &amp; Kvist, M.\u00a0(2023).\u00a0<a href=\"https:\/\/doi.org\/10.30660\/afinla.126171\" target=\"_blank\" rel=\"noopener\">Kaksikielinen varhaiskasvatus toisen kielen oppimisen ymp\u00e4rist\u00f6n\u00e4.\u00a0<em>AFinLA-teema\u00a0<\/em>(16 red., s. 141-162).<\/a><\/p>\n<p>Bj\u00f6rklund, S., Hansell, K. &amp; P\u00e4rkk\u00e4, M. (2020). <a href=\"https:\/\/finrainfo.fi\/wp-content\/uploads\/2020\/07\/Kielikukko%201%202020%20www.pdf\" target=\"_blank\" rel=\"noopener\">Att tidigarel\u00e4gga finska som det andra inhemska spr\u00e5ket \u2013 erfarenheter fr\u00e5n sm\u00e5barnspedagogik till f\u00f6rskola.\u00a0<em>Kielikukko<\/em>, 1\/2020<\/a>, 30<span lang=\"EN-US\">\u2013<\/span>33.<\/p>\n<p>Hansell, K., Paloj\u00e4rvi, A., Bj\u00f6rklund, S. &amp; P\u00e4rkk\u00e4, M. (2020).\u00a0<a href=\"https:\/\/www.kieliverkosto.fi\/fi\/journals\/kieli-koulutus-ja-yhteiskunta-toukokuu-2020\/kielirikasteinen-varhaiskasvatus-ja-toinen-kotimainen-kieli-avaimina-kielitietoisuuteen-ja-monikielisyyteen\" target=\"_blank\" rel=\"noopener\">Kielirikasteinen varhaiskasvatus ja toinen kotimainen kieli avaimina kielitietoisuuteen ja monikielisyyteen.\u00a0<em>Kieli, koulutus ja yhteiskunta<\/em>,<em>11<\/em>(3).<\/a><\/p>\n<p>Hansell, K. (2019). Blogginl\u00e4gg:\u00a0<a href=\"https:\/\/www.ikihanke.fi\/ajankohtaista\/varhennettu-kieltenopetus-varhaiskasvatuksessa-ja-esiopetuksessa-suomi-toisena-kotimaisena-kielena\/\" target=\"_blank\" rel=\"noopener\">Varhennettu kieltenopetus varhaiskasvatuksessa ja esiopetuksessa \u2013 Suomi toisena kotimaisena kielen\u00e4<\/a>.\u00a0<a href=\"https:\/\/www.ikihanke.fi\/\">ikihanke.fi<\/a><\/p>\n<p>Bj\u00f6rklund, S.,\u00a0 Hansell, K. &amp; T\u00f6tterman-Engstr\u00f6m, T. (2018).\u00a0<a href=\"https:\/\/www.kieliverkosto.fi\/fi\/journals\/kieli-koulutus-ja-yhteiskunta-kesakuu-2018\/absolut-ingen-radsla-utan-nyfikenhet-tidigarelaggning-av-finska-case-nykarleby\">\u201cAbsolut ingen r\u00e4dsla utan nyfikenhet\u201d Tidigarel\u00e4ggning av finska \u2013 Case Nykarleby<\/a>.\u00a0<a href=\"https:\/\/www.kieliverkosto.fi\/fi\/journals\" target=\"_blank\" rel=\"noopener\">Kieli, koulutus ja yhteiskunta<\/a>, 9(4).<\/p>\n<p>&nbsp;<\/p>\n<p><strong>IKI-handbok<\/strong><\/p>\n<p><a href=\"https:\/\/jyx.jyu.fi\/handle\/123456789\/75443\" target=\"_blank\" rel=\"noopener\">Innovatiivisen kielikasvatuksen kartta &amp; kompassi: askeleita kehitt\u00e4misty\u00f6h\u00f6n \/\u00a0Karta och kompass f\u00f6r innovativ spr\u00e5kpedagogik: steg p\u00e5 v\u00e4gen\u00a0<\/a><\/p>\n<p>Delar av handboken kan ocks\u00e5 l\u00e4sas p\u00e5 engelska: <a href=\"https:\/\/jyx.jyu.fi\/handle\/123456789\/77470\" target=\"_blank\" rel=\"noopener\">A Map and Compass for Innovative Language Education : Steps towards development<\/a><\/p>\n<div>\n<p>&nbsp;<\/p>\n<p><strong>Magisteravhandlingar<\/strong><\/p>\n<p>Hagelberg, A. (2026).\u00a0<em><a href=\"https:\/\/urn.fi\/URN:NBN:fi-fe202601248462\" target=\"_blank\" rel=\"noopener\">Att bygga broar: \u00d6verg\u00e5ngar fr\u00e5n sm\u00e5barnspedagogik till grundl\u00e4ggande utbildning i ett spr\u00e5kberikat program<\/a><\/em>.<\/p>\n<p>Schmidt H\u00f6glund, H. (2022). <a href=\"https:\/\/urn.fi\/URN:NBN:fi-fe202301021184\" target=\"_blank\" rel=\"noopener\">Spr\u00e5kberikad undervisning i sm\u00e5barnspedagogik och f\u00f6rskola &#8211; L\u00e4rarnas, v\u00e5rdnadshavarnas och barnens synvinklar.<\/a><\/p>\n<p>Bj\u00f6rkskog, R. (2020).\u00a0<a href=\"http:\/\/blogs2.abo.fi\/multiped\/wp-content\/uploads\/sites\/94\/2020\/06\/Bjorkskog_Ronja-2020-Tidigarelagd-finska-i-f%C3%B6rskoleundervisningen-L%C3%A4rarnas-syn-p%C3%A5-programmet-Kielistigen.pdf\" target=\"_blank\" rel=\"noopener\">Tidigarelagd finska i f\u00f6rskoleundervisningen \u2013 L\u00e4rarnas syn p\u00e5 programmet Kielistigen.<\/a><\/p>\n<\/div>\n<p>Virta, S. (2020).\u00a0<a href=\"http:\/\/urn.fi\/URN:NBN:fi-fe20201214100599\" target=\"_blank\" rel=\"noopener\">Tidigarelagd finska i ett svenskspr\u00e5kigt daghem: En kvalitativ analys av tio 5-\u00e5ringars f\u00f6rst\u00e5else och produktion av finska med hj\u00e4lp av en handdocka.<\/a><\/p>\n<p>&nbsp;<\/p>\n<p><strong>Opublicerad kandidatavhandlingar<\/strong><\/p>\n<p>Enlund, M. (2022). \u201dTack f\u00f6r korven! Kiitos korvasta!\u201d<br \/>\nPedagogernas upplevelser av anv\u00e4ndningen av finska i Kielistigen inom sm\u00e5barnspedagogik och f\u00f6rskoleundervisning.<\/p>\n<p>Tuokkola, E. (2021). Musik som medel att introducera ett nytt spr\u00e5k &#8211; En fallstudie i att introducera finska inom den svenskspr\u00e5kiga sm\u00e5barnspedagogiken.<\/p>\n<p>&nbsp;<\/p>\n","protected":false},"excerpt":{"rendered":"<p>Bj\u00f6rklund, S., Hansell, K., &amp; P\u00e4rkk\u00e4, M.\u00a0(2026).\u00a0Pupils\u2019 experiences with the learning process and use of the target language in a local, experimental language-enriched programme in Finland. I S. Bj\u00f6rklund, L. M. Heikkola, S. Pakarinen, &amp; K. \u00c5kerholm (Eds.),\u00a0Exploring language education : Breaking boundaries\u00a0(s. 37-55). \u00c5bo Akademis f\u00f6rlag. Kujala, E., Bj\u00f6rklund, S. &amp; Hansell, K. (2026).\u00a0Utmanande\u00a0men &hellip; <a href=\"https:\/\/blogs2.abo.fi\/mif\/publikationer\/\" class=\"more-link\">Forts\u00e4tt l\u00e4sa <span class=\"screen-reader-text\">Publikationer<\/span><\/a><\/p>\n","protected":false},"author":415,"featured_media":0,"parent":0,"menu_order":0,"comment_status":"closed","ping_status":"closed","template":"","meta":{"footnotes":""},"class_list":["post-21","page","type-page","status-publish","hentry"],"_links":{"self":[{"href":"https:\/\/blogs2.abo.fi\/mif\/wp-json\/wp\/v2\/pages\/21","targetHints":{"allow":["GET"]}}],"collection":[{"href":"https:\/\/blogs2.abo.fi\/mif\/wp-json\/wp\/v2\/pages"}],"about":[{"href":"https:\/\/blogs2.abo.fi\/mif\/wp-json\/wp\/v2\/types\/page"}],"author":[{"embeddable":true,"href":"https:\/\/blogs2.abo.fi\/mif\/wp-json\/wp\/v2\/users\/415"}],"replies":[{"embeddable":true,"href":"https:\/\/blogs2.abo.fi\/mif\/wp-json\/wp\/v2\/comments?post=21"}],"version-history":[{"count":20,"href":"https:\/\/blogs2.abo.fi\/mif\/wp-json\/wp\/v2\/pages\/21\/revisions"}],"predecessor-version":[{"id":261,"href":"https:\/\/blogs2.abo.fi\/mif\/wp-json\/wp\/v2\/pages\/21\/revisions\/261"}],"wp:attachment":[{"href":"https:\/\/blogs2.abo.fi\/mif\/wp-json\/wp\/v2\/media?parent=21"}],"curies":[{"name":"wp","href":"https:\/\/api.w.org\/{rel}","templated":true}]}}