{"id":59,"date":"2017-11-13T11:31:15","date_gmt":"2017-11-13T11:31:15","guid":{"rendered":"http:\/\/blogs2.abo.fi\/matetemat\/?page_id=59"},"modified":"2017-11-13T11:31:15","modified_gmt":"2017-11-13T11:31:15","slug":"matematik-kan-vara-betydelsefullt-utmanande-och-roligt","status":"publish","type":"page","link":"https:\/\/blogs2.abo.fi\/matetemat\/skrivet-om-projektet-hankkeesta-kirjoitettua\/matematik-kan-vara-betydelsefullt-utmanande-och-roligt\/","title":{"rendered":"Matematik kan vara betydelsefullt, utmanande och roligt!"},"content":{"rendered":"<p>Maarit Rossis bes\u00f6k till Vasa:<\/p>\n<p>L\u00e4s hela artikeln i \u00d6sterbottens l\u00e4rare\u00a0<a href=\"https:\/\/www.yumpu.com\/fi\/document\/view\/56095297\/pohjanmaan-opettaja-2-2016\">h\u00e4r<\/a><\/p>\n","protected":false},"excerpt":{"rendered":"<p>Maarit Rossis bes\u00f6k till Vasa: L\u00e4s hela artikeln i \u00d6sterbottens l\u00e4rare\u00a0h\u00e4r<\/p>\n","protected":false},"author":377,"featured_media":0,"parent":53,"menu_order":0,"comment_status":"closed","ping_status":"closed","template":"","meta":{"footnotes":""},"class_list":["post-59","page","type-page","status-publish","hentry"],"_links":{"self":[{"href":"https:\/\/blogs2.abo.fi\/matetemat\/wp-json\/wp\/v2\/pages\/59","targetHints":{"allow":["GET"]}}],"collection":[{"href":"https:\/\/blogs2.abo.fi\/matetemat\/wp-json\/wp\/v2\/pages"}],"about":[{"href":"https:\/\/blogs2.abo.fi\/matetemat\/wp-json\/wp\/v2\/types\/page"}],"author":[{"embeddable":true,"href":"https:\/\/blogs2.abo.fi\/matetemat\/wp-json\/wp\/v2\/users\/377"}],"replies":[{"embeddable":true,"href":"https:\/\/blogs2.abo.fi\/matetemat\/wp-json\/wp\/v2\/comments?post=59"}],"version-history":[{"count":1,"href":"https:\/\/blogs2.abo.fi\/matetemat\/wp-json\/wp\/v2\/pages\/59\/revisions"}],"predecessor-version":[{"id":60,"href":"https:\/\/blogs2.abo.fi\/matetemat\/wp-json\/wp\/v2\/pages\/59\/revisions\/60"}],"up":[{"embeddable":true,"href":"https:\/\/blogs2.abo.fi\/matetemat\/wp-json\/wp\/v2\/pages\/53"}],"wp:attachment":[{"href":"https:\/\/blogs2.abo.fi\/matetemat\/wp-json\/wp\/v2\/media?parent=59"}],"curies":[{"name":"wp","href":"https:\/\/api.w.org\/{rel}","templated":true}]}}