{"id":162,"date":"2018-05-24T12:22:41","date_gmt":"2018-05-24T10:22:41","guid":{"rendered":"http:\/\/blogs2.abo.fi\/lepa\/?page_id=162"},"modified":"2019-08-29T10:30:47","modified_gmt":"2019-08-29T08:30:47","slug":"erikoistumiskoulutus","status":"publish","type":"page","link":"https:\/\/blogs2.abo.fi\/lepa\/legal-psychology-specialization-programme\/erikoistumiskoulutus\/","title":{"rendered":"Oikeuspsykologian erikoistumiskoulutus"},"content":{"rendered":"<p style=\"font-weight: 400\">Oikeuspsykologian erikoistumiskoulutus j\u00e4rjestettiin ensimm\u00e4ist\u00e4 kertaa Suomessa vuonna 2017\u20132019. Oikeuspsykologia tarkastelee psykologisen tiedon ja osaamisen soveltamista oikeuden k\u00e4yt\u00f6ss\u00e4 ja rikostutkinnassa. <strong>Oikeuspsykologian erikoistumiskoulutus<\/strong>\u00a0on kaksikielinen ja se on suunniteltu yhteisty\u00f6ss\u00e4 psykologian ja oikeustieteiden oppiaineiden sek\u00e4 ty\u00f6el\u00e4m\u00e4n tahojen kanssa. \u00c5bo Akademi toimii erikoistumiskoulutushankkeen koordinoivana yliopistona. Koulutuksen yhteisty\u00f6verkostoon kuuluvat psykologian ja\/tai oikeustieteen oppiaineet seuraavista yliopistoista: Helsingin yliopisto, It\u00e4-Suomen yliopisto, Lapin yliopisto, Tampereen yliopisto, Turun yliopisto ja \u00c5bo Akademi.<\/p>\n<p>Yhteystiedot:\u00a0<a style=\"font-style: inherit;font-weight: inherit\" href=\"mailto:rattspsykologi@abo.fi\">rattspsykologi@abo.fi<\/a><\/p>\n<p><iframe loading=\"lazy\"  id=\"_ytid_52830\"  width=\"625\" height=\"352\"  data-origwidth=\"625\" data-origheight=\"352\" src=\"https:\/\/www.youtube.com\/embed\/sgN9W8csZ2c?enablejsapi=1&#038;autoplay=0&#038;cc_load_policy=0&#038;cc_lang_pref=&#038;iv_load_policy=1&#038;loop=0&#038;rel=1&#038;fs=1&#038;playsinline=0&#038;autohide=2&#038;theme=dark&#038;color=red&#038;controls=1&#038;disablekb=0&#038;\" class=\"__youtube_prefs__  epyt-is-override  no-lazyload\" title=\"YouTube player\"  allow=\"fullscreen; accelerometer; autoplay; clipboard-write; encrypted-media; gyroscope; picture-in-picture; web-share\" referrerpolicy=\"strict-origin-when-cross-origin\" allowfullscreen data-no-lazy=\"1\" data-skipgform_ajax_framebjll=\"\"><\/iframe><\/p>\n<h1 style=\"font-style: inherit;font-weight: inherit\">Koulutuksen kohderyhm\u00e4 ja valintaperusteet<\/h1>\n<p style=\"font-style: inherit;font-weight: inherit\">Oikeuspsykologian koulutus on moniammatillinen ja suunnattu p\u00e4\u00e4asiallisesti psykologeille sek\u00e4 muille ammattilaisille, jotka ty\u00f6skentelev\u00e4t oikeudellisten prosessien parissa, esimerkiksi juristeille, l\u00e4\u00e4k\u00e4reille, sosiaality\u00f6ntekij\u00f6ille sek\u00e4 poliiseille (joilla on alip\u00e4\u00e4llyst\u00f6tutkinto tai ylempi korkeakoulututkinto). Koulutus on ensisijaisesti suunniteltu osallistujille, joilla jo on ty\u00f6kokemusta, sill\u00e4 yhten\u00e4 koulutuksen keskeisen\u00e4 ty\u00f6muotona on pohtia ty\u00f6el\u00e4m\u00e4ss\u00e4 kohdattuja ilmi\u00f6it\u00e4 ja analysoida sek\u00e4 saada palautetta omista ty\u00f6tavoistaan.<\/p>\n<p>&nbsp;<\/p>\n<h1 style=\"font-style: inherit;font-weight: inherit\">Koulutuksen tavoitteet ja sis\u00e4ll\u00f6t<\/h1>\n<p style=\"font-style: inherit;font-weight: inherit\">Oikeuspsykologian erikoistumiskoulutuksen tavoitteena on keskeisten oikeuspsykologian k\u00e4sitteiden ja aihepiirien hallitseminen sek\u00e4 tiedon soveltaminen aktiivisesti omaan ty\u00f6h\u00f6n. Koulutuksen moniammatillisuus mahdollistaa my\u00f6s eri alojen edustajien keskin\u00e4isen palautteen annon ja oppimisen sek\u00e4 moniulotteisemman n\u00e4kemyksen saamisen oikeusprosessista ja omasta ty\u00f6kent\u00e4st\u00e4 osana sit\u00e4. Osallistujien kirjallisten teht\u00e4vien my\u00f6t\u00e4 tavoitteena on koota suomeksi ja ruotsiksi keskeisten oikeuspsykologisten teemojen ajantasainen tieteellinen n\u00e4ytt\u00f6.<\/p>\n<p style=\"font-style: inherit;font-weight: inherit\">Koulutuksessa k\u00e4sitelt\u00e4vi\u00e4 teemoja ovat muun muassa inhimillisen tiedonk\u00e4sittelyn, havainnoinnin ja muistin toiminta, p\u00e4\u00e4t\u00f6ksenteon psykologia sek\u00e4 tunteisiin ja motivaatioon liittyv\u00e4t oikeuspsykologiset kysymykset, asiantuntijuus ja asiantuntijalausuntojen kirjoittaminen ja niiden kriittinen tarkastelu, erityisen suojelun tarpeessa olevien todistajien kohtaaminen, ihmisten kuuleminen oikeusprosessissa, mielentilatutkimusten ja vaarallisuusarvioiden tekeminen,\u00a0rikollisen k\u00e4ytt\u00e4ytymisen syyt ja siihen vaikuttaminen, uusimisriskitekij\u00e4t ja rikoksentekij\u00f6iden kuntoutus, rikoksen vaikutukset uhriin,\u00a0mielenterveysongelmien huomioiminen oikeusprosessissa, huoltajuuskiistat ja lasten asema oikeusprosessissa ja sovittelu.<\/p>\n<p style=\"font-style: inherit;font-weight: inherit\">Koulutussis\u00e4lt\u00f6 on keskeisten k\u00e4sitteiden ja tiedon osalta yhteinen kaikille. Ty\u00f6nohjauksissa, ryhm\u00e4t\u00f6iss\u00e4 sek\u00e4 yksil\u00f6llisiss\u00e4 teht\u00e4viss\u00e4 osallistujilla on mahdollisuus keskitty\u00e4 oman ty\u00f6ns\u00e4 kannalta merkitt\u00e4vimpiin kysymyksiin.<\/p>\n<h1 style=\"font-style: inherit;font-weight: inherit\">Koulutus 2019-2021<\/h1>\n<p>Koulutus alkaa syksyll\u00e4 2019 ja jatkuu kev\u00e4\u00e4lle 2021. Koulutuksen laajuus on 30 opintopistett\u00e4 ja toiseen koulutukseen ottettiin 36 opiskelijaa. Koulutuksen hinta on 120 euroa \/ opintopiste eli yhteens\u00e4 3600 euroa.<\/p>\n<p>Koulutusp\u00e4ivi\u00e4 tulee olemaan noin yksi kuukaudessa, joista noin puolet ovat pienryhm\u00e4ty\u00f6skentelyn tai ty\u00f6nohjauksen muodossa. Muutoin opinnot tapahtuvat p\u00e4\u00e4osin et\u00e4opiskeluina. Koulutusp\u00e4iv\u00e4t pidet\u00e4\u00e4n Helsingiss\u00e4. L\u00e4sn\u00e4olo n\u00e4iss\u00e4 on pakollinen. Koulutusp\u00e4ivien v\u00e4lill\u00e4 j\u00e4rjestet\u00e4\u00e4n ty\u00f6nohjausta pienryhmiss\u00e4 (4-5 tuntia per kerta). N\u00e4iss\u00e4 l\u00e4sn\u00e4olo paikalla on toivottava, muttei v\u00e4ltt\u00e4m\u00e4t\u00f6n, eli tarvittaessa ty\u00f6nohjaukseen voi osallistua et\u00e4yhteyden kautta.<\/p>\n<h3>Koulutusp\u00e4ivien p\u00e4iv\u00e4m\u00e4\u00e4r\u00e4t:<\/h3>\n<p>Avausseminaari\u00a0 \u00a0 \u00a0 \u00a0 \u00a0 \u00a0 \u00a0 \u00a0 \u00a0 \u00a0 \u00a0 \u00a0 \u00a0 \u00a0 \u00a0 \u00a0 \u00a0 \u00a0 \u00a0 \u00a0 \u00a0 \u00a0 \u00a0 \u00a0 \u00a0 \u00a0 \u00a0 \u00a0 29-30.8.2019<\/p>\n<p>KP 1\u00a0\u00a0\u00a0\u00a0\u00a0\u00a0\u00a0\u00a0\u00a0\u00a0\u00a0\u00a0\u00a0\u00a0\u00a0\u00a0\u00a0\u00a0\u00a0\u00a0\u00a0\u00a0\u00a0\u00a0\u00a0\u00a0\u00a0\u00a0\u00a0\u00a0\u00a0\u00a0\u00a0\u00a0\u00a0\u00a0\u00a0\u00a0\u00a0\u00a0\u00a0\u00a0\u00a0\u00a0\u00a0\u00a0\u00a0\u00a0\u00a0\u00a0\u00a0\u00a0\u00a0\u00a0\u00a0\u00a0\u00a0\u00a0\u00a0\u00a0\u00a0\u00a0\u00a0 \u00a0\u00a0\u00a0\u00a0\u00a0\u00a0\u00a0\u00a0\u00a0\u00a0\u00a0 11.10.2019<\/p>\n<p>KP 2\u00a0\u00a0\u00a0\u00a0\u00a0\u00a0\u00a0\u00a0\u00a0\u00a0\u00a0\u00a0\u00a0\u00a0\u00a0\u00a0\u00a0\u00a0\u00a0\u00a0\u00a0\u00a0\u00a0\u00a0\u00a0\u00a0\u00a0\u00a0\u00a0\u00a0\u00a0\u00a0\u00a0\u00a0\u00a0\u00a0\u00a0\u00a0\u00a0\u00a0\u00a0\u00a0\u00a0\u00a0\u00a0\u00a0\u00a0\u00a0\u00a0\u00a0\u00a0\u00a0\u00a0\u00a0\u00a0\u00a0\u00a0\u00a0\u00a0\u00a0\u00a0\u00a0\u00a0\u00a0\u00a0\u00a0\u00a0\u00a0\u00a0\u00a0\u00a0\u00a0\u00a0\u00a0\u00a0 10.1. 2020<\/p>\n<p>KP 3 ja 4\u00a0\u00a0\u00a0\u00a0\u00a0\u00a0\u00a0\u00a0\u00a0\u00a0\u00a0\u00a0\u00a0\u00a0\u00a0\u00a0\u00a0\u00a0\u00a0\u00a0\u00a0\u00a0\u00a0\u00a0\u00a0\u00a0\u00a0\u00a0\u00a0\u00a0\u00a0\u00a0\u00a0\u00a0\u00a0\u00a0\u00a0\u00a0\u00a0\u00a0\u00a0\u00a0\u00a0\u00a0\u00a0\u00a0\u00a0\u00a0\u00a0\u00a0\u00a0\u00a0\u00a0\u00a0\u00a0\u00a0\u00a0\u00a0\u00a0\u00a0\u00a0\u00a0\u00a0\u00a0\u00a0\u00a0\u00a0\u00a0 16-17.3.2020<\/p>\n<p>KP 5\u00a0 \u00a0 \u00a0 \u00a0 \u00a0 \u00a0 \u00a0 \u00a0 \u00a0 \u00a0 \u00a0 \u00a0 \u00a0 \u00a0 \u00a0 \u00a0 \u00a0 \u00a0 \u00a0 \u00a0 \u00a0 \u00a0 \u00a0 \u00a0 \u00a0 \u00a0 \u00a0 \u00a0 \u00a0 \u00a0 \u00a0 \u00a0 \u00a0 \u00a0 \u00a0 \u00a0 \u00a0 \u00a0 \u00a08.5.2020<\/p>\n<p>KP 6\u00a0 \u00a0 \u00a0 \u00a0 \u00a0 \u00a0 \u00a0 \u00a0 \u00a0 \u00a0 \u00a0 \u00a0 \u00a0 \u00a0 \u00a0 \u00a0 \u00a0 \u00a0 \u00a0 \u00a0 \u00a0 \u00a0 \u00a0 \u00a0 \u00a0 \u00a0 \u00a0 \u00a0 \u00a0 \u00a0 \u00a0 \u00a0 \u00a0 \u00a0 \u00a0 \u00a0 \u00a0 \u00a0 \u00a024.8.2020<\/p>\n<p>KP 7\u00a0 \u00a0 \u00a0 \u00a0 \u00a0 \u00a0 \u00a0 \u00a0 \u00a0 \u00a0 \u00a0 \u00a0 \u00a0 \u00a0 \u00a0 \u00a0 \u00a0 \u00a0 \u00a0 \u00a0 \u00a0 \u00a0 \u00a0 \u00a0 \u00a0 \u00a0 \u00a0 \u00a0 \u00a0 \u00a0 \u00a0 \u00a0 \u00a0 \u00a0 \u00a0 \u00a0 \u00a0 \u00a0 \u00a012.10.2020<\/p>\n<p>KP 8\u00a0 \u00a0 \u00a0 \u00a0 \u00a0 \u00a0 \u00a0 \u00a0 \u00a0 \u00a0 \u00a0 \u00a0 \u00a0 \u00a0 \u00a0 \u00a0 \u00a0 \u00a0 \u00a0 \u00a0 \u00a0 \u00a0 \u00a0 \u00a0 \u00a0 \u00a0 \u00a0 \u00a0 \u00a0 \u00a0 \u00a0 \u00a0 \u00a0 \u00a0 \u00a0 \u00a0 \u00a0 \u00a0 \u00a011.12.2020<\/p>\n<p>KP 9\u00a0 \u00a0 \u00a0 \u00a0 \u00a0 \u00a0 \u00a0 \u00a0 \u00a0 \u00a0 \u00a0 \u00a0 \u00a0 \u00a0 \u00a0 \u00a0 \u00a0 \u00a0 \u00a0 \u00a0 \u00a0 \u00a0 \u00a0 \u00a0 \u00a0 \u00a0 \u00a0 \u00a0 \u00a0 \u00a0 \u00a0 \u00a0 \u00a0 \u00a0 \u00a0 \u00a0 \u00a0 \u00a0 \u00a011.1.2021<\/p>\n<p>KP 10\u00a0 \u00a0 \u00a0 \u00a0 \u00a0 \u00a0 \u00a0 \u00a0 \u00a0 \u00a0 \u00a0 \u00a0 \u00a0 \u00a0 \u00a0 \u00a0 \u00a0 \u00a0 \u00a0 \u00a0 \u00a0 \u00a0 \u00a0 \u00a0 \u00a0 \u00a0 \u00a0 \u00a0 \u00a0 \u00a0 \u00a0 \u00a0 \u00a0 \u00a0 \u00a0 \u00a0 \u00a0 \u00a012.3.2021<\/p>\n<p>Lopetusseminaari\u00a0 \u00a0 \u00a0 \u00a0 \u00a0 \u00a0 \u00a0 \u00a0 \u00a0 \u00a0 \u00a0 \u00a0 \u00a0 \u00a0 \u00a0 \u00a0 \u00a0 \u00a0 \u00a0 \u00a0 \u00a0 \u00a0 \u00a0 \u00a0 \u00a0 \u00a0 \u00a013-14.5.2021<\/p>\n<h3>Ty\u00f6nohjaukset (1 per ryhm\u00e4):<\/h3>\n<h4 style=\"margin-top: 0cm\"><span lang=\"en-FI\">Ty\u00f6nohjaus 1\/8<\/span><\/h4>\n<p style=\"margin: 0cm;margin-bottom: .0001pt\">Ryhm\u00e4 1: 7.11.2019<\/p>\n<p style=\"margin: 0cm;margin-bottom: .0001pt\">Ryhm\u00e4 2: 8.11.2019<\/p>\n<p style=\"margin: 0cm;margin-bottom: .0001pt\">Ryhm\u00e4 3: 14.11.2019<\/p>\n<p style=\"margin: 0cm;margin-bottom: .0001pt\">Ryhm\u00e4 4: 20.11.2019<\/p>\n<p style=\"margin: 0cm;margin-bottom: .0001pt\">Ryhm\u00e4 5: 21.11.2019<\/p>\n<p style=\"margin: 0cm;margin-bottom: .0001pt\">Ryhm\u00e4 6: 22.11.2019<\/p>\n<p>&nbsp;<\/p>\n<h4 style=\"margin-top: 0cm\"><span lang=\"en-FI\">Ty\u00f6nohjaus 2\/8<\/span><\/h4>\n<p style=\"margin: 0cm;margin-bottom: .0001pt\">Ryhm\u00e4 1: 14.2.2020<\/p>\n<p style=\"margin: 0cm;margin-bottom: .0001pt\">Ryhm\u00e4 2: 5.2.2020<\/p>\n<p style=\"margin: 0cm;margin-bottom: .0001pt\">Ryhm\u00e4 3: 6.2.2020<\/p>\n<p style=\"margin: 0cm;margin-bottom: .0001pt\">Ryhm\u00e4 4: 7.2.2020<\/p>\n<p style=\"margin: 0cm;margin-bottom: .0001pt\">Ryhm\u00e4 5: 12.2.2020<\/p>\n<p style=\"margin: 0cm;margin-bottom: .0001pt\">Ryhm\u00e4 6: 13.2.2020<\/p>\n<p>&nbsp;<\/p>\n<h4 style=\"margin-top: 0cm\"><span lang=\"en-FI\">Ty\u00f6nohjaus 3\/8<\/span><\/h4>\n<p style=\"margin: 0cm;margin-bottom: .0001pt\">Ryhm\u00e4 1: 23.4.2020<\/p>\n<p style=\"margin: 0cm;margin-bottom: .0001pt\">Ryhm\u00e4 2: 24.4.2020<\/p>\n<p style=\"margin: 0cm;margin-bottom: .0001pt\">Ryhm\u00e4 3: 15.4.2020<\/p>\n<p style=\"margin: 0cm;margin-bottom: .0001pt\">Ryhm\u00e4 4: 16.4.2020<\/p>\n<p style=\"margin: 0cm;margin-bottom: .0001pt\">Ryhm\u00e4 5: 17.4.2020<\/p>\n<p style=\"margin: 0cm;margin-bottom: .0001pt\">Ryhm\u00e4 6: 22.4.2020<\/p>\n<p>&nbsp;<\/p>\n<h4 style=\"margin-top: 0cm\"><span lang=\"en-FI\">Ty\u00f6nohjaus 4\/8<\/span><\/h4>\n<p style=\"margin: 0cm;margin-bottom: .0001pt\">Ryhm\u00e4 1: 4.6.2020<\/p>\n<p style=\"margin: 0cm;margin-bottom: .0001pt\">Ryhm\u00e4 2: 5.6.2020<\/p>\n<p style=\"margin: 0cm;margin-bottom: .0001pt\">Ryhm\u00e4 3: 8.6.2020<\/p>\n<p style=\"margin: 0cm;margin-bottom: .0001pt\">Ryhm\u00e4 4: 1.6.2020<\/p>\n<p style=\"margin: 0cm;margin-bottom: .0001pt\">Ryhm\u00e4 5: 2.6.2020<\/p>\n<p style=\"margin: 0cm;margin-bottom: .0001pt\">Ryhm\u00e4 6: 3.6.2020<\/p>\n<p>&nbsp;<\/p>\n<h4 style=\"margin-top: 0cm\"><span lang=\"en-FI\">Ty\u00f6nohjaus 5\/8<\/span><\/h4>\n<p style=\"margin: 0cm;margin-bottom: .0001pt\">Ryhm\u00e4 1: 23.9.2020<\/p>\n<p style=\"margin: 0cm;margin-bottom: .0001pt\">Ryhm\u00e4 2: 24.9.2020<\/p>\n<p style=\"margin: 0cm;margin-bottom: .0001pt\">Ryhm\u00e4 3: 25.9.2020<\/p>\n<p style=\"margin: 0cm;margin-bottom: .0001pt\">Ryhm\u00e4 4: 28.9.2020<\/p>\n<p style=\"margin: 0cm;margin-bottom: .0001pt\">Ryhm\u00e4 5: 21.9.2020<\/p>\n<p style=\"margin: 0cm;margin-bottom: .0001pt\">Ryhm\u00e4 6: 22.9.2020<\/p>\n<p>&nbsp;<\/p>\n<h4 style=\"margin-top: 0cm\"><span lang=\"en-FI\">Ty\u00f6nohjaus 6\/8<\/span><\/h4>\n<p style=\"margin: 0cm;margin-bottom: .0001pt\">Ryhm\u00e4 1: 16.11.2020<\/p>\n<p style=\"margin: 0cm;margin-bottom: .0001pt\">Ryhm\u00e4 2: 17.11.2020<\/p>\n<p style=\"margin: 0cm;margin-bottom: .0001pt\">Ryhm\u00e4 3: 18.11.2020<\/p>\n<p style=\"margin: 0cm;margin-bottom: .0001pt\">Ryhm\u00e4 4: 19.11.2020<\/p>\n<p style=\"margin: 0cm;margin-bottom: .0001pt\">Ryhm\u00e4 5: 20.11.2020<\/p>\n<p style=\"margin: 0cm;margin-bottom: .0001pt\">Ryhm\u00e4 6: 13.11.2020<\/p>\n<p>&nbsp;<\/p>\n<h4 style=\"margin-top: 0cm\"><span lang=\"en-FI\">Ty\u00f6nohjaus 7\/8<\/span><\/h4>\n<p style=\"margin: 0cm;margin-bottom: .0001pt\">Ryhm\u00e4 1: 4.2.2021<\/p>\n<p style=\"margin: 0cm;margin-bottom: .0001pt\">Ryhm\u00e4 2: 5.2.2021<\/p>\n<p style=\"margin: 0cm;margin-bottom: .0001pt\">Ryhm\u00e4 3: 11.2.2021<\/p>\n<p style=\"margin: 0cm;margin-bottom: .0001pt\">Ryhm\u00e4 4: 12.2.2021<\/p>\n<p style=\"margin: 0cm;margin-bottom: .0001pt\">Ryhm\u00e4 5: 18.2.2021<\/p>\n<p style=\"margin: 0cm;margin-bottom: .0001pt\">Ryhm\u00e4 6: 19.2.2021<\/p>\n<p>&nbsp;<\/p>\n<h4 style=\"margin-top: 0cm\"><span lang=\"en-FI\">Ty\u00f6nohjaus 8\/8<\/span><\/h4>\n<p style=\"margin: 0cm;margin-bottom: .0001pt\">Ryhm\u00e4 1: 16.4.2021<\/p>\n<p style=\"margin: 0cm;margin-bottom: .0001pt\">Ryhm\u00e4 2: 9.4.2021<\/p>\n<p style=\"margin: 0cm;margin-bottom: .0001pt\">Ryhm\u00e4 3: 12.4.2021<\/p>\n<p style=\"margin: 0cm;margin-bottom: .0001pt\">Ryhm\u00e4 4: 13.4.2021<\/p>\n<p style=\"margin: 0cm;margin-bottom: .0001pt\">Ryhm\u00e4 5: 14.4.2021<\/p>\n<p style=\"margin: 0cm;margin-bottom: .0001pt\">Ryhm\u00e4 6: 15.4.2021<\/p>\n","protected":false},"excerpt":{"rendered":"<p>Oikeuspsykologian erikoistumiskoulutus j\u00e4rjestettiin ensimm\u00e4ist\u00e4 kertaa Suomessa vuonna 2017\u20132019. Oikeuspsykologia tarkastelee psykologisen tiedon ja osaamisen soveltamista oikeuden k\u00e4yt\u00f6ss\u00e4 ja rikostutkinnassa. Oikeuspsykologian erikoistumiskoulutus\u00a0on kaksikielinen ja se on suunniteltu yhteisty\u00f6ss\u00e4 psykologian ja oikeustieteiden oppiaineiden sek\u00e4 ty\u00f6el\u00e4m\u00e4n tahojen kanssa. \u00c5bo Akademi toimii erikoistumiskoulutushankkeen koordinoivana yliopistona. Koulutuksen yhteisty\u00f6verkostoon kuuluvat psykologian ja\/tai oikeustieteen oppiaineet seuraavista yliopistoista: Helsingin yliopisto, It\u00e4-Suomen yliopisto, Lapin [&hellip;]<\/p>\n","protected":false},"author":406,"featured_media":0,"parent":63,"menu_order":0,"comment_status":"closed","ping_status":"closed","template":"","meta":{"footnotes":""},"class_list":["post-162","page","type-page","status-publish","hentry"],"_links":{"self":[{"href":"https:\/\/blogs2.abo.fi\/lepa\/wp-json\/wp\/v2\/pages\/162","targetHints":{"allow":["GET"]}}],"collection":[{"href":"https:\/\/blogs2.abo.fi\/lepa\/wp-json\/wp\/v2\/pages"}],"about":[{"href":"https:\/\/blogs2.abo.fi\/lepa\/wp-json\/wp\/v2\/types\/page"}],"author":[{"embeddable":true,"href":"https:\/\/blogs2.abo.fi\/lepa\/wp-json\/wp\/v2\/users\/406"}],"replies":[{"embeddable":true,"href":"https:\/\/blogs2.abo.fi\/lepa\/wp-json\/wp\/v2\/comments?post=162"}],"version-history":[{"count":7,"href":"https:\/\/blogs2.abo.fi\/lepa\/wp-json\/wp\/v2\/pages\/162\/revisions"}],"predecessor-version":[{"id":173,"href":"https:\/\/blogs2.abo.fi\/lepa\/wp-json\/wp\/v2\/pages\/162\/revisions\/173"}],"up":[{"embeddable":true,"href":"https:\/\/blogs2.abo.fi\/lepa\/wp-json\/wp\/v2\/pages\/63"}],"wp:attachment":[{"href":"https:\/\/blogs2.abo.fi\/lepa\/wp-json\/wp\/v2\/media?parent=162"}],"curies":[{"name":"wp","href":"https:\/\/api.w.org\/{rel}","templated":true}]}}