{"id":12,"date":"2018-04-16T12:38:34","date_gmt":"2018-04-16T10:38:34","guid":{"rendered":"http:\/\/blogs2.abo.fi\/lepa\/?page_id=12"},"modified":"2020-05-21T12:04:58","modified_gmt":"2020-05-21T10:04:58","slug":"lepa-legal-psychology-research-group-at-abo-akademi-university","status":"publish","type":"page","link":"https:\/\/blogs2.abo.fi\/lepa\/","title":{"rendered":"LEP\u00c5 &#8211; Legal Psychology at \u00c5bo Akademi University"},"content":{"rendered":"<div id=\"primary\" class=\"content-area\">\n<p><span style=\"font-size: 1rem\">LEP\u00c5 is an expert network within the field of legal psychology. LEP\u00c5 was founded in 2013 at \u00c5bo Akademi University in Turku, Finland. The group conducts theoretically driven empirical research applicable to the legal system. LEP\u00c5 also has a broad network of contacts including practitioners and other researchers in Finland as well as international scientific networks.<\/span><\/p>\n<article id=\"post-7\" class=\"post-7 post type-post status-draft format-standard hentry category-uncategorized\">\n<div class=\"entry-content\">\n<p>LEP\u00c5s research interest covers areas of eyewitness memory and testimony, investigative interviewing, decision-making within the legal arena, etiology of child sexual abuse, psychological profiling and using Bayesian statistics to improve the accuracy of child sexual abuse allegations.<\/p>\n<\/div>\n<\/article>\n<\/div>\n<aside id=\"secondary\" class=\"widget-area\" role=\"complementary\">\n<section id=\"recent-comments-2\" class=\"widget widget_recent_comments\">\n<ul id=\"recentcomments\"><\/ul>\n<\/section>\n<section id=\"archives-2\" class=\"widget widget_archive\"><\/section>\n<\/aside>\n","protected":false},"excerpt":{"rendered":"<p>LEP\u00c5 is an expert network within the field of legal psychology. LEP\u00c5 was founded in 2013 at \u00c5bo Akademi University in Turku, Finland. The group conducts theoretically driven empirical research applicable to the legal system. LEP\u00c5 also has a broad network of contacts including practitioners and other researchers in Finland as well as international scientific [&hellip;]<\/p>\n","protected":false},"author":406,"featured_media":0,"parent":0,"menu_order":0,"comment_status":"closed","ping_status":"closed","template":"","meta":{"footnotes":""},"class_list":["post-12","page","type-page","status-publish","hentry"],"_links":{"self":[{"href":"https:\/\/blogs2.abo.fi\/lepa\/wp-json\/wp\/v2\/pages\/12","targetHints":{"allow":["GET"]}}],"collection":[{"href":"https:\/\/blogs2.abo.fi\/lepa\/wp-json\/wp\/v2\/pages"}],"about":[{"href":"https:\/\/blogs2.abo.fi\/lepa\/wp-json\/wp\/v2\/types\/page"}],"author":[{"embeddable":true,"href":"https:\/\/blogs2.abo.fi\/lepa\/wp-json\/wp\/v2\/users\/406"}],"replies":[{"embeddable":true,"href":"https:\/\/blogs2.abo.fi\/lepa\/wp-json\/wp\/v2\/comments?post=12"}],"version-history":[{"count":21,"href":"https:\/\/blogs2.abo.fi\/lepa\/wp-json\/wp\/v2\/pages\/12\/revisions"}],"predecessor-version":[{"id":597,"href":"https:\/\/blogs2.abo.fi\/lepa\/wp-json\/wp\/v2\/pages\/12\/revisions\/597"}],"wp:attachment":[{"href":"https:\/\/blogs2.abo.fi\/lepa\/wp-json\/wp\/v2\/media?parent=12"}],"curies":[{"name":"wp","href":"https:\/\/api.w.org\/{rel}","templated":true}]}}