{"id":4612,"date":"2022-01-09T14:30:17","date_gmt":"2022-01-09T14:30:17","guid":{"rendered":"https:\/\/blogs2.abo.fi\/laslust\/?page_id=4612"},"modified":"2022-01-09T14:30:17","modified_gmt":"2022-01-09T14:30:17","slug":"last-lyssnat-2021","status":"publish","type":"page","link":"https:\/\/blogs2.abo.fi\/laslust\/last-lyssnat-2021\/","title":{"rendered":"L\u00e4st &#038; lyssnat 2021"},"content":{"rendered":"<table width=\"606\">\n<tbody>\n<tr>\n<td width=\"164\"><strong>Ljudb\u00f6cker<\/strong><\/td>\n<td width=\"197\"><\/td>\n<td width=\"125\"><\/td>\n<td width=\"70\"><\/td>\n<td width=\"50\"><\/td>\n<\/tr>\n<tr>\n<td width=\"164\">Ackebo Lena<\/td>\n<td width=\"197\">V\u00e4rldens vackraste man<\/td>\n<td>feelgood\/chic lit<\/td>\n<td>svenska<\/td>\n<td>2016<\/td>\n<\/tr>\n<tr>\n<td width=\"164\">Adler-Olsen Jussi<\/td>\n<td width=\"197\">Offer 2117<\/td>\n<td>deckare\/triller<\/td>\n<td>svenska<\/td>\n<td>2019<\/td>\n<\/tr>\n<tr>\n<td width=\"164\">Ahl Mia<\/td>\n<td width=\"197\">Bus och godis<\/td>\n<td>feelgood\/chic lit<\/td>\n<td>svenska<\/td>\n<td>2020<\/td>\n<\/tr>\n<tr>\n<td width=\"164\">Ahlstedt Mats<\/td>\n<td width=\"197\">\u00d6ga f\u00f6r \u00f6ga, tand f\u00f6r tand<\/td>\n<td>deckare\/triller<\/td>\n<td>svenska<\/td>\n<td>2017<\/td>\n<\/tr>\n<tr>\n<td width=\"164\">Ahnhem Stefan<\/td>\n<td width=\"197\">Offer utan ansikte<\/td>\n<td>deckare\/triller<\/td>\n<td>svenska<\/td>\n<td>2014<\/td>\n<\/tr>\n<tr>\n<td width=\"164\">Alakoski Susanna<\/td>\n<td width=\"197\">Londonflickan<\/td>\n<td>historisk roman<\/td>\n<td>svenska<\/td>\n<td>2020<\/td>\n<\/tr>\n<tr>\n<td width=\"164\">Aminoff Pauliina<\/td>\n<td width=\"197\">\u00c4iti meid\u00e4n<\/td>\n<td>biografi<\/td>\n<td>finska<\/td>\n<td>2019<\/td>\n<\/tr>\n<tr>\n<td width=\"164\">Arnothy Christine<\/td>\n<td width=\"197\">Jag \u00e4r femton \u00e5r och vill inte d\u00f6<\/td>\n<td>autofiktion<\/td>\n<td>svenska<\/td>\n<td>2015<\/td>\n<\/tr>\n<tr>\n<td width=\"164\">Axelsson Majgull<\/td>\n<td width=\"197\">Slumpvandring<\/td>\n<td>roman<\/td>\n<td>svenska<\/td>\n<td>2007<\/td>\n<\/tr>\n<tr>\n<td width=\"164\">Beevor Antony<\/td>\n<td width=\"197\">Mysteriet Olga Tjechova<\/td>\n<td>fakta<\/td>\n<td>svenska<\/td>\n<td>2005<\/td>\n<\/tr>\n<tr>\n<td width=\"164\">Bergman Jan<\/td>\n<td width=\"197\">Sally och nazistligan<\/td>\n<td>historisk roman<\/td>\n<td>svenska<\/td>\n<td>2017<\/td>\n<\/tr>\n<tr>\n<td width=\"164\">Blom Tomas<\/td>\n<td width=\"197\">Titanic<\/td>\n<td>fakta<\/td>\n<td>svenska<\/td>\n<td>2020<\/td>\n<\/tr>\n<tr>\n<td width=\"164\">Bradford Sarah<\/td>\n<td width=\"197\">Drottning Elizabeth. En biografi<\/td>\n<td>biografi<\/td>\n<td>svenska<\/td>\n<td>2011<\/td>\n<\/tr>\n<tr>\n<td width=\"164\">Bruun Staffan<\/td>\n<td width=\"197\">Anders Wikl\u00f6f &#8211; murarens son<\/td>\n<td>biografi<\/td>\n<td>svenska<\/td>\n<td>2019<\/td>\n<\/tr>\n<tr>\n<td width=\"164\">Dillon Lucy<\/td>\n<td width=\"197\">Lektioner i k\u00e4rlek<\/td>\n<td>feelgood\/chic lit<\/td>\n<td>svenska<\/td>\n<td>2020<\/td>\n<\/tr>\n<tr>\n<td width=\"164\">Ebervall Lena &amp; Samuelson Per E<\/td>\n<td width=\"197\">Erts Majest\u00e4ts olycklige Kurt<\/td>\n<td>autofiktion<\/td>\n<td>svenska<\/td>\n<td>2013<\/td>\n<\/tr>\n<tr>\n<td width=\"164\">Ebervall Lena &amp; Samuelson Per E<\/td>\n<td width=\"197\">Stormf\u00e5gel<\/td>\n<td>autofiktion<\/td>\n<td>svenska<\/td>\n<td>2020<\/td>\n<\/tr>\n<tr>\n<td width=\"164\">Eerola Ville<\/td>\n<td width=\"197\">Nuori Waltari<\/td>\n<td>historisk roman<\/td>\n<td>finska<\/td>\n<td>2020<\/td>\n<\/tr>\n<tr>\n<td width=\"164\">Engman Pascal<\/td>\n<td width=\"197\">\u00c4nkorna<\/td>\n<td>deckare\/triller<\/td>\n<td>svenska<\/td>\n<td>2020<\/td>\n<\/tr>\n<tr>\n<td width=\"164\">Fageholm Monica<\/td>\n<td width=\"197\">Vem d\u00f6dade Bambi?<\/td>\n<td>roman<\/td>\n<td>svenska<\/td>\n<td>2020<\/td>\n<\/tr>\n<tr>\n<td width=\"164\">Fagerskj\u00f6ld Kristin<\/td>\n<td width=\"197\">Nattens f\u00e4rger<\/td>\n<td>historisk roman<\/td>\n<td>svenska<\/td>\n<td>2021<\/td>\n<\/tr>\n<tr>\n<td width=\"164\">Fellowes Jessica<\/td>\n<td width=\"197\">Mysteriet p\u00e5 Asthall<\/td>\n<td>historisk roman<\/td>\n<td>svenska<\/td>\n<td>2018<\/td>\n<\/tr>\n<tr>\n<td width=\"164\">Fellowes Jessica<\/td>\n<td width=\"197\">Skandal i svart<\/td>\n<td>historisk roman<\/td>\n<td>svenska<\/td>\n<td>2019<\/td>\n<\/tr>\n<tr>\n<td width=\"164\">Franck Mia<\/td>\n<td width=\"197\">Galanterna<\/td>\n<td>historisk roman<\/td>\n<td>svenska<\/td>\n<td>2021<\/td>\n<\/tr>\n<tr>\n<td width=\"164\">Gerner Kristian (red)<\/td>\n<td width=\"197\">Vad hade h\u00e4nt om&#8230;<\/td>\n<td>fakta<\/td>\n<td>svenska<\/td>\n<td>2016<\/td>\n<\/tr>\n<tr>\n<td width=\"164\">Gezelius Kerstin &amp; Onofri Alexander<\/td>\n<td width=\"197\">Love &#8211; en roman om Greta Garbo<\/td>\n<td>autofiktion<\/td>\n<td>svenska<\/td>\n<td>2020<\/td>\n<\/tr>\n<tr>\n<td width=\"164\">Gilek Elisabeth<\/td>\n<td width=\"197\">Jessica Jungs saknad<\/td>\n<td>deckare\/triller<\/td>\n<td>svenska<\/td>\n<td>2008<\/td>\n<\/tr>\n<tr>\n<td width=\"164\">Grebe Camilla<\/td>\n<td width=\"197\">Alla ljuger<\/td>\n<td>deckare\/triller<\/td>\n<td>svenska<\/td>\n<td>2021<\/td>\n<\/tr>\n<tr>\n<td width=\"164\">Grisham John<\/td>\n<td width=\"197\">Domen<\/td>\n<td>deckare\/triller<\/td>\n<td>svenska<\/td>\n<td>2004<\/td>\n<\/tr>\n<tr>\n<td width=\"164\">Guillou Jan<\/td>\n<td width=\"197\">Slutet p\u00e5 historien<\/td>\n<td>historisk roman<\/td>\n<td>svenska<\/td>\n<td>2020<\/td>\n<\/tr>\n<tr>\n<td width=\"164\">Gyllenberg Eva-Karin<\/td>\n<td width=\"197\">Svenska kvinnliga pionj\u00e4rer<\/td>\n<td>fakta<\/td>\n<td>svenska<\/td>\n<td>2021<\/td>\n<\/tr>\n<tr>\n<td width=\"164\">Harris Robert<\/td>\n<td width=\"197\">En officer och en gentleman<\/td>\n<td>historisk roman<\/td>\n<td>svenska<\/td>\n<td>2014<\/td>\n<\/tr>\n<tr>\n<td width=\"164\">Hayden Torey<\/td>\n<td width=\"197\">Den mekaniska katten<\/td>\n<td>roman<\/td>\n<td>svenska<\/td>\n<td>1998<\/td>\n<\/tr>\n<tr>\n<td width=\"164\">Hellberg Bj\u00f6rn<\/td>\n<td width=\"197\">Skarpr\u00e4ttaren<\/td>\n<td>deckare\/triller<\/td>\n<td>svenska<\/td>\n<td>2012<\/td>\n<\/tr>\n<tr>\n<td width=\"164\">Hellberg \u00c5sa<\/td>\n<td width=\"197\">V\u00e4lkommen till Flanagans<\/td>\n<td>feelgood\/chic lit<\/td>\n<td>svenska<\/td>\n<td>2021<\/td>\n<\/tr>\n<tr>\n<td width=\"164\">Higgins Clark Mary<\/td>\n<td width=\"197\">Kuolema loistoristeilij\u00e4ll\u00e4<\/td>\n<td>deckare\/triller<\/td>\n<td>finska<\/td>\n<td>2017<\/td>\n<\/tr>\n<tr>\n<td width=\"164\">Highsmith Patricia<\/td>\n<td width=\"197\">Carol<\/td>\n<td>roman<\/td>\n<td>svenska<\/td>\n<td>1952<\/td>\n<\/tr>\n<tr>\n<td width=\"164\">Hjulstr\u00f6m Carin<\/td>\n<td width=\"197\">Knappt en droppe blod<\/td>\n<td>feelgood\/chic lit<\/td>\n<td>svenska<\/td>\n<td>2021<\/td>\n<\/tr>\n<tr>\n<td width=\"164\">Hjulstr\u00f6m Carin<\/td>\n<td width=\"197\">P\u00e5 en ny niv\u00e5<\/td>\n<td>feelgood\/chic lit<\/td>\n<td>svenska<\/td>\n<td>2019<\/td>\n<\/tr>\n<tr>\n<td width=\"164\">Holt Anne<\/td>\n<td width=\"197\">Offline<\/td>\n<td>deckare\/triller<\/td>\n<td>svenska<\/td>\n<td>2015<\/td>\n<\/tr>\n<tr>\n<td width=\"164\">Horowitz Anthony<\/td>\n<td width=\"197\">Forever and a Day<\/td>\n<td>deckare\/triller<\/td>\n<td>engelska<\/td>\n<td>2018<\/td>\n<\/tr>\n<tr>\n<td width=\"164\">Ihr\u00e9n Anna<\/td>\n<td width=\"197\">Nattvakten<\/td>\n<td>deckare\/triller<\/td>\n<td>svenska<\/td>\n<td>2018<\/td>\n<\/tr>\n<tr>\n<td width=\"164\">Ishiguro Kazuo<\/td>\n<td width=\"197\">Begravd j\u00e4tte<\/td>\n<td>dystopi<\/td>\n<td>svenska<\/td>\n<td>2017<\/td>\n<\/tr>\n<tr>\n<td width=\"164\">Joenpelto Eeva<\/td>\n<td width=\"197\">Vet\u00e4\u00e4 kaikista ovista<\/td>\n<td>historisk roman<\/td>\n<td>finska<\/td>\n<td>1974<\/td>\n<\/tr>\n<tr>\n<td width=\"164\">Jonasson Jonas<\/td>\n<td width=\"197\">H\u00e4mnden \u00e4r ljuv<\/td>\n<td>roman<\/td>\n<td>svenska<\/td>\n<td>2020<\/td>\n<\/tr>\n<tr>\n<td width=\"164\">Jungstedt Mari<\/td>\n<td width=\"197\">D\u00e4r den sista lampan lyser<\/td>\n<td>deckare\/triller<\/td>\n<td>svenska<\/td>\n<td>2021<\/td>\n<\/tr>\n<tr>\n<td width=\"164\">Kepler Lars<\/td>\n<td width=\"197\">Spegelmannen<\/td>\n<td>deckare\/triller<\/td>\n<td>svenska<\/td>\n<td>2020<\/td>\n<\/tr>\n<tr>\n<td width=\"164\">Kilpi Eeva<\/td>\n<td width=\"197\">Sininen muistikirja<\/td>\n<td>biografi<\/td>\n<td>finska<\/td>\n<td>2019<\/td>\n<\/tr>\n<tr>\n<td width=\"164\">Kivel\u00e4 Malin<\/td>\n<td width=\"197\">Hj\u00e4rtat<\/td>\n<td>roman<\/td>\n<td>svenska<\/td>\n<td>2020<\/td>\n<\/tr>\n<tr>\n<td width=\"164\">Kubicek Boye Helena<\/td>\n<td width=\"197\">N\u00e4r allt brister<\/td>\n<td>deckare\/triller<\/td>\n<td>svenska<\/td>\n<td>2021<\/td>\n<\/tr>\n<tr>\n<td width=\"164\">Kugelgen Michaela<\/td>\n<td width=\"197\">Nationen<\/td>\n<td>roman<\/td>\n<td>svenska<\/td>\n<td>2020<\/td>\n<\/tr>\n<tr>\n<td width=\"164\">K\u00e4hk\u00f6nen Sirpa<\/td>\n<td width=\"197\">Brudar i svart<\/td>\n<td>historisk roman<\/td>\n<td>svenska<\/td>\n<td>1998<\/td>\n<\/tr>\n<tr>\n<td width=\"164\">Laaksonen Heli<\/td>\n<td width=\"197\">Peippo vei<\/td>\n<td>poesi<\/td>\n<td>finska<\/td>\n<td>2011<\/td>\n<\/tr>\n<tr>\n<td width=\"164\">Lapidus Jens<\/td>\n<td width=\"197\">Paradis City<\/td>\n<td>dystopi<\/td>\n<td>svenska<\/td>\n<td>2021<\/td>\n<\/tr>\n<tr>\n<td width=\"164\">Laur\u00e9n Anna-Lena<\/td>\n<td width=\"197\">Sammetsdiktaturen<\/td>\n<td>fakta<\/td>\n<td>svenska<\/td>\n<td>2021<\/td>\n<\/tr>\n<tr>\n<td width=\"164\">Levengood Mark<\/td>\n<td width=\"197\">Vi f\u00e5r v\u00e4l tr\u00f6sta varandra<\/td>\n<td>korta juttun<\/td>\n<td>svenska<\/td>\n<td>2020<\/td>\n<\/tr>\n<tr>\n<td width=\"164\">Lindqvist Herman<\/td>\n<td width=\"197\">Sverige-Polen &#8211; 1000 \u00e5r av krig och k\u00e4rlek<\/td>\n<td>fakta<\/td>\n<td>svenska<\/td>\n<td>2019<\/td>\n<\/tr>\n<tr>\n<td width=\"164\">Lunde Maja<\/td>\n<td width=\"197\">Binas historia<\/td>\n<td>dystopi<\/td>\n<td>svenska<\/td>\n<td>2016<\/td>\n<\/tr>\n<tr>\n<td width=\"164\">L\u00e4ckberg Camilla<\/td>\n<td width=\"197\">G\u00e5 i f\u00e4ngelse<\/td>\n<td>sp\u00e4nning<\/td>\n<td>svenska<\/td>\n<td>2021<\/td>\n<\/tr>\n<tr>\n<td width=\"164\">L\u00e4ckberg Camilla<\/td>\n<td width=\"197\">Kvinnor utan n\u00e5d<\/td>\n<td>sp\u00e4nning<\/td>\n<td>svenska<\/td>\n<td>2021<\/td>\n<\/tr>\n<tr>\n<td width=\"164\">L\u00f6nnaeus Olle<\/td>\n<td width=\"197\">Tiggarens hand<\/td>\n<td>deckare\/triller<\/td>\n<td>svenska<\/td>\n<td>2018<\/td>\n<\/tr>\n<tr>\n<td width=\"164\">L\u00f6vestam Sara<\/td>\n<td width=\"197\">Hj\u00e4rta av jazz<\/td>\n<td>roman<\/td>\n<td>svenska<\/td>\n<td>2020<\/td>\n<\/tr>\n<tr>\n<td width=\"164\">Marsch Ngaio<\/td>\n<td width=\"197\">Death of a Fool<\/td>\n<td>deckare\/triller<\/td>\n<td>engelska<\/td>\n<td>1957<\/td>\n<\/tr>\n<tr>\n<td width=\"164\">McConaght Charlotte<\/td>\n<td width=\"197\">Den sista migrationen<\/td>\n<td>dystopi<\/td>\n<td>svenska<\/td>\n<td>2020<\/td>\n<\/tr>\n<tr>\n<td width=\"164\">Miller Heather<\/td>\n<td width=\"197\">Tatueran i Auschwitz<\/td>\n<td>biografi<\/td>\n<td>svenska<\/td>\n<td>2018<\/td>\n<\/tr>\n<tr>\n<td width=\"164\">Natt och Dag Niklas<\/td>\n<td width=\"197\">1793<\/td>\n<td>historisk roman<\/td>\n<td>svenska<\/td>\n<td>2017<\/td>\n<\/tr>\n<tr>\n<td width=\"164\">Nemert Elisabeth<\/td>\n<td width=\"197\">\u00c4lvornas kulle<\/td>\n<td>roman<\/td>\n<td>svenska<\/td>\n<td>2020<\/td>\n<\/tr>\n<tr>\n<td width=\"164\">Palm Anna-Karin<\/td>\n<td width=\"197\">Jag vill s\u00e4tta v\u00e4rlden i r\u00f6relse &#8211; en biografi \u00f6ver Selma Lagerl\u00f6f<\/td>\n<td>biografi<\/td>\n<td>svenska<\/td>\n<td>2019<\/td>\n<\/tr>\n<tr>\n<td width=\"164\">Pehrson Lennart<\/td>\n<td width=\"197\">Familjen Kennedy. En amerikansk dynasti<\/td>\n<td>biografi<\/td>\n<td>svenska<\/td>\n<td>2013<\/td>\n<\/tr>\n<tr>\n<td width=\"164\">Robinson Peter<\/td>\n<td width=\"197\">En bit av mitt hj\u00e4rta<\/td>\n<td>deckare\/triller<\/td>\n<td>svenska<\/td>\n<td>2006<\/td>\n<\/tr>\n<tr>\n<td width=\"164\">Roslund &amp; Thunberg<\/td>\n<td width=\"197\">En bror att d\u00f6 f\u00f6r<\/td>\n<td>deckare\/triller<\/td>\n<td>svenska<\/td>\n<td>2017<\/td>\n<\/tr>\n<tr>\n<td width=\"164\">Roslund, Anders<\/td>\n<td width=\"197\">Jam\u00e5honleva<\/td>\n<td>deckare\/triller<\/td>\n<td>svenska<\/td>\n<td>2019<\/td>\n<\/tr>\n<tr>\n<td width=\"164\">Rudberg Denise<\/td>\n<td width=\"197\">En andra allians<\/td>\n<td>historisk roman<\/td>\n<td>svenska<\/td>\n<td>2021<\/td>\n<\/tr>\n<tr>\n<td width=\"164\">Rudberg Denise<\/td>\n<td width=\"197\">Tio grisar nere<\/td>\n<td>deckare\/triller<\/td>\n<td>svenska<\/td>\n<td>2020<\/td>\n<\/tr>\n<tr>\n<td width=\"164\">Safir Max &amp; Wymaski Ewa<\/td>\n<td width=\"197\">B\u00e4ste herrn, l\u00e5t mig f\u00e5 leva<\/td>\n<td>biografi<\/td>\n<td>svenska<\/td>\n<td>2012<\/td>\n<\/tr>\n<tr>\n<td width=\"164\">Sandstr\u00f6m Cecilia<\/td>\n<td width=\"197\">Under ytan<\/td>\n<td>deckare\/triller<\/td>\n<td>svenska<\/td>\n<td>2020<\/td>\n<\/tr>\n<tr>\n<td width=\"164\">Sj\u00f6din Agneta<\/td>\n<td width=\"197\">Dr\u00f6mdagboken<\/td>\n<td>feelgood\/chic lit<\/td>\n<td>svenska<\/td>\n<td>2018<\/td>\n<\/tr>\n<tr>\n<td width=\"164\">Smirnoff Karin<\/td>\n<td width=\"197\">Jag for ner till bror<\/td>\n<td>roman<\/td>\n<td>svenska<\/td>\n<td>2018<\/td>\n<\/tr>\n<tr>\n<td width=\"164\">Sparks Muriel<\/td>\n<td width=\"197\">Miss Jean Brodies b\u00e4sta \u00e5r<\/td>\n<td>roman<\/td>\n<td>svenska<\/td>\n<td>1961<\/td>\n<\/tr>\n<tr>\n<td width=\"164\">Steen Viveca<\/td>\n<td width=\"197\">Offermakaren<\/td>\n<td>deckare\/triller<\/td>\n<td>svenska<\/td>\n<td>2020<\/td>\n<\/tr>\n<tr>\n<td width=\"164\">Str\u00f6mberg Micaela<\/td>\n<td width=\"197\">Dessa himlar kring oss st\u00e4ds<\/td>\n<td>roman<\/td>\n<td>svenska<\/td>\n<td>1999<\/td>\n<\/tr>\n<tr>\n<td width=\"164\">St\u00e5lnacke Anna-Lena<\/td>\n<td width=\"197\">Tant Gredelinss vintage<\/td>\n<td>feelgood\/chic lit<\/td>\n<td>svenska<\/td>\n<td>2020<\/td>\n<\/tr>\n<tr>\n<td width=\"164\">Tevis William<\/td>\n<td width=\"197\">The Queen&#8217;s Gambit<\/td>\n<td>roman<\/td>\n<td>svenska<\/td>\n<td>1983<\/td>\n<\/tr>\n<tr>\n<td width=\"164\">Tran Quynh<\/td>\n<td width=\"197\">Skugga och svalka<\/td>\n<td>roman<\/td>\n<td>svenska<\/td>\n<td>2021<\/td>\n<\/tr>\n<tr>\n<td width=\"164\">Tremayne Peter<\/td>\n<td width=\"197\">The Council of the Cursed<\/td>\n<td>historisk roman<\/td>\n<td>engelska<\/td>\n<td>2008<\/td>\n<\/tr>\n<tr>\n<td width=\"164\">Trenter Ulla<\/td>\n<td width=\"197\">Odjuret<\/td>\n<td>deckare\/triller<\/td>\n<td>svenska<\/td>\n<td>1970<\/td>\n<\/tr>\n<tr>\n<td width=\"164\">Trenter Ulla<\/td>\n<td width=\"197\">P\u00e5f\u00e5geln<\/td>\n<td>deckare\/triller<\/td>\n<td>svenska<\/td>\n<td>1968<\/td>\n<\/tr>\n<tr>\n<td width=\"164\">Uosukainen Riitta<\/td>\n<td width=\"197\">Yhdess\u00e4<\/td>\n<td>biografi<\/td>\n<td>finska<\/td>\n<td>2020<\/td>\n<\/tr>\n<tr>\n<td width=\"164\">van Iperen Roxane<\/td>\n<td width=\"197\">Systrarna i Auschwitz<\/td>\n<td>historisk roman<\/td>\n<td>svenska<\/td>\n<td><\/td>\n<\/tr>\n<tr>\n<td width=\"164\">Vuori Kristiina<\/td>\n<td width=\"197\">Kaarnatuli<\/td>\n<td>historisk roman<\/td>\n<td>finska<\/td>\n<td>2016<\/td>\n<\/tr>\n<tr>\n<td width=\"164\">Vuori Kristiina<\/td>\n<td width=\"197\">Neitsytkruunu<\/td>\n<td>historisk roman<\/td>\n<td>finska<\/td>\n<td>2020<\/td>\n<\/tr>\n<tr>\n<td width=\"164\">Welander Felicia<\/td>\n<td width=\"197\">Dan f\u00f6re dan<\/td>\n<td>feelgood\/chic lit<\/td>\n<td>svenska<\/td>\n<td>2019<\/td>\n<\/tr>\n<tr>\n<td width=\"164\">Willows Elin<\/td>\n<td width=\"197\">Inlandet<\/td>\n<td>roman<\/td>\n<td>svenska<\/td>\n<td>2017<\/td>\n<\/tr>\n<tr>\n<td width=\"164\">Willows Elin<\/td>\n<td width=\"197\">Nya namn<\/td>\n<td>roman<\/td>\n<td>svenska<\/td>\n<td>2021<\/td>\n<\/tr>\n<tr>\n<td width=\"164\">Zwigbergk Helena<\/td>\n<td width=\"197\">K\u00e4rleken sk\u00e4r djupa sp\u00e5r<\/td>\n<td>roman<\/td>\n<td>svenska<\/td>\n<td>2013<\/td>\n<\/tr>\n<tr>\n<td width=\"164\">\u00c5sbrink Elisabeth<\/td>\n<td width=\"197\">\u00d6vergivenheten<\/td>\n<td>roman<\/td>\n<td>svenska<\/td>\n<td>2020<\/td>\n<\/tr>\n<tr>\n<td width=\"164\">\u00d6hrlund Dag<\/td>\n<td width=\"197\">N\u00e4r regnet upph\u00f6r<\/td>\n<td>deckare\/triller<\/td>\n<td>svenska<\/td>\n<td>2020<\/td>\n<\/tr>\n<tr>\n<td><strong>Pappersformat och\/eller e-b\u00f6cker<\/strong><\/td>\n<td width=\"197\"><\/td>\n<td><\/td>\n<td><\/td>\n<td><\/td>\n<\/tr>\n<tr>\n<td width=\"164\">Ahern Cecilia<\/td>\n<td width=\"197\">If you could see me now<\/td>\n<td>feelgood\/chic lit<\/td>\n<td>engelska<\/td>\n<td>2005<\/td>\n<\/tr>\n<tr>\n<td width=\"164\">Blomqvist Anni<\/td>\n<td width=\"197\">Anna Beata<\/td>\n<td>historisk roman<\/td>\n<td>svenska<\/td>\n<td>1979<\/td>\n<\/tr>\n<tr>\n<td width=\"164\">Ditlevsen Tove<\/td>\n<td width=\"197\">Gift<\/td>\n<td>autofiktion<\/td>\n<td>svenska<\/td>\n<td>1971<\/td>\n<\/tr>\n<tr>\n<td width=\"164\">Fellowes Jessica<\/td>\n<td width=\"197\">The Midford Trial<\/td>\n<td>deckare\/triller<\/td>\n<td>engelska<\/td>\n<td>2020<\/td>\n<\/tr>\n<tr>\n<td width=\"164\">Hannah Kristin<\/td>\n<td width=\"197\">N\u00e4ttv\u00e4gen<\/td>\n<td>roman<\/td>\n<td>svenska<\/td>\n<td>2011<\/td>\n<\/tr>\n<tr>\n<td width=\"164\">Holmstr\u00f6m Johanna<\/td>\n<td width=\"197\">&#8221;Borde h\u00e5lla k\u00e4ft&#8221;<\/td>\n<td>biografi<\/td>\n<td>svenska<\/td>\n<td>2020<\/td>\n<\/tr>\n<tr>\n<td width=\"164\">H\u00e4meen-Anttila Virpi<\/td>\n<td width=\"197\">Koston kukat<\/td>\n<td>deckare\/triller<\/td>\n<td>finska<\/td>\n<td>2017<\/td>\n<\/tr>\n<tr>\n<td width=\"164\">Mazzarella Merete<\/td>\n<td width=\"197\">Att spela sitt liv<\/td>\n<td>biografi<\/td>\n<td>svenska<\/td>\n<td>1981<\/td>\n<\/tr>\n<tr>\n<td width=\"164\">Mazzarella Merete<\/td>\n<td width=\"197\">F\u00f6rst s\u00e5lde de pianot<\/td>\n<td>biografi<\/td>\n<td>svenska<\/td>\n<td>1979<\/td>\n<\/tr>\n<tr>\n<td width=\"164\">Moriarty Liane<\/td>\n<td width=\"197\">The Last Anniversary<\/td>\n<td>roman<\/td>\n<td>engelska<\/td>\n<td>2006<\/td>\n<\/tr>\n<tr>\n<td width=\"164\">Mustonen Enni<\/td>\n<td width=\"197\">Johanna ja Helena<\/td>\n<td>historisk roman<\/td>\n<td>finska<\/td>\n<td>1988<\/td>\n<\/tr>\n<tr>\n<td width=\"164\">Mustonen Enni<\/td>\n<td width=\"197\">M\u00e4ntyniemen mini\u00e4<\/td>\n<td>historisk roman<\/td>\n<td>finska<\/td>\n<td>1988<\/td>\n<\/tr>\n<tr>\n<td width=\"164\">Mustonen Enni<\/td>\n<td width=\"197\">Taiteilijan vaimo<\/td>\n<td>historisk roman<\/td>\n<td>finska<\/td>\n<td>2018<\/td>\n<\/tr>\n<tr>\n<td width=\"164\">Owens Delia<\/td>\n<td width=\"197\">D\u00e4r kr\u00e4ftorna sjunger<\/td>\n<td>roman<\/td>\n<td>svenska<\/td>\n<td>2018<\/td>\n<\/tr>\n<tr>\n<td width=\"164\">Pohl, Peter &amp; Gieth, Kinna<\/td>\n<td width=\"197\">Jag saknar dig, jag saknar dig<\/td>\n<td>biografi<\/td>\n<td>svenska<\/td>\n<td>1992<\/td>\n<\/tr>\n<tr>\n<td width=\"164\">Rosman Ann<\/td>\n<td width=\"197\">V\u00e5gspel<\/td>\n<td>deckare\/triller<\/td>\n<td>svenska<\/td>\n<td>2016<\/td>\n<\/tr>\n<tr>\n<td width=\"164\">Rudberg Denise<\/td>\n<td width=\"197\">Under nio n\u00e4tter<\/td>\n<td>deckare\/triller<\/td>\n<td>svenska<\/td>\n<td>2019<\/td>\n<\/tr>\n<tr>\n<td width=\"164\">R\u00f6nnbacka Christian<\/td>\n<td width=\"197\">Majakka<\/td>\n<td>deckare\/triller<\/td>\n<td>finska<\/td>\n<td>2019<\/td>\n<\/tr>\n<tr>\n<td width=\"164\">Sandberg Kristina<\/td>\n<td width=\"197\">Ta itu<\/td>\n<td>roman<\/td>\n<td>svenska<\/td>\n<td>2010<\/td>\n<\/tr>\n<tr>\n<td width=\"164\">Sandstr\u00f6m Peter<\/td>\n<td width=\"197\">K\u00e4rleken \u00e4r ett tamdjur<\/td>\n<td>roman<\/td>\n<td>svenska<\/td>\n<td>2020<\/td>\n<\/tr>\n<tr>\n<td width=\"164\">Schulman Axel<\/td>\n<td width=\"197\">Att vara med henne \u00e4r som att springa uppf\u00f6r en sommar\u00e4ng utan att bli det minsta tr\u00f6tt<\/td>\n<td>autofiktion<\/td>\n<td>svenska<\/td>\n<td>2011<\/td>\n<\/tr>\n<tr>\n<td width=\"164\">Shreve Anita<\/td>\n<td width=\"197\">\u00d6dets vingar<\/td>\n<td>roman<\/td>\n<td>svenska<\/td>\n<td>1995<\/td>\n<\/tr>\n<tr>\n<td width=\"164\">Slaughter Karin<\/td>\n<td width=\"197\">Last Breath<\/td>\n<td>deckare\/triller<\/td>\n<td>engelska<\/td>\n<td>2017<\/td>\n<\/tr>\n<tr>\n<td width=\"164\">Sund Lars<\/td>\n<td width=\"197\">Tre systrar och en ber\u00e4ttare<\/td>\n<td>roman<\/td>\n<td>svenska<\/td>\n<td>2014<\/td>\n<\/tr>\n<tr>\n<td width=\"164\">Sw\u00e4rd Anne<\/td>\n<td width=\"197\">Till sista andetaget<\/td>\n<td>roman<\/td>\n<td>svenska<\/td>\n<td>2009<\/td>\n<\/tr>\n<tr>\n<td width=\"164\">Tahvanainen Sanna<\/td>\n<td width=\"197\">Alltid i skogen<\/td>\n<td>roman<\/td>\n<td>svenska<\/td>\n<td>2005<\/td>\n<\/tr>\n<tr>\n<td width=\"164\">Tikkanen M\u00e4rta<\/td>\n<td width=\"197\">\u00c5rhundradets k\u00e4rlekssaga<\/td>\n<td>poei<\/td>\n<td>svenska<\/td>\n<td>1978<\/td>\n<\/tr>\n<tr>\n<td width=\"164\">Townsend Sue<\/td>\n<td width=\"197\">Number Ten<\/td>\n<td>roman<\/td>\n<td>engelska<\/td>\n<td>2002<\/td>\n<\/tr>\n<tr>\n<td width=\"164\">Tuomainen Antti<\/td>\n<td width=\"197\">Mies joka kuoli<\/td>\n<td>deckare\/triller<\/td>\n<td>finska<\/td>\n<td>2016<\/td>\n<\/tr>\n<\/tbody>\n<\/table>\n","protected":false},"excerpt":{"rendered":"<p>Ljudb\u00f6cker Ackebo Lena V\u00e4rldens vackraste man feelgood\/chic lit svenska 2016 Adler-Olsen Jussi Offer 2117 deckare\/triller svenska 2019 Ahl Mia Bus och godis feelgood\/chic lit svenska 2020 Ahlstedt Mats \u00d6ga f\u00f6r \u00f6ga, tand f\u00f6r tand deckare\/triller svenska 2017 Ahnhem Stefan Offer &hellip; <a href=\"https:\/\/blogs2.abo.fi\/laslust\/last-lyssnat-2021\/\">Forts\u00e4tt l\u00e4sa <span class=\"meta-nav\">&rarr;<\/span><\/a><\/p>\n","protected":false},"author":7,"featured_media":0,"parent":0,"menu_order":0,"comment_status":"closed","ping_status":"closed","template":"","meta":{"footnotes":""},"class_list":["post-4612","page","type-page","status-publish","hentry"],"_links":{"self":[{"href":"https:\/\/blogs2.abo.fi\/laslust\/wp-json\/wp\/v2\/pages\/4612","targetHints":{"allow":["GET"]}}],"collection":[{"href":"https:\/\/blogs2.abo.fi\/laslust\/wp-json\/wp\/v2\/pages"}],"about":[{"href":"https:\/\/blogs2.abo.fi\/laslust\/wp-json\/wp\/v2\/types\/page"}],"author":[{"embeddable":true,"href":"https:\/\/blogs2.abo.fi\/laslust\/wp-json\/wp\/v2\/users\/7"}],"replies":[{"embeddable":true,"href":"https:\/\/blogs2.abo.fi\/laslust\/wp-json\/wp\/v2\/comments?post=4612"}],"version-history":[{"count":1,"href":"https:\/\/blogs2.abo.fi\/laslust\/wp-json\/wp\/v2\/pages\/4612\/revisions"}],"predecessor-version":[{"id":4613,"href":"https:\/\/blogs2.abo.fi\/laslust\/wp-json\/wp\/v2\/pages\/4612\/revisions\/4613"}],"wp:attachment":[{"href":"https:\/\/blogs2.abo.fi\/laslust\/wp-json\/wp\/v2\/media?parent=4612"}],"curies":[{"name":"wp","href":"https:\/\/api.w.org\/{rel}","templated":true}]}}