{"id":45,"date":"2015-01-08T17:50:03","date_gmt":"2015-01-08T17:50:03","guid":{"rendered":"http:\/\/blogs2.abo.fi\/laslust\/?page_id=45"},"modified":"2015-01-08T17:50:03","modified_gmt":"2015-01-08T17:50:03","slug":"om-bloggen","status":"publish","type":"page","link":"https:\/\/blogs2.abo.fi\/laslust\/om-bloggen\/","title":{"rendered":"Om bloggen"},"content":{"rendered":"<p>I den h\u00e4r bloggen skriver jag dagbok (nej blogg ju <img decoding=\"async\" class=\"wp-smiley\" src=\"http:\/\/blogs2.abo.fi\/laslust\/wp-includes\/images\/smilies\/icon_smile.gif\" alt=\":-)\" \/> ) \u00f6ver de b\u00f6cker jag l\u00e4ser och lyssnar p\u00e5 \u2013 det blir m\u00e5nga h\u00f6rb\u00f6cker, eftersom jag k\u00f6r r\u00e4tt mycket bil, p\u00e5 fritiden jobbar med bl.a. vedarbete, tr\u00e4dg\u00e5rd och m\u00e5lning.<\/p>\n","protected":false},"excerpt":{"rendered":"<p>I den h\u00e4r bloggen skriver jag dagbok (nej blogg ju ) \u00f6ver de b\u00f6cker jag l\u00e4ser och lyssnar p\u00e5 \u2013 det blir m\u00e5nga h\u00f6rb\u00f6cker, eftersom jag k\u00f6r r\u00e4tt mycket bil, p\u00e5 fritiden jobbar med bl.a. vedarbete, tr\u00e4dg\u00e5rd och m\u00e5lning.<\/p>\n","protected":false},"author":7,"featured_media":0,"parent":0,"menu_order":0,"comment_status":"open","ping_status":"open","template":"","meta":{"footnotes":""},"class_list":["post-45","page","type-page","status-publish","hentry"],"_links":{"self":[{"href":"https:\/\/blogs2.abo.fi\/laslust\/wp-json\/wp\/v2\/pages\/45","targetHints":{"allow":["GET"]}}],"collection":[{"href":"https:\/\/blogs2.abo.fi\/laslust\/wp-json\/wp\/v2\/pages"}],"about":[{"href":"https:\/\/blogs2.abo.fi\/laslust\/wp-json\/wp\/v2\/types\/page"}],"author":[{"embeddable":true,"href":"https:\/\/blogs2.abo.fi\/laslust\/wp-json\/wp\/v2\/users\/7"}],"replies":[{"embeddable":true,"href":"https:\/\/blogs2.abo.fi\/laslust\/wp-json\/wp\/v2\/comments?post=45"}],"version-history":[{"count":1,"href":"https:\/\/blogs2.abo.fi\/laslust\/wp-json\/wp\/v2\/pages\/45\/revisions"}],"predecessor-version":[{"id":46,"href":"https:\/\/blogs2.abo.fi\/laslust\/wp-json\/wp\/v2\/pages\/45\/revisions\/46"}],"wp:attachment":[{"href":"https:\/\/blogs2.abo.fi\/laslust\/wp-json\/wp\/v2\/media?parent=45"}],"curies":[{"name":"wp","href":"https:\/\/api.w.org\/{rel}","templated":true}]}}