{"id":346,"date":"2015-05-01T11:36:04","date_gmt":"2015-05-01T11:36:04","guid":{"rendered":"http:\/\/blogs2.abo.fi\/laslust\/?page_id=346"},"modified":"2015-05-01T11:36:04","modified_gmt":"2015-05-01T11:36:04","slug":"last-lyssnat-2014-2","status":"publish","type":"page","link":"https:\/\/blogs2.abo.fi\/laslust\/last-lyssnat-2014-2\/","title":{"rendered":"L\u00e4st &#038; lyssnat 2014"},"content":{"rendered":"<table width=\"406\">\n<tbody>\n<tr>\n<td width=\"138\"><strong>H\u00f6rb\u00f6cker 2014<\/strong><\/td>\n<td width=\"159\"><\/td>\n<td width=\"74\"><\/td>\n<td width=\"35\"><\/td>\n<\/tr>\n<tr>\n<td width=\"138\">Adler-Olsen, Jussi<\/td>\n<td width=\"159\">Kvinnan i rummet<\/td>\n<td width=\"74\">deckare<\/td>\n<td>2007<\/td>\n<\/tr>\n<tr>\n<td width=\"138\">Adler-Olsen, Jussi<\/td>\n<td width=\"159\">Flaskpost fr\u00e5n P<\/td>\n<td width=\"74\">deckare<\/td>\n<td><\/td>\n<\/tr>\n<tr>\n<td width=\"138\">Adler-Olsen, Jussi<\/td>\n<td width=\"159\">Alfabethuset<\/td>\n<td width=\"74\"><\/td>\n<td><\/td>\n<\/tr>\n<tr>\n<td width=\"138\">Ahern, Cecilia<\/td>\n<td width=\"159\">One Hundred Names<\/td>\n<td width=\"74\">chic lit<\/td>\n<td><\/td>\n<\/tr>\n<tr>\n<td width=\"138\">Ahern, Cecilia<\/td>\n<td width=\"159\">The Book of Tomorrow<\/td>\n<td width=\"74\">chic lit<\/td>\n<td><\/td>\n<\/tr>\n<tr>\n<td width=\"138\">Asaad, Arkan<\/td>\n<td width=\"159\">Stj\u00e4rnl\u00f6sa n\u00e4tter<\/td>\n<td width=\"74\">biografisk<\/td>\n<td>2011<\/td>\n<\/tr>\n<tr>\n<td width=\"138\">Auster, Paul<\/td>\n<td width=\"159\">Sunset Park<\/td>\n<td width=\"74\">roman<\/td>\n<td><\/td>\n<\/tr>\n<tr>\n<td width=\"138\">Auster, Paul<\/td>\n<td width=\"159\">Invisible<\/td>\n<td width=\"74\">roman<\/td>\n<td><\/td>\n<\/tr>\n<tr>\n<td width=\"138\">Auster, Paul<\/td>\n<td width=\"159\">Winter Journal<\/td>\n<td width=\"74\">roman<\/td>\n<td><\/td>\n<\/tr>\n<tr>\n<td width=\"138\">Backman, Fredrik<\/td>\n<td width=\"159\">Min mormor h\u00e4lsar och s\u00e4ger f\u00f6rl\u00e5t<\/td>\n<td width=\"74\">roman<\/td>\n<td>2013<\/td>\n<\/tr>\n<tr>\n<td width=\"138\">Berghagen, Lasse<\/td>\n<td width=\"159\">Flakmopedisten<\/td>\n<td width=\"74\">biografisk<\/td>\n<td><\/td>\n<\/tr>\n<tr>\n<td width=\"138\">Beukes, Laruen<\/td>\n<td width=\"159\">The Shining Girls<\/td>\n<td width=\"74\">roman<\/td>\n<td><\/td>\n<\/tr>\n<tr>\n<td width=\"138\">Boyre, John<\/td>\n<td width=\"159\">Stay where you are and then leave<\/td>\n<td width=\"74\">historisk roman<\/td>\n<td><\/td>\n<\/tr>\n<tr>\n<td width=\"138\">Brashares, Ann<\/td>\n<td width=\"159\">Systrar i jeans &#8211; f\u00f6rsta sommaren<\/td>\n<td width=\"74\">ungdomsroman<\/td>\n<td><\/td>\n<\/tr>\n<tr>\n<td width=\"138\">Brown, Dan<\/td>\n<td width=\"159\">Inferno<\/td>\n<td width=\"74\">thriller<\/td>\n<td><\/td>\n<\/tr>\n<tr>\n<td width=\"138\">Brummer, Ernst<\/td>\n<td width=\"159\">Edith<\/td>\n<td width=\"74\">historisk roman<\/td>\n<td><\/td>\n<\/tr>\n<tr>\n<td width=\"138\">Brunk Holmqvist, Karin<\/td>\n<td width=\"159\">Kaffe med musik<\/td>\n<td width=\"74\">roman<\/td>\n<td>2011<\/td>\n<\/tr>\n<tr>\n<td width=\"138\">Cleves, Anne<\/td>\n<td width=\"159\">The Glass Room<\/td>\n<td width=\"74\">deckare<\/td>\n<td><\/td>\n<\/tr>\n<tr>\n<td width=\"138\">Connelly, Michael<\/td>\n<td width=\"159\">Svarta l\u00e5dan<\/td>\n<td width=\"74\">deckare<\/td>\n<td><\/td>\n<\/tr>\n<tr>\n<td width=\"138\">Danielsson, Kicki<\/td>\n<td width=\"159\">Ett schlagerliv<\/td>\n<td width=\"74\">biografisk<\/td>\n<td><\/td>\n<\/tr>\n<tr>\n<td width=\"138\">Dickens, Charles<\/td>\n<td width=\"159\">Nicholas Nickleby<\/td>\n<td width=\"74\">roman<\/td>\n<td><\/td>\n<\/tr>\n<tr>\n<td width=\"138\">du Maurier, Daphne<\/td>\n<td width=\"159\">My Cousin Rachel<\/td>\n<td width=\"74\">historisk roman<\/td>\n<td><\/td>\n<\/tr>\n<tr>\n<td width=\"138\">Dye, D &amp; Beckloff, M<\/td>\n<td width=\"159\">Den fantastiska Gracie<\/td>\n<td width=\"74\">biografisk<\/td>\n<td><\/td>\n<\/tr>\n<tr>\n<td width=\"138\">Edwardsson, \u00c5ke<\/td>\n<td width=\"159\">Marconi Park<\/td>\n<td width=\"74\">deckare<\/td>\n<td><\/td>\n<\/tr>\n<tr>\n<td width=\"138\">Ellis, Brett Easton<\/td>\n<td width=\"159\">Imperial Bedrooms<\/td>\n<td width=\"74\">roman<\/td>\n<td><\/td>\n<\/tr>\n<tr>\n<td width=\"138\">Eriksson, Jerker &amp; Sundqvist, H\u00e5kan<\/td>\n<td width=\"159\">Kr\u00e5kflickan<\/td>\n<td width=\"74\">deckare<\/td>\n<td>2011<\/td>\n<\/tr>\n<tr>\n<td width=\"138\">Fitzgerald, F.Scott<\/td>\n<td width=\"159\">The Great Gatsby<\/td>\n<td width=\"74\">BBS h\u00f6rspel<\/td>\n<td>2012<\/td>\n<\/tr>\n<tr>\n<td width=\"138\">Franz\u00e9n, Peter<\/td>\n<td width=\"159\">Tumman veden p\u00e4\u00e4ll\u00e4<\/td>\n<td width=\"74\">roman<\/td>\n<td>2013<\/td>\n<\/tr>\n<tr>\n<td width=\"138\">Frayn, Michael<\/td>\n<td width=\"159\">Skios<\/td>\n<td width=\"74\">roman<\/td>\n<td><\/td>\n<\/tr>\n<tr>\n<td width=\"138\">Galbraith, Robert<\/td>\n<td width=\"159\">The Cuckoo&#8217;s Calling<\/td>\n<td width=\"74\"><\/td>\n<td><\/td>\n<\/tr>\n<tr>\n<td width=\"138\">Gardell, Jonas<\/td>\n<td width=\"159\">Torka aldrig t\u00e5rar utan handskar 2: Sjukdomen<\/td>\n<td width=\"74\">roman<\/td>\n<td><\/td>\n<\/tr>\n<tr>\n<td width=\"138\">Grisham, John<\/td>\n<td width=\"159\">Ford County Stories<\/td>\n<td width=\"74\"><\/td>\n<td><\/td>\n<\/tr>\n<tr>\n<td width=\"138\">Guillou Jan<\/td>\n<td width=\"159\">Mellan r\u00f6tt och svart<\/td>\n<td width=\"74\">historisk roman<\/td>\n<td>2013<\/td>\n<\/tr>\n<tr>\n<td width=\"138\">Harris, Charlaine<\/td>\n<td width=\"159\">Levande d\u00f6d i Dallas<\/td>\n<td width=\"74\">vampyr<\/td>\n<td>2001<\/td>\n<\/tr>\n<tr>\n<td width=\"138\">Hietamies, Laila<\/td>\n<td width=\"159\">Koivu ja t\u00e4hti<\/td>\n<td width=\"74\">historisk roman<\/td>\n<td><\/td>\n<\/tr>\n<tr>\n<td width=\"138\">Hildebrandt, Johanne<\/td>\n<td width=\"159\">\u00c4lskade krig<\/td>\n<td width=\"74\">deckare<\/td>\n<td>2008<\/td>\n<\/tr>\n<tr>\n<td width=\"138\">Holt, Anne<\/td>\n<td width=\"159\">1222 \u00f6ver havet<\/td>\n<td width=\"74\">deckare<\/td>\n<td>2008<\/td>\n<\/tr>\n<tr>\n<td width=\"138\">Indridason, Arnaldur<\/td>\n<td width=\"159\">Den stora matchen<\/td>\n<td width=\"74\">deckare<\/td>\n<td>2011<\/td>\n<\/tr>\n<tr>\n<td width=\"138\">Ingelman-Sundberg, Catharina<\/td>\n<td width=\"159\">Kampen mot br\u00e4nningarna<\/td>\n<td width=\"74\">historisk roman<\/td>\n<td>1991<\/td>\n<\/tr>\n<tr>\n<td width=\"138\">Ingelman-Sundberg, Catharina<\/td>\n<td width=\"159\">L\u00e5na \u00e4r silver, r\u00e5na \u00e4r guld<\/td>\n<td width=\"74\">roman<\/td>\n<td><\/td>\n<\/tr>\n<tr>\n<td width=\"138\">Irwing, John<\/td>\n<td width=\"159\">Last Night in Twisted River<\/td>\n<td width=\"74\">roman<\/td>\n<td><\/td>\n<\/tr>\n<tr>\n<td width=\"138\">Jallai, Anders<\/td>\n<td width=\"159\">Landsf\u00f6rr\u00e4daren<\/td>\n<td width=\"74\">thriller<\/td>\n<td>2011<\/td>\n<\/tr>\n<tr>\n<td width=\"138\">Jansson, Anna<\/td>\n<td width=\"159\">\u00d6desgudinnan p\u00e5 Salon D\u00b4Amour<\/td>\n<td width=\"74\">deckare<\/td>\n<td><\/td>\n<\/tr>\n<tr>\n<td width=\"138\">Jonasson, Jonas<\/td>\n<td width=\"159\">Analfabeten som kunde r\u00e4kna<\/td>\n<td width=\"74\">roman<\/td>\n<td>2013<\/td>\n<\/tr>\n<tr>\n<td width=\"138\">Kaaberb\u00f6l, Leene &amp;<\/td>\n<td width=\"159\">Pojken i resv\u00e4skan<\/td>\n<td width=\"74\">deckare<\/td>\n<td><\/td>\n<\/tr>\n<tr>\n<td width=\"138\">Kallentoft, Mons<\/td>\n<td width=\"159\">Fr\u00e4sch,frisk och spontan<\/td>\n<td width=\"74\">roman<\/td>\n<td>2005<\/td>\n<\/tr>\n<tr>\n<td width=\"138\">Kettu, Katja<\/td>\n<td width=\"159\">Surujenker\u00e4\u00e4j\u00e4<\/td>\n<td width=\"74\">roman<\/td>\n<td>2005<\/td>\n<\/tr>\n<tr>\n<td width=\"138\">Kivel\u00e4, Anneli<\/td>\n<td width=\"159\">Valoa ja varjoa Katajam\u00e4ell\u00e4<\/td>\n<td width=\"74\">roman<\/td>\n<td>2014<\/td>\n<\/tr>\n<tr>\n<td width=\"138\">Kyr\u00f6, Tuomas<\/td>\n<td width=\"159\">Liitto<\/td>\n<td width=\"74\"><\/td>\n<td>2005<\/td>\n<\/tr>\n<tr>\n<td width=\"138\">Lahiri, Jhumpa<\/td>\n<td width=\"159\">The Lowland<\/td>\n<td width=\"74\">roman<\/td>\n<td><\/td>\n<\/tr>\n<tr>\n<td width=\"138\">Larsson, \u00c5sa<\/td>\n<td width=\"159\">Till offer \u00e5t Molok<\/td>\n<td width=\"74\">deckare<\/td>\n<td>2012<\/td>\n<\/tr>\n<tr>\n<td width=\"138\">Larsson, \u00c5sa<\/td>\n<td width=\"159\">Svart stig<\/td>\n<td width=\"74\">deckare<\/td>\n<td>2006<\/td>\n<\/tr>\n<tr>\n<td width=\"138\">Lindqvist, Jo Ayvide<\/td>\n<td width=\"159\">Lilla stj\u00e4rna<\/td>\n<td width=\"74\"><\/td>\n<td><\/td>\n<\/tr>\n<tr>\n<td width=\"138\">Manckell, Henning<\/td>\n<td width=\"159\">Minnet av en smutsig \u00e4ngel<\/td>\n<td width=\"74\">historisk roman<\/td>\n<td>2011<\/td>\n<\/tr>\n<tr>\n<td width=\"138\">Manckell, Henning<\/td>\n<td width=\"159\">M\u00f6rdare utan ansikte<\/td>\n<td width=\"74\">deckare<\/td>\n<td>1991<\/td>\n<\/tr>\n<tr>\n<td width=\"138\">Marklund, Liza<\/td>\n<td width=\"159\">Lyckliga gatan<\/td>\n<td width=\"74\">deckare<\/td>\n<td><\/td>\n<\/tr>\n<tr>\n<td width=\"138\">Martin, George R.R<\/td>\n<td width=\"159\">Kampen om j\u00e4rntronen<\/td>\n<td width=\"74\">fantasy<\/td>\n<td>1996<\/td>\n<\/tr>\n<tr>\n<td width=\"138\">Mattsson, Britt-Marie<\/td>\n<td width=\"159\">Vi tolererar inga f\u00f6rlorare<\/td>\n<td width=\"74\">historisk roman<\/td>\n<td>2011<\/td>\n<\/tr>\n<tr>\n<td width=\"138\">McCain, Paula<\/td>\n<td width=\"159\">The Paris Wife<\/td>\n<td width=\"74\">biografisk<\/td>\n<td>2012<\/td>\n<\/tr>\n<tr>\n<td width=\"138\">McEwan, Ian<\/td>\n<td width=\"159\">Sweet Tooth<\/td>\n<td width=\"74\">roman<\/td>\n<td>2012<\/td>\n<\/tr>\n<tr>\n<td width=\"138\">Mostr\u00f6m, Jonas<\/td>\n<td width=\"159\">Svart cirkel<\/td>\n<td width=\"74\">deckare<\/td>\n<td><\/td>\n<\/tr>\n<tr>\n<td width=\"138\">Munroe, Alice<\/td>\n<td width=\"159\">K\u00e4rlek, v\u00e4nskap, hat<\/td>\n<td width=\"74\">noveller<\/td>\n<td>2009<\/td>\n<\/tr>\n<tr>\n<td width=\"138\">Nesbo, Jo<\/td>\n<td width=\"159\">Polis<\/td>\n<td width=\"74\">deckare<\/td>\n<td>2013<\/td>\n<\/tr>\n<tr>\n<td width=\"138\">Nesser, H\u00e5kan<\/td>\n<td width=\"159\">Styckerskan fr\u00e5n Lilla Burma<\/td>\n<td width=\"74\">deckare<\/td>\n<td><\/td>\n<\/tr>\n<tr>\n<td width=\"138\">Paasilinna, Arto<\/td>\n<td width=\"159\">Neitosten karkuretki<\/td>\n<td width=\"74\">roman<\/td>\n<td><\/td>\n<\/tr>\n<tr>\n<td width=\"138\">Pulkkinen, Riikka<\/td>\n<td width=\"159\">Vieras<\/td>\n<td width=\"74\">roman<\/td>\n<td><\/td>\n<\/tr>\n<tr>\n<td width=\"138\">Rankin, Ian<\/td>\n<td width=\"159\">Misstro<\/td>\n<td width=\"74\">deckare<\/td>\n<td><\/td>\n<\/tr>\n<tr>\n<td width=\"138\">Rimminen, Mikko<\/td>\n<td width=\"159\">Pussikaljaromaani<\/td>\n<td width=\"74\">roman<\/td>\n<td><\/td>\n<\/tr>\n<tr>\n<td width=\"138\">Scwalber, Will<\/td>\n<td width=\"159\">Bokklubben vid livets slut<\/td>\n<td width=\"74\">biografisk<\/td>\n<td>2013<\/td>\n<\/tr>\n<tr>\n<td width=\"138\">Sinisalo, Johanna<\/td>\n<td width=\"159\">Enkelten verta<\/td>\n<td width=\"74\">roman<\/td>\n<td><\/td>\n<\/tr>\n<tr>\n<td width=\"138\">Sipil\u00e4, Jarkko<\/td>\n<td width=\"159\">Suljetuin ovin<\/td>\n<td width=\"74\">deckare<\/td>\n<td><\/td>\n<\/tr>\n<tr>\n<td width=\"138\">Skloot, Rebecca<\/td>\n<td width=\"159\">Den od\u00f6dliga Henrietta Lacks<\/td>\n<td width=\"74\">dokument\u00e4r<\/td>\n<td><\/td>\n<\/tr>\n<tr>\n<td width=\"138\">Tatianade, Rosnay<\/td>\n<td width=\"159\">Sarah&#8217;s Key<\/td>\n<td width=\"74\">historisk roman<\/td>\n<td>2007<\/td>\n<\/tr>\n<tr>\n<td width=\"138\">Tervo, Jari<\/td>\n<td width=\"159\">Esikoinen<\/td>\n<td width=\"74\">biografisk<\/td>\n<td><\/td>\n<\/tr>\n<tr>\n<td width=\"138\">Toibin, Col<\/td>\n<td width=\"159\">Brooklyn<\/td>\n<td width=\"74\">roman<\/td>\n<td>2009<\/td>\n<\/tr>\n<tr>\n<td width=\"138\">Trenter, Stieg<\/td>\n<td width=\"159\">Sturemordet<\/td>\n<td width=\"74\">deckare<\/td>\n<td>1962<\/td>\n<\/tr>\n<tr>\n<td width=\"138\">Tuuri, Antti<\/td>\n<td width=\"159\">Talvisota<\/td>\n<td width=\"74\">historisk roman<\/td>\n<td><\/td>\n<\/tr>\n<tr>\n<td width=\"138\">Tyler, Anne<\/td>\n<td width=\"159\">Ett amat\u00f6r\u00e4ktenskap<\/td>\n<td width=\"74\">roman<\/td>\n<td><\/td>\n<\/tr>\n<tr>\n<td width=\"138\">Tyler, Anne<\/td>\n<td width=\"159\">Noah&#8217;s Compass<\/td>\n<td width=\"74\">roman<\/td>\n<td><\/td>\n<\/tr>\n<tr>\n<td width=\"138\">Tyler, Anne<\/td>\n<td width=\"159\">Breathing Lessons<\/td>\n<td width=\"74\">roman<\/td>\n<td><\/td>\n<\/tr>\n<tr>\n<td width=\"138\">Vuorinen, Kristina<\/td>\n<td width=\"159\">Disa Hannuntyt\u00e4r<\/td>\n<td width=\"74\">historisk roman<\/td>\n<td>2014<\/td>\n<\/tr>\n<tr>\n<td width=\"138\">Wennstam, Katarina<\/td>\n<td width=\"159\">Stenhj\u00e4rtat<\/td>\n<td width=\"74\">deckare<\/td>\n<td>2013<\/td>\n<\/tr>\n<tr>\n<td width=\"138\">Wennstam, Katarina<\/td>\n<td width=\"159\">Alfahannen<\/td>\n<td width=\"74\">deckare<\/td>\n<td><\/td>\n<\/tr>\n<tr>\n<td width=\"138\">Winman, Sarah<\/td>\n<td width=\"159\">When God was a Rabbit<\/td>\n<td width=\"74\"><\/td>\n<td>2011<\/td>\n<\/tr>\n<tr>\n<td width=\"138\">Wolf, Virginia<\/td>\n<td width=\"159\">Mrs Dalloway<\/td>\n<td width=\"74\">roman<\/td>\n<td><\/td>\n<\/tr>\n<tr>\n<td width=\"138\">Zweig, Stephanie<\/td>\n<td width=\"159\">Das Haus in der Rotschildall\u00e9e<\/td>\n<td width=\"74\">historisk roman<\/td>\n<td><\/td>\n<\/tr>\n<tr>\n<td width=\"138\"><strong>Tryckata b\u00f6cker 2014<\/strong><\/td>\n<td width=\"159\"><\/td>\n<td width=\"74\"><\/td>\n<td><\/td>\n<\/tr>\n<tr>\n<td width=\"138\">Ahern, Cecilia<\/td>\n<td width=\"159\">Thanks for the Memories<\/td>\n<td width=\"74\">chic lit<\/td>\n<td><\/td>\n<\/tr>\n<tr>\n<td width=\"138\">Alfredsson, Karin<\/td>\n<td width=\"159\">Kvinnorna p\u00e5 10:e v\u00e5ningen<\/td>\n<td width=\"74\">deckare<\/td>\n<td>2008<\/td>\n<\/tr>\n<tr>\n<td width=\"138\">Armstrong, Kelly<\/td>\n<td width=\"159\">The Summonings: A Darkest Power&#8217;s Book<\/td>\n<td width=\"74\">vampyr<\/td>\n<td><\/td>\n<\/tr>\n<tr>\n<td width=\"138\">Bagge, Paula<\/td>\n<td width=\"159\">Sisustus luo kodin. Kaksion 3 tyyli\u00e4 &#8211; moderni,, boheemi ja kantri<\/td>\n<td width=\"74\">inredningsbok<\/td>\n<td><\/td>\n<\/tr>\n<tr>\n<td width=\"138\">Barberry, Muriel<\/td>\n<td width=\"159\">Igelkottens elegans<\/td>\n<td width=\"74\">roman<\/td>\n<td><\/td>\n<\/tr>\n<tr>\n<td width=\"138\">Batra, David<\/td>\n<td width=\"159\">Den som inte tar bort luddet ska d\u00f6<\/td>\n<td width=\"74\">korta roliga stories<\/td>\n<td>2008<\/td>\n<\/tr>\n<tr>\n<td width=\"138\">Bruun, Staffan<\/td>\n<td width=\"159\">Kapps\u00e4ck full med pengar<\/td>\n<td width=\"74\">deckare<\/td>\n<td>2010<\/td>\n<\/tr>\n<tr>\n<td width=\"138\">Chalmers,E &amp; Hanan, A<\/td>\n<td width=\"159\">Kaunista kotiin pikkurahalla<\/td>\n<td width=\"74\">inredningsbok<\/td>\n<td><\/td>\n<\/tr>\n<tr>\n<td width=\"138\">Cunningham, Michael<\/td>\n<td width=\"159\">Timmarna<\/td>\n<td width=\"74\">roman<\/td>\n<td><\/td>\n<\/tr>\n<tr>\n<td width=\"138\">Dahlstr\u00f6m, Britt<\/td>\n<td width=\"159\">I s\u00e4llskap med Dickens<\/td>\n<td width=\"74\">faktabok<\/td>\n<td><\/td>\n<\/tr>\n<tr>\n<td width=\"138\">Ende, Michael<\/td>\n<td width=\"159\">Momo &#8211; eller kampen om tiden<\/td>\n<td width=\"74\">fantasy-ungdomsroman<\/td>\n<td>1973<\/td>\n<\/tr>\n<tr>\n<td width=\"138\">Fagerholm, Monika<\/td>\n<td width=\"159\">Glitterflickan<\/td>\n<td width=\"74\">roman<\/td>\n<td><\/td>\n<\/tr>\n<tr>\n<td width=\"138\">Fielding, Helen<\/td>\n<td width=\"159\">Mad about the Boy<\/td>\n<td width=\"74\">chic lit<\/td>\n<td>2013<\/td>\n<\/tr>\n<tr>\n<td width=\"138\">Fogelstr\u00f6m,Per Anders<\/td>\n<td width=\"159\">M\u00f6drar och s\u00f6ner<\/td>\n<td width=\"74\">historisk roman<\/td>\n<td>1992<\/td>\n<\/tr>\n<tr>\n<td width=\"138\">Franck, Mia<\/td>\n<td width=\"159\">Martr\u00e5dar<\/td>\n<td width=\"74\">fantasy<\/td>\n<td>2013<\/td>\n<\/tr>\n<tr>\n<td width=\"138\">Gier, Kersti<\/td>\n<td width=\"159\">Safirbl\u00e5<\/td>\n<td width=\"74\">fanatsy-ungdomsroman<\/td>\n<td>2012<\/td>\n<\/tr>\n<tr>\n<td width=\"138\">Hellberg, Bj\u00f6rn<\/td>\n<td width=\"159\">F\u00f6dde en dotter<\/td>\n<td width=\"74\">deckare<\/td>\n<td><\/td>\n<\/tr>\n<tr>\n<td width=\"138\">Juslin, Emma<\/td>\n<td width=\"159\">Frida och Frida<\/td>\n<td width=\"74\">roman<\/td>\n<td><\/td>\n<\/tr>\n<tr>\n<td width=\"138\">Kinsella, Sophie<\/td>\n<td width=\"159\">Remember me?<\/td>\n<td width=\"74\">chic lit<\/td>\n<td>2009<\/td>\n<\/tr>\n<tr>\n<td width=\"138\">Kivel\u00e4, Malin<\/td>\n<td width=\"159\">Du eller aldrig<\/td>\n<td width=\"74\">roman<\/td>\n<td><\/td>\n<\/tr>\n<tr>\n<td width=\"138\">Laur\u00e9n, Anna-Lena<\/td>\n<td width=\"159\">Frihetens pris \u00e4r ok\u00e4nt<\/td>\n<td width=\"74\">dokument\u00e4r<\/td>\n<td>2013<\/td>\n<\/tr>\n<tr>\n<td width=\"138\">Lewycka, Marina<\/td>\n<td width=\"159\">En kort ber\u00e4ttelse om traktorer p\u00e5 ukrainska<\/td>\n<td width=\"74\">roman<\/td>\n<td>2006<\/td>\n<\/tr>\n<tr>\n<td width=\"138\">Luhtanen, S &amp; Paju, T<\/td>\n<td width=\"159\">Maisa &amp; Kaarina.Ihana nainen<\/td>\n<td width=\"74\">serier<\/td>\n<td><\/td>\n<\/tr>\n<tr>\n<td width=\"138\">Manckell, Henning<\/td>\n<td width=\"159\">Dansl\u00e4rarens \u00e5terkomst<\/td>\n<td width=\"74\">deckare<\/td>\n<td>2000<\/td>\n<\/tr>\n<tr>\n<td width=\"138\">Moran, Caitlin<\/td>\n<td width=\"159\">How to be a woman<\/td>\n<td width=\"74\">korta roliga stories<\/td>\n<td><\/td>\n<\/tr>\n<tr>\n<td width=\"138\">Moyes, Jojo<\/td>\n<td width=\"159\">Me before you\/Livet efter dig<\/td>\n<td width=\"74\">roman<\/td>\n<td>2012<\/td>\n<\/tr>\n<tr>\n<td width=\"138\">Mustonen, Enni<\/td>\n<td width=\"159\">Kielon j\u00e4\u00e4hyv\u00e4iset<\/td>\n<td width=\"74\">historisk roman<\/td>\n<td>2000<\/td>\n<\/tr>\n<tr>\n<td width=\"138\">Nemert, Elisabeth<\/td>\n<td width=\"159\">I rovf\u00e5gelns tid<\/td>\n<td width=\"74\">historisk roman<\/td>\n<td><\/td>\n<\/tr>\n<tr>\n<td width=\"138\">Nieminen, H m.fl.<\/td>\n<td width=\"159\">Turku lautasella del 2. Kymmenen kiinnostavaa kohdetta Aurajoen rannalla<\/td>\n<td width=\"74\">faktabok<\/td>\n<td><\/td>\n<\/tr>\n<tr>\n<td width=\"138\">Pakkanen, Outi<\/td>\n<td width=\"159\">Rakastaja<\/td>\n<td width=\"74\">deckare<\/td>\n<td>2014<\/td>\n<\/tr>\n<tr>\n<td width=\"138\">Pakkanen, Outi<\/td>\n<td width=\"159\">Korttelin kungiatar<\/td>\n<td width=\"74\">deckare<\/td>\n<td><\/td>\n<\/tr>\n<tr>\n<td width=\"138\">Paver, Michelle<\/td>\n<td width=\"159\">Han som f\u00f6ddes att m\u00f6ta m\u00f6rkret<\/td>\n<td width=\"74\">fanatsy-ungdomsroman<\/td>\n<td>2004<\/td>\n<\/tr>\n<tr>\n<td width=\"138\">Pulkkinen, Raija<\/td>\n<td width=\"159\">Raja<\/td>\n<td width=\"74\">roman<\/td>\n<td>2007<\/td>\n<\/tr>\n<tr>\n<td width=\"138\">Robinson, Peter<\/td>\n<td width=\"159\">Bad Boy<\/td>\n<td width=\"74\">deckare<\/td>\n<td>2011<\/td>\n<\/tr>\n<tr>\n<td width=\"138\">Sandstr\u00f6m, Peter<\/td>\n<td width=\"159\">Noveller till dig som saknas<\/td>\n<td width=\"74\">noveller<\/td>\n<td><\/td>\n<\/tr>\n<tr>\n<td width=\"138\">Smith, L.J<\/td>\n<td width=\"159\">The Vampire Diaries: The Awakening<\/td>\n<td width=\"74\">vampyr<\/td>\n<td>2009<\/td>\n<\/tr>\n<tr>\n<td width=\"138\">Susi, Pauliina<\/td>\n<td width=\"159\">Ruuhkavuosia<\/td>\n<td width=\"74\">roman<\/td>\n<td><\/td>\n<\/tr>\n<tr>\n<td width=\"138\">Townsend, Sue<\/td>\n<td width=\"159\">The Woman Who Went to Bed for a Year<\/td>\n<td width=\"74\">roman<\/td>\n<td>2012<\/td>\n<\/tr>\n<tr>\n<td width=\"138\">Voorn, Barbara<\/td>\n<td width=\"159\">Syster min<\/td>\n<td width=\"74\">roman<\/td>\n<td><\/td>\n<\/tr>\n<tr>\n<td width=\"138\">Wahlberg, Karin<\/td>\n<td width=\"159\">Flickan med majblomman<\/td>\n<td width=\"74\">deckare<\/td>\n<td>2004<\/td>\n<\/tr>\n<tr>\n<td width=\"138\">Wennstam, Katarina<\/td>\n<td width=\"159\">Svikaren<\/td>\n<td width=\"74\">deckare<\/td>\n<td><\/td>\n<\/tr>\n<tr>\n<td width=\"138\">Wickham, Madeleine<\/td>\n<td width=\"159\">Coctails for Three<\/td>\n<td width=\"74\">chic lit<\/td>\n<td>2000<\/td>\n<\/tr>\n<tr>\n<td width=\"138\"><\/td>\n<td width=\"159\">Kalle Ankas dubbelpocket 302: Dubbel trubbel<\/td>\n<td width=\"74\">serier<\/td>\n<td><\/td>\n<\/tr>\n<tr>\n<td width=\"138\"><strong>E-b\u00f6cker 2014<\/strong><\/td>\n<td width=\"159\"><\/td>\n<td width=\"74\"><\/td>\n<td><\/td>\n<\/tr>\n<tr>\n<td width=\"138\">Bivald, Katarina<\/td>\n<td width=\"159\">L\u00e4sarna i Broken Wheels rekommenderar<\/td>\n<td width=\"74\">roman<\/td>\n<td><\/td>\n<\/tr>\n<tr>\n<td width=\"138\">Cleeve, Chris<\/td>\n<td width=\"159\">Little Bee<\/td>\n<td width=\"74\">roman<\/td>\n<td><\/td>\n<\/tr>\n<tr>\n<td width=\"138\">Dosa, David<\/td>\n<td width=\"159\">Sjukhuskatten Oscar &#8211; En vanlig katt med en ovanlig g\u00e5va<\/td>\n<td width=\"74\">dokument\u00e4r<\/td>\n<td><\/td>\n<\/tr>\n<tr>\n<td width=\"138\">Flynn, Gilly<\/td>\n<td width=\"159\">Gone Girl<\/td>\n<td width=\"74\">deckare<\/td>\n<td><\/td>\n<\/tr>\n<tr>\n<td width=\"138\">James, Peter<\/td>\n<td width=\"159\">Till d\u00f6ds<\/td>\n<td width=\"74\">deckare<\/td>\n<td>2012<\/td>\n<\/tr>\n<tr>\n<td width=\"138\">Johansson, Jonas<\/td>\n<td width=\"159\">Hundra\u00e5ringen som klev ut genom f\u00f6nstret och f\u00f6rsvann<\/td>\n<td width=\"74\">roman<\/td>\n<td>2010<\/td>\n<\/tr>\n<tr>\n<td width=\"138\">Klaussman, Liza<\/td>\n<td width=\"159\">Tigrar i r\u00f6tt v\u00e4der<\/td>\n<td width=\"74\">roman<\/td>\n<td><\/td>\n<\/tr>\n<tr>\n<td width=\"138\">L\u00e4ckberg, Camilla<\/td>\n<td width=\"159\">Sn\u00f6storm och mandeldoft<\/td>\n<td width=\"74\">kortroman-deckare<\/td>\n<td><\/td>\n<\/tr>\n<tr>\n<td width=\"138\">Ljungstedt, Mari<\/td>\n<td width=\"159\">Det fj\u00e4rde offret<\/td>\n<td width=\"74\">deckare<\/td>\n<td><\/td>\n<\/tr>\n<tr>\n<td width=\"138\">Sten, Viveca<\/td>\n<td width=\"159\">I farans riktning<\/td>\n<td width=\"74\">deckare<\/td>\n<td>2013<\/td>\n<\/tr>\n<tr>\n<td width=\"138\">Strandberg, Mats &amp; Bergmark-Elvgren, Sara<\/td>\n<td width=\"159\">Nyckeln<\/td>\n<td width=\"74\">fanatsy-ungdomsroman<\/td>\n<td>2013<\/td>\n<\/tr>\n<tr>\n<td width=\"138\">Worth, Jennifer<\/td>\n<td width=\"159\">Barnmorskan i East End<\/td>\n<td width=\"74\">biografisk<\/td>\n<td><\/td>\n<\/tr>\n<tr>\n<td width=\"138\"><\/td>\n<td width=\"159\">Lockadaisy, vol. 1<\/td>\n<td width=\"74\">serier p\u00e5 webben<\/td>\n<td><\/td>\n<\/tr>\n<\/tbody>\n<\/table>\n","protected":false},"excerpt":{"rendered":"<p>H\u00f6rb\u00f6cker 2014 Adler-Olsen, Jussi Kvinnan i rummet deckare 2007 Adler-Olsen, Jussi Flaskpost fr\u00e5n P deckare Adler-Olsen, Jussi Alfabethuset Ahern, Cecilia One Hundred Names chic lit Ahern, Cecilia The Book of Tomorrow chic lit Asaad, Arkan Stj\u00e4rnl\u00f6sa n\u00e4tter biografisk 2011 Auster, &hellip; <a href=\"https:\/\/blogs2.abo.fi\/laslust\/last-lyssnat-2014-2\/\">Forts\u00e4tt l\u00e4sa <span class=\"meta-nav\">&rarr;<\/span><\/a><\/p>\n","protected":false},"author":7,"featured_media":0,"parent":0,"menu_order":0,"comment_status":"open","ping_status":"open","template":"","meta":{"footnotes":""},"class_list":["post-346","page","type-page","status-publish","hentry"],"_links":{"self":[{"href":"https:\/\/blogs2.abo.fi\/laslust\/wp-json\/wp\/v2\/pages\/346","targetHints":{"allow":["GET"]}}],"collection":[{"href":"https:\/\/blogs2.abo.fi\/laslust\/wp-json\/wp\/v2\/pages"}],"about":[{"href":"https:\/\/blogs2.abo.fi\/laslust\/wp-json\/wp\/v2\/types\/page"}],"author":[{"embeddable":true,"href":"https:\/\/blogs2.abo.fi\/laslust\/wp-json\/wp\/v2\/users\/7"}],"replies":[{"embeddable":true,"href":"https:\/\/blogs2.abo.fi\/laslust\/wp-json\/wp\/v2\/comments?post=346"}],"version-history":[{"count":1,"href":"https:\/\/blogs2.abo.fi\/laslust\/wp-json\/wp\/v2\/pages\/346\/revisions"}],"predecessor-version":[{"id":347,"href":"https:\/\/blogs2.abo.fi\/laslust\/wp-json\/wp\/v2\/pages\/346\/revisions\/347"}],"wp:attachment":[{"href":"https:\/\/blogs2.abo.fi\/laslust\/wp-json\/wp\/v2\/media?parent=346"}],"curies":[{"name":"wp","href":"https:\/\/api.w.org\/{rel}","templated":true}]}}