{"id":2049,"date":"2017-09-30T21:06:10","date_gmt":"2017-09-30T21:06:10","guid":{"rendered":"http:\/\/blogs2.abo.fi\/laslust\/?page_id=2049"},"modified":"2017-09-30T21:06:10","modified_gmt":"2017-09-30T21:06:10","slug":"utmaningentotally-british","status":"publish","type":"page","link":"https:\/\/blogs2.abo.fi\/laslust\/utmaningentotally-british\/","title":{"rendered":"UtmaningenTotally British"},"content":{"rendered":"<p>Bloggaren <a href=\"http:\/\/kirjavakammari.blogspot.fi\/2011\/05\/tiukkojen-haasteiden-tiistai-totally.html\" target=\"_blank\" rel=\"noopener\">Kirjava kammari<\/a> startade utmaningen &#8221;Totally British&#8221;.<br \/>\nJag t\u00e4nkte uppfylla den ocks\u00e5 bak\u00e5t, s\u00e5 l\u00e5ngt som jag antecknat vad jag l\u00e4st.<\/p>\n<p><span class=\"Apple-style-span\"><b>Early Classics<\/b> (3)<\/span><\/p>\n<ul>\n<li><span class=\"Apple-style-span\">Ennen 1800-lukua julkaistut brittil\u00e4iset kaunokirjalliset teokset.<\/span><\/li>\n<li>skippar den h\u00e4r kategorin, tror jag&#8230;<\/li>\n<\/ul>\n<div><span class=\"Apple-style-span\"><b>Silver Fork Novels<\/b> (3)<\/span><\/div>\n<div>\n<ul>\n<li><span class=\"Apple-style-span\">L\u00f6yh\u00e4 kategoria 1800-luvulla julkaistuille kaunokirjallisille teoksille, jotka k\u00e4sittelev\u00e4t yl\u00e4luokkaista el\u00e4m\u00e4ntapaa&#8230;<\/span><\/li>\n<li>Jane Austen: <em>Lady Susan<\/em><\/li>\n<\/ul>\n<\/div>\n<div>\n<div><span class=\"Apple-style-span\"><b>Modern Men Writers<\/b> (3)<\/span><\/div>\n<\/div>\n<div>\n<ul>\n<li><span class=\"Apple-style-span\">Laaja kategoria koostuen viime ja t\u00e4ll\u00e4 vuosisadalla kirjoittaneiden miesten kaunokirjallisista teoksista.<\/span><\/li>\n<li>Ian McEwan: <em>The Children&#8217;s Act, The Cement Garden, Sweet Tooth, Hetta<\/em><\/li>\n<li>Julian Barnes: <em>The Sense of an Ending<\/em><\/li>\n<li>Philip Hensher: <em>King of the Badgers<\/em><\/li>\n<li>Nick Hornby: <em>About a Boy, Funny Girl<\/em><\/li>\n<\/ul>\n<p><span class=\"Apple-style-span\"><b>Modern Women Writers<\/b> (3)<br \/>\n<\/span><\/p>\n<ul>\n<li>Laaja kategoria koostuen viime ja t\u00e4ll\u00e4 vuosisadalla kirjoittaneiden naisten kaunokirjallisista teoksista.<\/li>\n<li>Virginia Woolf: <em>Mot fyren, Flush, Ett eget rum<\/em><\/li>\n<li>Angela Carter:<em>Wise Children<\/em><\/li>\n<li>Kate Atkinson: <em>A God in Ruins, Started Early Took My Dog<\/em><\/li>\n<li>Anita Brookner: <em>Brief Lives, A Firend from England<\/em><\/li>\n<li>Sadie Jones: <em>The Outcast<\/em><\/li>\n<\/ul>\n<\/div>\n<div>\n<div><span class=\"Apple-style-span\"><b>British Chick Lit<\/b> (3)<\/span><\/div>\n<div>\n<ul>\n<li><span class=\"Apple-style-span\">Hieman vaikeasti m\u00e4\u00e4ritelt\u00e4v\u00e4 chicklit tarkoittaa yleens\u00e4 nykyaikaan sijoittuvaa romanttista ja humoristista tarinaa, jossa naisp\u00e4\u00e4henkil\u00f6 toilailee uran ja hauskanpidon lomassa p\u00e4\u00e4m\u00e4\u00e4r\u00e4n\u00e4\u00e4n l\u00f6yt\u00e4\u00e4 rakkaus.<\/span><\/li>\n<li>Cecilia Ahern: <em>Where Rainbows End, How to Fall in Love<\/em><\/li>\n<li>Marian Keyes: <em>Hemligheten p\u00e5 Mercy Close<\/em><\/li>\n<li>Lucy Dillon: <em>Hundra omistliga ting, N\u00e4r livet b\u00f6rjar om<\/em><\/li>\n<\/ul>\n<\/div>\n<div><span class=\"Apple-style-span\"><b>British Poetry<\/b> (3)<\/span><\/div>\n<ul>\n<li>A A Milne: <em>When We Were Very Young, Now We Are Six<\/em><\/li>\n<\/ul>\n<div>\u00a0<b>Children&#8217;s Britain<\/b> (3)<\/div>\n<ul>\n<li>Lewis Carroll: <em>Through the Looking Glass, Alice&#8217;s Adventures in Wonderland<\/em><\/li>\n<\/ul>\n<div>\n<p><span class=\"Apple-style-span\">\u00a0<\/span><span class=\"Apple-style-span\"><b>Detective Novels<\/b> (3)<\/span><\/p>\n<ul>\n<li>Paula Hawkins: <em>The Girl on the Train<\/em><\/li>\n<li>David Peace: <em>1974<\/em><\/li>\n<li>Jaqueline Winspear: <em>Marie Dobbs<\/em><\/li>\n<li>Agatha Christie<\/li>\n<li>Robert Galbraith: <em>The Silkworm<\/em><\/li>\n<li>Belinda Bauer: <em>Livet och d\u00f6dens villkor<\/em><\/li>\n<\/ul>\n<\/div>\n<\/div>\n<div>\n<div><span class=\"Apple-style-span\"><b>Gothic Fiction<\/b> (3)<\/span><\/div>\n<\/div>\n<div>\n<ul>\n<li><span class=\"Apple-style-span\">Goottikirjallisuuden tunnusmerkkej\u00e4 ovat kauhu ja romantiikka. Lue lis\u00e4\u00e4 <a href=\"http:\/\/en.wikipedia.org\/wiki\/Gothic_fiction\">t\u00e4\u00e4lt\u00e4<\/a>.<\/span><\/li>\n<li>Bl.a. Daphne du Maurie h\u00f6r hit<\/li>\n<\/ul>\n<div><span class=\"Apple-style-span\"><b>Modern Thrillers <\/b>(3)<\/span><\/div>\n<ul>\n<li>Graham Greene: <em>Travels with my Aunt, The End of the Affair<\/em><\/li>\n<\/ul>\n<p><span class=\"Apple-style-span\"><b>Royal Fiction<\/b> (3)<\/span><\/p>\n<\/div>\n<div>\n<ul>\n<li><span class=\"Apple-style-span\">T\u00e4t\u00e4 historiallisen kaunokirjallisuuden alalajia ei ole suomennettu kovin paljon, mutta englanniksi lukeville ja kuninkaallisista hoveista kiinnostuneille l\u00f6ytyy paljon valinnanvaraa.<\/span><\/li>\n<li><span class=\"Apple-style-span\">Hilary Mantel: <em>Wulf Hall<\/em><br \/>\n<\/span><\/li>\n<\/ul>\n<p><span class=\"Apple-style-span\"><b>Stiff Upper Lip<\/b> (3)<\/span><\/p>\n<ul>\n<li>Toinen kategoria, joka liittyy mielenkiintoiseen brittil\u00e4iseen luokkayhteiskuntaan ja sen yl\u00e4luokkaan, mutta nyt aikarajaus on sallivampi. Olen ottanut mukaan erityisesti kartanoita palveluskuntineen, mutta jokainen voi itse p\u00e4\u00e4tt\u00e4\u00e4, mitk\u00e4 teokset t\u00e4h\u00e4n sopivat.<\/li>\n<li>Kate Morton: <em>The Secret Keeper, I det f\u00f6rflutna, En v\u00e4lbevarad hemlighet<\/em><\/li>\n<li>Sebastian Faulks: <em>Jeeves and Wedding Bells<br \/>\n<\/em><\/li>\n<li>Fiona Carnavon: <em>Lady Almina och verklighetens Downton Abbey<\/em><\/li>\n<\/ul>\n<\/div>\n<div>\n<div><span class=\"Apple-style-span\"><b>\u00c9irinn go Br\u00e1ch! <\/b>(3)<\/span><\/div>\n<\/div>\n<div>\n<ul>\n<li><span class=\"Apple-style-span\">Oma kategoria irlantilaisille kirjailijoille tai Irlantiin sijoittuville kirjoille.<\/span><\/li>\n<li>Cecilia Ahern: <em>Where Rainbows End, How to Fall in Love<\/em><\/li>\n<li>Marian Keyes: <em>Hemligheten p\u00e5 Mercy Close<\/em><\/li>\n<li><span class=\"Apple-style-span\"> Kate Kerrigan: <em>The Recipe of a Perfect Marriage<\/em><\/span><\/li>\n<\/ul>\n<div><span class=\"Apple-style-span\"><b>Maybe British, Never English<\/b> (3)<\/span><\/div>\n<\/div>\n<div>\n<ul>\n<li><span class=\"Apple-style-span\">Oma kategoria skotlantilaisille, walesilaisille ja pohjoisirlantilaisille kirjailijoille, sek\u00e4 ko. maihin sijoittuville kirjoille.<\/span><\/li>\n<li><span class=\"Apple-style-span\">Alexander McCall Smith:<em> Then goda maken p\u00e5 Zebra Drive<\/em><br \/>\n<\/span><\/li>\n<li>Ann Cleeves: <em>Svart som natten<\/em> (Shetlands\u00f6arna)<\/li>\n<\/ul>\n<div><span class=\"Apple-style-span\"><b>Multicultural Britain<\/b> (3)<\/span><\/div>\n<\/div>\n<div>\n<ul>\n<li><span class=\"Apple-style-span\">Maahanmuuttajien tai heid\u00e4n j\u00e4lkel\u00e4istens\u00e4 teoksia, tai kirjoja jotka k\u00e4sittelev\u00e4t maahanmuuttajuutta ja\/tai monikulttuurisuutta. Sidottavissa <a href=\"http:\/\/kirjavakammari.blogspot.com\/2011\/03\/tiukkojen-haasteiden-tiistai.html\">Maahanmuuttajatarinat -haasteeseen<\/a> (johon minulla on tarkoitus palata pian uusien listauksien kanssa).<\/span><\/li>\n<li><span class=\"Apple-style-span\">Hanif Kureishi: <em>The Buddha of Suburbia<\/em><br \/>\n<\/span><\/li>\n<li>Zadie Smith: <em>NW<\/em><\/li>\n<\/ul>\n<div><span class=\"Apple-style-span\"><b>Commonwealth<\/b> (5)<\/span><\/div>\n<ul>\n<li>Botswana: <span class=\"Apple-style-span\">Alexander McCall Smith:<em> Then goda maken p\u00e5 Zebra Drive<\/em><\/span><\/li>\n<li>Rwanda: Gaile Parking: <em>Baking Cakes in Kigali<\/em><\/li>\n<li>Kenya: Elspeth Huxley: <em>Flame Trees of Thika; <\/em>NN<em> The Bolter<\/em><\/li>\n<\/ul>\n<div><\/div>\n<\/div>\n","protected":false},"excerpt":{"rendered":"<p>Bloggaren Kirjava kammari startade utmaningen &#8221;Totally British&#8221;. Jag t\u00e4nkte uppfylla den ocks\u00e5 bak\u00e5t, s\u00e5 l\u00e5ngt som jag antecknat vad jag l\u00e4st. Early Classics (3) Ennen 1800-lukua julkaistut brittil\u00e4iset kaunokirjalliset teokset. skippar den h\u00e4r kategorin, tror jag&#8230; Silver Fork Novels (3) &hellip; <a href=\"https:\/\/blogs2.abo.fi\/laslust\/utmaningentotally-british\/\">Forts\u00e4tt l\u00e4sa <span class=\"meta-nav\">&rarr;<\/span><\/a><\/p>\n","protected":false},"author":7,"featured_media":0,"parent":0,"menu_order":0,"comment_status":"closed","ping_status":"closed","template":"","meta":{"footnotes":""},"class_list":["post-2049","page","type-page","status-publish","hentry"],"_links":{"self":[{"href":"https:\/\/blogs2.abo.fi\/laslust\/wp-json\/wp\/v2\/pages\/2049","targetHints":{"allow":["GET"]}}],"collection":[{"href":"https:\/\/blogs2.abo.fi\/laslust\/wp-json\/wp\/v2\/pages"}],"about":[{"href":"https:\/\/blogs2.abo.fi\/laslust\/wp-json\/wp\/v2\/types\/page"}],"author":[{"embeddable":true,"href":"https:\/\/blogs2.abo.fi\/laslust\/wp-json\/wp\/v2\/users\/7"}],"replies":[{"embeddable":true,"href":"https:\/\/blogs2.abo.fi\/laslust\/wp-json\/wp\/v2\/comments?post=2049"}],"version-history":[{"count":6,"href":"https:\/\/blogs2.abo.fi\/laslust\/wp-json\/wp\/v2\/pages\/2049\/revisions"}],"predecessor-version":[{"id":2055,"href":"https:\/\/blogs2.abo.fi\/laslust\/wp-json\/wp\/v2\/pages\/2049\/revisions\/2055"}],"wp:attachment":[{"href":"https:\/\/blogs2.abo.fi\/laslust\/wp-json\/wp\/v2\/media?parent=2049"}],"curies":[{"name":"wp","href":"https:\/\/api.w.org\/{rel}","templated":true}]}}