{"id":87,"date":"2023-10-17T10:09:07","date_gmt":"2023-10-17T10:09:07","guid":{"rendered":"https:\/\/blogs2.abo.fi\/intakt\/?page_id=87"},"modified":"2023-10-17T10:09:07","modified_gmt":"2023-10-17T10:09:07","slug":"dataskyddsmeddelande","status":"publish","type":"page","link":"https:\/\/blogs2.abo.fi\/intakt\/dataskyddsmeddelande\/","title":{"rendered":"Dataskyddsmeddelande"},"content":{"rendered":"<p><strong>DATASKYDDSMEDDELANDE \u00a0<\/strong><\/p>\n<p>enligt EU:s dataskyddsf\u00f6rordning GDPR, art. 13 och 14<\/p>\n<p><strong>Meddelandet g\u00e4ller:<\/strong><\/p>\n<p>Vetenskaplig forskning<\/p>\n<p><strong>Projekt f\u00f6r att minska avst\u00e5ndet mellan akademisk intention och aktion bland finlandssvenska studerande (INTAKT)<\/strong><strong>\u00a0<\/strong><\/p>\n<p>&nbsp;<\/p>\n<p><strong>Personuppgiftsansvarig<\/strong><\/p>\n<p>\u00c5bo Akademi<br \/>\nDomkyrkotorget 3<br \/>\n20500 \u00c5bo<br \/>\nFinland<\/p>\n<p>\u00c5bo Akademi \u00e4r personuppgiftsansvarig f\u00f6r de personuppgifter som samlas in och behandlas i universitetets verksamhet \u2013 i undervisning, handledning, forskning, administration och samverkan, internt och externt.<\/p>\n<p>Ansvarig enhet f\u00f6r den behandling som beskrivs i detta dokument:<br \/>\nFakulteten f\u00f6r pedagogik och v\u00e4lf\u00e4rdsstudier<\/p>\n<p>Kontaktperson: Daniel Ventus, Experience Lab, dventus@abo.fi, 0505235613<\/p>\n<p>Dataskyddsombud vid \u00c5bo Akademi: dataskydd@abo.fi, +358 2 215 31 (v\u00e4xel)<\/p>\n<p>____________________<\/p>\n<p><strong>Varf\u00f6r behandlar vi dina personuppgifter?<\/strong><\/p>\n<p>Inom projektet INTAKT g\u00f6rs ett flertal datainsamlingar med hj\u00e4lp av appen M-Path (www.m-path.io). I samband med anv\u00e4ndandet av appen samlas personuppgifter in.<\/p>\n<p><strong>Enligt GDPR m\u00e5ste det finnas en r\u00e4ttslig grund f\u00f6r att behandla personuppgifter. R\u00e4ttslig grund f\u00f6r att behandla dina personuppgifter \u00e4r:<\/strong><\/p>\n<p>Samtycke: Samtycke inneb\u00e4r att du blir tillfr\u00e5gad och svarar ja (skriftligt eller muntligt) till att dina personuppgifter behandlas f\u00f6r ett specifikt \u00e4ndam\u00e5l. Du ger samtycket fullt frivilligt efter att du tagit del av information om hur dina personuppgifter behandlas (d.v.s. samlas in, lagras, delas, arkiveras m.m.). N\u00e4r samtycke \u00e4r den enda r\u00e4ttsliga grunden f\u00f6r att behandla dina personuppgifter har du r\u00e4tt att \u00e5ngra dig n\u00e4r som helst. Du kan meddela att du \u00e5ngrat dig genom att skicka e-post till <a href=\"mailto:registrator@abo.fi\">registrator@abo.fi<\/a>. Den behandling som genomf\u00f6rts innan du \u00e5terkallade samtycket p\u00e5verkas inte.<\/p>\n<p>Databehandlingen bygger p\u00e5 deltagarens skriftliga samtycke. Deltagaren har r\u00e4tt att dra tillbaka sitt samtycke och radera sitt data (det kan g\u00f6ras i appen).<\/p>\n<p>Datainsamlingen ber\u00f6r fr\u00e5gor som har att g\u00f6ra med deltagarens h\u00e4lsa. Deltagande \u00e4r frivilligt. F\u00f6re datat analyseras raderas personuppgifterna s\u00e5 att datat blir anonymt.<\/p>\n<p><strong>Vilka personuppgifter behandlas och vem behandlar dem?<\/strong><\/p>\n<p>F\u00f6ljande personuppgifter samlas in:<br \/>\n&#8211; Namn (det \u00e4r ok att anv\u00e4nda pseudonym)<br \/>\n&#8211; din telefons IP adress<br \/>\n&#8211; tidszon<br \/>\n&#8211; Uppgifter om din telefon och dess operativsystem<br \/>\n&#8211; vilken version av M-Path du anv\u00e4nder<br \/>\n&#8211; information om tekniska problem med appen (t.ex. om den krashar);<br \/>\n&#8211; data om din anv\u00e4ndning av appen, om du samtycker till det.<\/p>\n<p>Data relaterat till h\u00e4lsa samlas in genom fr\u00e5geformul\u00e4r som handlar exempelvis om deltagarens depression, \u00e5ngest, impulsivitet, tankar och k\u00e4nslor.<\/p>\n<p>Projektforskare Daniel Ventus hanterar alla personuppgifter. F\u00f6re andra forskare f\u00e5r tillg\u00e5ng till datat anonymiseras det, genom att alla personuppgifter raderas.<\/p>\n<p><strong>Varifr\u00e5n samlas dina personuppgifter in och hur blir de behandlade?<\/strong><\/p>\n<p>Personuppgifterna samlas in genom appen M-Path i samband med deltagande i datainsamlingar inom projektet.<\/p>\n<p>I datainsamlingsskedet lagras allt data p\u00e5 M-Paths servrar. N\u00e4r datat laddas ner f\u00f6r analys anonymiseras det, och lagras sedan p\u00e5 \u00c5bo Akademis servrar.<\/p>\n<p>Anonymiserat data g\u00f6rs tillg\u00e4nglig f\u00f6r allm\u00e4nheten via Open Science Framework eller motsvarade repositorier.<\/p>\n<p><strong>\u00d6verf\u00f6rs dina personuppgifter till en tredje part (utanf\u00f6r \u00c5bo Akademi) f\u00f6r behandling?<\/strong><\/p>\n<p>Ja, personuppgifterna kommer att \u00f6verf\u00f6ras f\u00f6r behandling utanf\u00f6r \u00c5bo Akademi. \u00a0Appleverant\u00f6ren KU Leuven R&amp;D behandlar datat \u00e4ven f\u00f6r sina egna \u00e4ndam\u00e5l, t.ex. utveckling av appen och f\u00f6r deras eget r\u00e4ttsskydd. Appens privacy statement <a href=\"https:\/\/m-path.io\/LegalPage\/legal.html#privacy%20app\">finns p\u00e5 den h\u00e4r l\u00e4nken<\/a> (p\u00e5 engelska).<\/p>\n<p><strong>L\u00e4mnas dina personuppgifter ut till en tredje part (utanf\u00f6r \u00c5bo Akademi) f\u00f6r den tredje partens behov?<\/strong><\/p>\n<p>Ja, personuppgifterna kommer att \u00f6verf\u00f6ras f\u00f6r behandling utanf\u00f6r \u00c5bo Akademi. \u00a0Appleverant\u00f6ren KU Leuven R&amp;D behandlar datat \u00e4ven f\u00f6r sina egna \u00e4ndam\u00e5l, t.ex. utveckling av appen och f\u00f6r deras eget r\u00e4ttsskydd. Appens privacy statement <a href=\"https:\/\/m-path.io\/LegalPage\/legal.html#privacy%20app\">finns p\u00e5 den h\u00e4r l\u00e4nken<\/a> (p\u00e5 engelska).<\/p>\n<p><strong>\u00d6verf\u00f6rs dina personuppgifter utanf\u00f6r EU\/EES?<\/strong><\/p>\n<p>Nej, personuppgifterna \u00f6verf\u00f6rs inte utanf\u00f6r EU\/EES om du inte samtycker till det. Personuppgifterna kan dock \u00a0komma att \u00f6verf\u00f6ras tillf\u00e4lligt utanf\u00f6r EU\/EES p.g.a. det verktyg som anv\u00e4nds. Om du i appen frivilligt samtycker till att M-Path analyserar hur du anv\u00e4nder appen, kan en del av dina uppgifter behandlas av med verktyget Google Analytics for Firebase, vilket eventuellt kan medf\u00f6ra att data \u00f6verf\u00f6rs utanf\u00f6r EU. Ut\u00f6ver det kommer uppgifter inte att \u00f6verf\u00f6ras.<\/p>\n<p>_____________________<\/p>\n<p><strong>Vilka r\u00e4ttigheter har du n\u00e4r \u00c5bo Akademi behandlar dina personuppgifter?<\/strong><\/p>\n<p>\u00c5bo Akademi ansvarar f\u00f6r att vidta l\u00e4mpliga tekniska och organisatoriska \u00e5tg\u00e4rder f\u00f6r att skydda personuppgifter mot obeh\u00f6rig eller olaglig behandling och mot skada p\u00e5 eller f\u00f6rlust av personuppgifter. Personuppgifter ska alltid behandlas p\u00e5 ett r\u00e4ttvist och \u00f6ppet s\u00e4tt i enlighet med g\u00e4llande dataskyddsbest\u00e4mmelser.<\/p>\n<p><strong>Enligt EU:s dataskyddsf\u00f6rordning GDPR (art. 12-22) har du r\u00e4tt att<\/strong><\/p>\n<p>&#8211; f\u00e5 klar och tydlig information om hur dina personuppgifter behandlas och hur du kan ut\u00f6va dina r\u00e4ttigheter (art. 12)<br \/>\n&#8211; f\u00e5 tillg\u00e5ng till dina personuppgifter vid \u00c5bo Akademi och information om behandlingen (art. 15)<br \/>\n&#8211; f\u00e5 dina personuppgifter korrigerade (art. 16).<br \/>\n&#8211; f\u00e5 dina uppgifter raderade (&#8221;r\u00e4tten att bli bortgl\u00f6md&#8221;) i vissa situationer (art. 17) (Kan g\u00f6ras direkt i appen.)<br \/>\n&#8211; begr\u00e4nsa behandlingen av dina personuppgifter i vissa situationer (art. 18)<br \/>\n&#8211; f\u00e5 personuppgifterna \u00f6verf\u00f6rda mellan system i vissa situationer (art. 20)<br \/>\n&#8211; inv\u00e4nda mot behandlingen av dina personuppgifter i vissa situationer (art. 21)<br \/>\n&#8211; inte bli f\u00f6rem\u00e5l f\u00f6r automatiskt beslutsfattande, med vissa undantag (art. 22)<\/p>\n<p>Du har ocks\u00e5 r\u00e4tt att bli informerad om en personuppgiftsincident som inneb\u00e4r h\u00f6g risk f\u00f6r dina personuppgifter (art. 34).<\/p>\n<p><strong>N\u00e4r \u00e4ndam\u00e5let med behandlingen \u00e4r vetenskaplig forskning<\/strong>, statistik eller arkiv\u00e4ndam\u00e5l kan r\u00e4ttigheterna vara begr\u00e4nsade med st\u00f6d av dataskyddslagen (1050\/2018). Begr\u00e4nsningar i r\u00e4ttigheterna f\u00f6ruts\u00e4tter alltid s\u00e4rskilda skydds\u00e5tg\u00e4rder.<\/p>\n<p><strong>Om du har fr\u00e5gor om dina r\u00e4ttigheter<\/strong> kan du kontakta den ansvariga kontaktpersonen (se ovan) eller \u00c5bo Akademis dataskyddsombud (<a href=\"mailto:dataskydd@abo.fi\">dataskydd@abo.fi<\/a>). Se ocks\u00e5 den \u00f6vergripande informationen om behandling av personuppgifter p\u00e5 \u00c5bo Akademis webbsidor (<a href=\"http:\/\/www.abo.fi\/dataskydd\">www.abo.fi\/dataskydd<\/a>).<\/p>\n<p><strong>Du har r\u00e4tt att framf\u00f6ra klagom\u00e5l till dataskyddsmyndigheten<\/strong> om du anser att dina personuppgifter blivit olagligt behandlade enligt EU:s dataskyddsf\u00f6rordning GDPR.<\/p>\n<p>Kontaktuppgifter till dataskyddsmyndigheten:<\/p>\n<p>Dataombudsmannens byr\u00e5<br \/>\nPB 800<br \/>\n00531 Helsingfors<br \/>\n+358 29 566 6700 (v\u00e4xel)<br \/>\n<a href=\"mailto:tietosuoja@om.fi\">tietosuoja@om.fi<\/a><br \/>\n<a href=\"https:\/\/tietosuoja.fi\/\">tietosuoja.fi<\/a><\/p>\n","protected":false},"excerpt":{"rendered":"<p>DATASKYDDSMEDDELANDE \u00a0 enligt EU:s dataskyddsf\u00f6rordning GDPR, art. 13 och 14 Meddelandet g\u00e4ller: Vetenskaplig forskning Projekt f\u00f6r att minska avst\u00e5ndet mellan akademisk intention och aktion bland finlandssvenska studerande (INTAKT)\u00a0 &nbsp; Personuppgiftsansvarig \u00c5bo Akademi Domkyrkotorget 3 20500 \u00c5bo Finland \u00c5bo Akademi \u00e4r personuppgiftsansvarig f\u00f6r de personuppgifter som samlas in och behandlas i universitetets verksamhet \u2013 i undervisning, &hellip; <a href=\"https:\/\/blogs2.abo.fi\/intakt\/dataskyddsmeddelande\/\" class=\"more-link\">Forts\u00e4tt l\u00e4sa<span class=\"screen-reader-text\"> \u201dDataskyddsmeddelande\u201d<\/span><\/a><\/p>\n","protected":false},"author":824,"featured_media":0,"parent":0,"menu_order":0,"comment_status":"closed","ping_status":"closed","template":"","meta":{"footnotes":""},"class_list":["post-87","page","type-page","status-publish","hentry"],"_links":{"self":[{"href":"https:\/\/blogs2.abo.fi\/intakt\/wp-json\/wp\/v2\/pages\/87","targetHints":{"allow":["GET"]}}],"collection":[{"href":"https:\/\/blogs2.abo.fi\/intakt\/wp-json\/wp\/v2\/pages"}],"about":[{"href":"https:\/\/blogs2.abo.fi\/intakt\/wp-json\/wp\/v2\/types\/page"}],"author":[{"embeddable":true,"href":"https:\/\/blogs2.abo.fi\/intakt\/wp-json\/wp\/v2\/users\/824"}],"replies":[{"embeddable":true,"href":"https:\/\/blogs2.abo.fi\/intakt\/wp-json\/wp\/v2\/comments?post=87"}],"version-history":[{"count":1,"href":"https:\/\/blogs2.abo.fi\/intakt\/wp-json\/wp\/v2\/pages\/87\/revisions"}],"predecessor-version":[{"id":88,"href":"https:\/\/blogs2.abo.fi\/intakt\/wp-json\/wp\/v2\/pages\/87\/revisions\/88"}],"wp:attachment":[{"href":"https:\/\/blogs2.abo.fi\/intakt\/wp-json\/wp\/v2\/media?parent=87"}],"curies":[{"name":"wp","href":"https:\/\/api.w.org\/{rel}","templated":true}]}}