{"id":78,"date":"2023-10-05T07:53:57","date_gmt":"2023-10-05T07:53:57","guid":{"rendered":"https:\/\/blogs2.abo.fi\/intakt\/?page_id=78"},"modified":"2024-06-17T10:29:10","modified_gmt":"2024-06-17T10:29:10","slug":"om-projektet","status":"publish","type":"page","link":"https:\/\/blogs2.abo.fi\/intakt\/om-projektet\/","title":{"rendered":"Om projektet"},"content":{"rendered":"<p>Projektet INTAKT handlar om prokrastinering, allts\u00e5 n\u00e4r vi skjuter upp det vi t\u00e4nkt g\u00f6ra fast\u00e4n vi vet att det har negativa konsekvenser. Under v\u00e5ren 2024 unders\u00f6ker vi vad som orsakar prokrastinering. Under h\u00f6sten kommer vi att utveckla och utv\u00e4rdera en app som ska ge st\u00f6d i situationer d\u00e5 vi prokrastinerar, och h\u00e4lpa till att minska p\u00e5 f\u00f6rekomsten av prokrastinering.<\/p>\n<p>\u00c4r du intresserad av att vara med och utveckla appen? Vi kommer under h\u00f6sten 2024 att ordna workshoppar d\u00e4r vi tillsammans diskuterar och utv\u00e4rderar m\u00f6jliga l\u00f6sningar. H\u00f6r av dig till projektledaren Daniel p\u00e5 adressen <a href=\"mailto:daniel.ventus@abo.fi\">daniel.ventus@abo.fi<\/a>!<\/p>\n<p><strong>G\u00e4stf\u00f6rel\u00e4sning om prokrastinering &#8211; uppskjutandets psykologi<\/strong><\/p>\n<p>Prokrastinerar g\u00f6r vi n\u00e4r vi skjuter upp en aktivitet trots att vi vet att det antagligen har negativa konsekvenser. Prokrastinering handlar mindre om personlighet och mer om motivation och beteendem\u00f6nster. I denna f\u00f6rel\u00e4sning riktad till b\u00e5de studerande och personal ges en \u00f6versikt kring det aktuella forskningsl\u00e4get p\u00e5 omr\u00e5det och vad vi kan f\u00f6r\u00e4ndra f\u00f6r att l\u00e4ttare f\u00e5r saker och ting gjorda \u2013 i tid. Bland annat presenteras studier p\u00e5 gr\u00e4nsdragningen mellan alldagligt uppskjutande och sv\u00e5ra problem, liksom vilka effekter som psykologisk behandling kan ge p\u00e5 prokrastinering och h\u00e4lsa.<\/p>\n<p>F\u00f6rel\u00e4sare \u00e4r Alexander Rozental som \u00e4r legitimerad psykolog (Sverige) och professor i psykologi vid Lule\u00e5 tekniska universitet. Han har tidigare arbetat vid Uppsala universitet och Karolinska institutet. Hans forskning har de senaste tio \u00e5ren handlat om att utveckla psykologisk behandling f\u00f6r prokrastinering och perfektionism.<\/p>\n<p>F\u00f6rel\u00e4sningen h\u00f6lls 7.11.2023. Projektet och kommande datainsamlingar presenteras kort i b\u00f6rjan av f\u00f6rel\u00e4sningen. Du kan se den inbandade f\u00f6rel\u00e4sningen h\u00e4r nedanf\u00f6r!<\/p>\n\n<!-- iframe plugin v.6.0 wordpress.org\/plugins\/iframe\/ -->\n<iframe loading=\"lazy\" src=\"https:\/\/panopto.abo.fi\/Panopto\/Pages\/Embed.aspx?id=d7e2d2d0-a0be-4486-a1b1-b0b30099dae3&#038;autoplay=false&#038;offerviewer=true&#038;showtitle=true&#038;showbrand=false&#038;captions=true&#038;start=0&#038;interactivity=all\" height=\"405\" width=\"720\" style=\"border: 1px solid #464646;\" 0=\"allowfullscreen\" allow=\"autoplay\" scrolling=\"yes\" class=\"iframe-class\" frameborder=\"0\"><\/iframe>\n\n<p>H\u00e4r hittar du <a href=\"http:\/\/blogs2.abo.fi\/intakt\/wp-content\/uploads\/sites\/246\/2023\/11\/Alexanders-presentation-om-prokrastinering.pdf\">Alexanders presentation om prokrastinering.<\/a><\/p>\n<p>&nbsp;<\/p>\n<p>Projektet finansieras av Svenska kulturfonden och Svenska folkskolans v\u00e4nner.<\/p>\n<p><img loading=\"lazy\" decoding=\"async\" class=\"alignnone wp-image-144\" src=\"http:\/\/blogs2.abo.fi\/intakt\/wp-content\/uploads\/sites\/246\/2023\/12\/Svenska_kulturfonden_logo_svart_transparent_RGB.png\" alt=\"\" width=\"294\" height=\"312\" srcset=\"https:\/\/blogs2.abo.fi\/intakt\/wp-content\/uploads\/sites\/246\/2023\/12\/Svenska_kulturfonden_logo_svart_transparent_RGB.png 800w, https:\/\/blogs2.abo.fi\/intakt\/wp-content\/uploads\/sites\/246\/2023\/12\/Svenska_kulturfonden_logo_svart_transparent_RGB-282x300.png 282w, https:\/\/blogs2.abo.fi\/intakt\/wp-content\/uploads\/sites\/246\/2023\/12\/Svenska_kulturfonden_logo_svart_transparent_RGB-768x816.png 768w\" sizes=\"auto, (max-width: 294px) 85vw, 294px\" \/><img loading=\"lazy\" decoding=\"async\" class=\"alignnone wp-image-145\" src=\"http:\/\/blogs2.abo.fi\/intakt\/wp-content\/uploads\/sites\/246\/2023\/12\/SFV_svart_rund_transparent_utskrift_RGB.png\" alt=\"\" width=\"160\" height=\"210\" srcset=\"https:\/\/blogs2.abo.fi\/intakt\/wp-content\/uploads\/sites\/246\/2023\/12\/SFV_svart_rund_transparent_utskrift_RGB.png 905w, https:\/\/blogs2.abo.fi\/intakt\/wp-content\/uploads\/sites\/246\/2023\/12\/SFV_svart_rund_transparent_utskrift_RGB-229x300.png 229w, https:\/\/blogs2.abo.fi\/intakt\/wp-content\/uploads\/sites\/246\/2023\/12\/SFV_svart_rund_transparent_utskrift_RGB-781x1024.png 781w, https:\/\/blogs2.abo.fi\/intakt\/wp-content\/uploads\/sites\/246\/2023\/12\/SFV_svart_rund_transparent_utskrift_RGB-768x1006.png 768w\" sizes=\"auto, (max-width: 160px) 85vw, 160px\" \/><\/p>\n","protected":false},"excerpt":{"rendered":"<p>Projektet INTAKT handlar om prokrastinering, allts\u00e5 n\u00e4r vi skjuter upp det vi t\u00e4nkt g\u00f6ra fast\u00e4n vi vet att det har negativa konsekvenser. Under v\u00e5ren 2024 unders\u00f6ker vi vad som orsakar prokrastinering. Under h\u00f6sten kommer vi att utveckla och utv\u00e4rdera en app som ska ge st\u00f6d i situationer d\u00e5 vi prokrastinerar, och h\u00e4lpa till att minska &hellip; <a href=\"https:\/\/blogs2.abo.fi\/intakt\/om-projektet\/\" class=\"more-link\">Forts\u00e4tt l\u00e4sa<span class=\"screen-reader-text\"> \u201dOm projektet\u201d<\/span><\/a><\/p>\n","protected":false},"author":824,"featured_media":0,"parent":0,"menu_order":0,"comment_status":"closed","ping_status":"closed","template":"","meta":{"footnotes":""},"class_list":["post-78","page","type-page","status-publish","hentry"],"_links":{"self":[{"href":"https:\/\/blogs2.abo.fi\/intakt\/wp-json\/wp\/v2\/pages\/78","targetHints":{"allow":["GET"]}}],"collection":[{"href":"https:\/\/blogs2.abo.fi\/intakt\/wp-json\/wp\/v2\/pages"}],"about":[{"href":"https:\/\/blogs2.abo.fi\/intakt\/wp-json\/wp\/v2\/types\/page"}],"author":[{"embeddable":true,"href":"https:\/\/blogs2.abo.fi\/intakt\/wp-json\/wp\/v2\/users\/824"}],"replies":[{"embeddable":true,"href":"https:\/\/blogs2.abo.fi\/intakt\/wp-json\/wp\/v2\/comments?post=78"}],"version-history":[{"count":18,"href":"https:\/\/blogs2.abo.fi\/intakt\/wp-json\/wp\/v2\/pages\/78\/revisions"}],"predecessor-version":[{"id":177,"href":"https:\/\/blogs2.abo.fi\/intakt\/wp-json\/wp\/v2\/pages\/78\/revisions\/177"}],"wp:attachment":[{"href":"https:\/\/blogs2.abo.fi\/intakt\/wp-json\/wp\/v2\/media?parent=78"}],"curies":[{"name":"wp","href":"https:\/\/api.w.org\/{rel}","templated":true}]}}