{"id":391,"date":"2019-11-04T15:37:42","date_gmt":"2019-11-04T13:37:42","guid":{"rendered":"http:\/\/blogs2.abo.fi\/hyvinvoivahoiva\/?page_id=391"},"modified":"2023-01-17T14:05:55","modified_gmt":"2023-01-17T12:05:55","slug":"aineistoa-material","status":"publish","type":"page","link":"https:\/\/blogs2.abo.fi\/hyvinvoivahoiva\/aineistoa-material\/","title":{"rendered":"Aineistoa | Material"},"content":{"rendered":"<h2><span style=\"color: #333399\">Hyvinvoiva hoiva verkkojulkaisu | V\u00e4lm\u00e5ende omsorg n\u00e4tpublikation<\/span><\/h2>\n<p>Osana Hyvinvoiva hoiva \u2013 V\u00e4lm\u00e5ende omsorg -hanketta ja henkil\u00f6st\u00f6n ty\u00f6pajojen tuloksena koottu verkkojulkaisu <strong><a href=\"https:\/\/blogs2.abo.fi\/hyvinvoivahoiva-opas\/\" target=\"_blank\" rel=\"noopener\"><em>Tietoa ja ty\u00f6kaluja ty\u00f6hyvinvoinnin kehitt\u00e4miseen ik\u00e4ihmisten hoivapalveluissa<\/em><\/a>.<\/strong><\/p>\n<p>N\u00e4tpublikationen<strong> <a href=\"https:\/\/blogs2.abo.fi\/hyvinvoivahoiva-guide\/\" target=\"_blank\" rel=\"noopener\"><em>V\u00e4lm\u00e5ende omsorg &#8211; kunskap och verktyg f\u00f6r utveckling av arbetsh\u00e4lsa inom \u00e4ldreomsorgssektorn<\/em><\/a>\u00a0<\/strong><\/p>\n<h2 class=\"entry-title\">Slutseminarium i Vasa 14.12.2022 kl. 12.30-16.00<\/h2>\n<div class=\"entry-content\">\n<p>12.30\u201313.00 Kaffe och presentation av slutresultatet f\u00f6r projektet Hyvinvoiva hoiva \u2013 V\u00e4lm\u00e5ende omsorg 2019\u20132022 Mona Riska och Krisse Wester\u00e9n, \u00c5bo Akademi<br \/>\nCamilla Pitk\u00e4nen, YH Novia (<a href=\"http:\/\/blogs2.abo.fi\/hyvinvoivahoiva\/wp-content\/uploads\/sites\/123\/2022\/12\/HVH-slutseminarium-14122022-inledande-show.pdf\" target=\"_blank\" rel=\"noopener\">pdf<\/a>)<\/p>\n<p>13.00\u201313.45 Lean som verktyg i ledarskapet. F\u00f6rel\u00e4sare\u00a0<strong>Siv K\u00e4ld-Aspfors <\/strong>(<a href=\"http:\/\/blogs2.abo.fi\/hyvinvoivahoiva\/wp-content\/uploads\/sites\/123\/2022\/12\/Siv-Kald-Aspfors-forelasning.pdf\" target=\"_blank\" rel=\"noopener\">pdf<\/a>)<\/p>\n<p>14.00\u201316.00 Kommunicera smart och m\u00e4nskligt som chef. F\u00f6rel\u00e4sare\u00a0<strong>Anna Bertills <\/strong>(<a href=\"http:\/\/blogs2.abo.fi\/hyvinvoivahoiva\/wp-content\/uploads\/sites\/123\/2022\/12\/Anna-Bertills-forelasning-14.12.pdf\" target=\"_blank\" rel=\"noopener\">pdf<\/a>)<\/p>\n<h2>Loppuwebinaari 8.12.2022 klo 14.00\u201316.00<\/h2>\n<p><strong>klo 14.00\u201314.15<\/strong>\u00a0Osallistava ty\u00f6hyvinvoinnin kehitt\u00e4minen \u2013 Sotehelmi\u00e4<br \/>\n<strong>Mona Riska<\/strong>\u00a0ja\u00a0<strong>Kristina Wester\u00e9n<\/strong>, hankekoordinaattorit, \u00c5bo Akademi<\/p>\n<p><strong>klo 14.15\u201314.45<\/strong>\u00a0Ty\u00f6hyvinvoinnin mittaaminen ty\u00f6hyvinvoinnin kehitt\u00e4misen l\u00e4ht\u00f6kohtana<br \/>\n<strong>Riitta-Liisa Larjovuori<\/strong>, Ty\u00f6hyvinvoinnin tutkimusryhm\u00e4, Tampereen yliopisto (<a href=\"http:\/\/blogs2.abo.fi\/hyvinvoivahoiva\/wp-content\/uploads\/sites\/123\/2022\/12\/Tyohyvinvoinnin-tietoperustainen-johtaminen-sotessa.pdf\" target=\"_blank\" rel=\"noopener\">pdf<\/a>)<\/p>\n<p><strong>klo 14.45\u201315.30<\/strong>\u00a0Ty\u00f6hyvinvoinnin johtaminen ja yhteiskehitt\u00e4minen soteuudistuksen kynnyksell\u00e4:<\/p>\n<ul>\n<li><strong>Kirsi Heikkil\u00e4-Tammi<\/strong>, Ty\u00f6hyvinvoinnin tutkimusryhm\u00e4, Tampereen yliopisto<\/li>\n<li><strong>Elina Flemming<\/strong>,\u00a0<strong>P\u00e4ivi Mantere<\/strong>\u00a0ja\u00a0<strong>Jenna Pennanen<\/strong>, Laureaammattikorkeakoulu<\/li>\n<li><strong>Camilla Pitk\u00e4nen<\/strong>\u00a0ja\u00a0<strong>Sirkku S\u00e4\u00e4tel\u00e4<\/strong>, Novia ammattikorkeakoulu<\/li>\n<li><strong>Kristina Wester\u00e9n<\/strong>, \u00c5bo Akademi<\/li>\n<\/ul>\n<p><a href=\"http:\/\/blogs2.abo.fi\/hyvinvoivahoiva\/wp-content\/uploads\/sites\/123\/2022\/12\/Loppuwebinaari-8.12.2022-AA_Tuni_Laurea_Novia.pdf\" target=\"_blank\" rel=\"noopener\">Loppuwebinaari 8.12.2022 \u00c5A_Tuni_Laurea_Novia esitys (pdf)<\/a><\/p>\n<p><a href=\"https:\/\/panopto.abo.fi\/Panopto\/Pages\/Viewer.aspx?id=39f5b97f-61ba-4801-a80a-af7800a70bd6\" target=\"_blank\" rel=\"noopener\">Loppuwebinaarin videotallenne<\/a><\/p>\n<p><strong>klo 15.30\u201315.50<\/strong>\u00a0Ik\u00e4ihmisten hoivapalveluiden tulevaisuudenn\u00e4kymi\u00e4<br \/>\n<strong>Kristiina Hellst\u00e9n<\/strong>, Turun kaupungin kaupunginvaltuuston j\u00e4sen, Varsinais-Suomen hyvinvointialueen aluehallituksen j\u00e4sen (<a href=\"http:\/\/blogs2.abo.fi\/hyvinvoivahoiva\/wp-content\/uploads\/sites\/123\/2022\/12\/HVHwebinaari_Hellsten.pdf\" target=\"_blank\" rel=\"noopener\">pdf<\/a>)<\/p>\n<p><strong>klo 15.50\u201316.00<\/strong> Loppukeskustelu<\/p>\n<\/div>\n<h2>Soteliiderit &amp; Hyvinvoiva hoiva &#8211; V\u00e4lm\u00e5ende omsorg -hankkeiden yhteinen loppuwebinaari 8.11.2022\u00a0 &#8211; Itseohjautuvuus sote-ty\u00f6ss\u00e4<\/h2>\n<ul>\n<li>Avaussanat, Ville Rautio &amp; Iikka Niinimaa, Soteliiderit-hanke (<a href=\"http:\/\/blogs2.abo.fi\/hyvinvoivahoiva\/wp-content\/uploads\/sites\/123\/2022\/12\/Itseohjautuvuus-HH_Soteliiderit_8.11.2022.pdf\" target=\"_blank\" rel=\"noopener\">pdf<\/a>)<\/li>\n<li>Itseohjautuvuuden mahdollisuudet sote-alalla, Riitta-Liisa Larjovuori,<br \/>\nprojektip\u00e4\u00e4llikk\u00f6, Tampereen yliopisto, Hyvinvoiva hoiva -hanke (<a href=\"http:\/\/blogs2.abo.fi\/hyvinvoivahoiva\/wp-content\/uploads\/sites\/123\/2022\/12\/Itseohjautuvuus-ja-sote_Larjovuori.pdf\" target=\"_blank\" rel=\"noopener\">pdf<\/a>)<\/li>\n<li>Millaista itseohjautuvampi ty\u00f6 voisi olla? Esihenkil\u00f6iden n\u00e4kemyksi\u00e4 ja<br \/>\nkeskustelua, keskustelemassa Heini Askola, palvelup\u00e4\u00e4llikk\u00f6,<br \/>\nKirkkonummen kunta ja Maritta Wasstr\u00f6m, palveluvastaava, Betesda-s\u00e4\u00e4ti\u00f6<\/li>\n<\/ul>\n<div class=\"entry-content\">\n<h2 class=\"entry-title\">Webinaarit kev\u00e4\u00e4ll\u00e4 2022<\/h2>\n<\/div>\n<p><strong>Torstai 17.3. klo 13.00\u201314.30<\/strong><\/p>\n<p><strong>Yhteis\u00f6ohjautuvuuden mahdollisuudet hoiva-alan ty\u00f6ss\u00e4<\/strong><\/p>\n<ul>\n<li>Sopiiko yhteis\u00f6ohjautuvuus hoivaty\u00f6h\u00f6n ja mit\u00e4 hy\u00f6ty\u00e4 siit\u00e4 voisi olla?<\/li>\n<li>Miten toimii yhteis\u00f6ohjautuva tiimi tai ty\u00f6yhteis\u00f6?<\/li>\n<li>Millaiset ty\u00f6ntekij\u00e4n taidot ja valmiudet tukevat yhteis\u00f6ohjautuvuutta?<\/li>\n<li>Miten johtaa itse- ja yhteis\u00f6ohjautuvampaa ty\u00f6t\u00e4? Mik\u00e4 on esihenkil\u00f6n rooli?<\/li>\n<\/ul>\n<p><strong>Luentomateriaalit<\/strong>:<\/p>\n<ul>\n<li>Tutkimusjohtaja <strong>Kirsi Heikkil\u00e4-Tammi<\/strong>, <em>Yhteis\u00f6ohjautuvuutta tukeva johtaminen<\/em> (<a href=\"http:\/\/blogs2.abo.fi\/hyvinvoivahoiva\/wp-content\/uploads\/sites\/123\/2022\/03\/KH-T-Yhteisoohjautuvuutta-tukeva-johtaminen17.3.2022.pdf\" target=\"_blank\" rel=\"noopener\">pdf<\/a>) (<a href=\"https:\/\/panopto.abo.fi\/Panopto\/Pages\/Viewer.aspx?id=d0cdc1b3-f648-4bd0-826a-aeb600b0aad3\" target=\"_blank\" rel=\"noopener\">video<\/a>)<\/li>\n<li>Tutkija <strong>Riitta-Liisa Larjovuori<\/strong>, <em>Yhteis\u00f6ohjautuvuuden mahdollisuudet hoivapalveluissa<\/em> (<a href=\"http:\/\/blogs2.abo.fi\/hyvinvoivahoiva\/wp-content\/uploads\/sites\/123\/2022\/03\/Yhteisoohjautuvuus-hoivapalveluissa_Larjovuori-17032022.pdf\" target=\"_blank\" rel=\"noopener\">pdf<\/a>) (<a href=\"https:\/\/panopto.abo.fi\/Panopto\/Pages\/Viewer.aspx?id=4b2fd8a0-7bb6-49db-ad55-aeb600b0aac5\" target=\"_blank\" rel=\"noopener\">video<\/a>)<\/li>\n<li>Tutkija <strong>Ismo Kinnari<\/strong>, <em>Millaiset ty\u00f6ntekij\u00e4n taidot ja valmiudet tukevat yhteis\u00f6ohjautuvuutta?<\/em> (<a href=\"http:\/\/blogs2.abo.fi\/hyvinvoivahoiva\/wp-content\/uploads\/sites\/123\/2022\/03\/Ismo-Kinnari-Millaiset-tyontekijan-taidot-ja-valmiudet-tukevat-yhteisoohjautuvuutta-17032022.pdf\" target=\"_blank\" rel=\"noopener\">pdf<\/a>) (<a href=\"https:\/\/panopto.abo.fi\/Panopto\/Pages\/Viewer.aspx?id=966cdd17-3c6c-458f-9bd4-aeb600b0aac9\" target=\"_blank\" rel=\"noopener\">video<\/a>)<\/li>\n<\/ul>\n<p>Ty\u00f6hyvinvoinnin tutkimusryhm\u00e4, Tampereen yliopisto<\/p>\n<p><strong>Torstai 7.4. klo 13.00\u201314.30<\/strong><\/p>\n<p>Luento-osuus: Ty\u00f6n kehitt\u00e4minen k\u00e4yt\u00e4nn\u00f6ss\u00e4 Lean menetelmin\u00a0<a style=\"color: #ff4b33\" href=\"http:\/\/blogs2.abo.fi\/hyvinvoivahoiva\/wp-content\/uploads\/sites\/123\/2022\/04\/Webinaari-7.4.2022-final_.pdf\" target=\"_blank\" rel=\"noopener\">(pdf)<\/a> \u00a0<a style=\"color: #ff4b33\" href=\"https:\/\/panopto.abo.fi\/Panopto\/Pages\/Viewer.aspx?id=b88316e8-4917-45e8-830d-aeb500f4af33\" target=\"_blank\" rel=\"noopener\">(video<\/a>)<\/p>\n<p><strong>Ty\u00f6n kehitt\u00e4minen Leanin avulla &#8211; E<\/strong><strong>simerkkej\u00e4 hoivaty\u00f6n arjesta<\/strong><\/p>\n<ul>\n<li>Miten ty\u00f6n\u00a0kehitt\u00e4misell\u00e4 voidaan vaikuttaa ty\u00f6hyvinvointiin? Miksi hy\u00f6dynt\u00e4\u00e4 Leani\u00e4?<\/li>\n<li>Kehitt\u00e4misprosessi Hyvinvoiva hoiva -hankkeessa ja keskeiset tunnistetut arjen kehitt\u00e4mishaasteet hoivayksik\u00f6iss\u00e4<\/li>\n<li>Kokemuksia ja k\u00e4yt\u00e4nn\u00f6n esimerkkej\u00e4 Lean-menetelmien k\u00e4yt\u00f6st\u00e4 hoivaty\u00f6t\u00e4 kehitett\u00e4ess\u00e4<\/li>\n<\/ul>\n<p>Johtaja <strong>Elina Flemming<\/strong>, lehtori <strong>P\u00e4ivi Mantere<\/strong>, hankeasiantuntija <strong>Jenna Pennanen<\/strong>, Laurea-ammattikorkeakoulu<\/p>\n<p>Hankeasiantuntija <strong>Carina G\u00e4dda<\/strong>, hankeasiantuntija<strong> Camilla Pitk\u00e4nen<\/strong>, lehtori <strong>Sirkku S\u00e4\u00e4tel\u00e4<\/strong>, Novia-ammattikorkeakoulu<\/p>\n<p><strong>Torstai 5.5. klo 13.00\u201314.30<\/strong><\/p>\n<p>Luento-osuuden materiaali: <a href=\"http:\/\/blogs2.abo.fi\/hyvinvoivahoiva\/wp-content\/uploads\/sites\/123\/2022\/05\/Webinaari-5.5.-Me-ollaan-kokeiltu-toi-jo.pdf\" target=\"_blank\" rel=\"noopener\">Webinaari 5.5. Me ollaan kokeiltu toi jo<\/a><\/p>\n<p><strong>\u201dMe ollaan kokeiltu toi jo\u201d \u2013 Kokeilukulttuuria vahvistamalla tukea ty\u00f6hyvinvointiin<\/strong><\/p>\n<ul>\n<li>Miten yhteiskehitt\u00e4minen, innostunut ideointi ja fasilitointi tukevat muutoskokeiluja?<\/li>\n<li>Kokemuksia ja k\u00e4yt\u00e4nn\u00f6n esimerkkej\u00e4 kokeilukulttuurista hoivaty\u00f6ss\u00e4<\/li>\n<li>Keskustelua teemalla: Miten rohkaista kokeiluihin?<\/li>\n<\/ul>\n<p><em>\u00a0<\/em>Johtaja\u00a0<strong>Elina Flemming<\/strong>, lehtori\u00a0<strong>P\u00e4ivi Mantere<\/strong>, hankeasiantuntija\u00a0<strong>Jenna Pennanen<\/strong>, Laurea-ammattikorkeakoulu<\/p>\n<p>Hankeasiantuntija\u00a0<strong>Carina G\u00e4dda<\/strong>, hankeasiantuntija<strong>\u00a0Camilla Pitk\u00e4nen<\/strong>, lehtori\u00a0<strong>Sirkku S\u00e4\u00e4tel\u00e4<\/strong>, Novia-ammattikorkeakoulu<\/p>\n<p>Kehitt\u00e4miskoordinaattori\u00a0<strong>Tamara Bj\u00f6rkqvist<\/strong>, Sosiaalitaito<\/p>\n<p><em>Kev\u00e4\u00e4n 2022 webinaarit j\u00e4rjestettiin yhteisty\u00f6ss\u00e4 Sosiaalitaidon kanssa.<\/em><\/p>\n<h2><span style=\"color: #333399\">Webinaarit &#8211; syksy 2021 | Webbinarier &#8211; h\u00f6sten 2021<\/span><\/h2>\n<p><strong>3.11.2021<\/strong>\u00a0k<strong>lo 14.00-15.30<\/strong><br \/>\n<em><strong>Itseohjautuvuudesta ty\u00f6hyvinvointia hoivaty\u00f6h\u00f6n?<br \/>\n<\/strong><\/em><\/p>\n<p><em>Millaiset taidot auttavat toimimaan itseohjautuvassa organisaatiossa?<\/em><br \/>\n<strong>Riitta-Liisa Larjovuori<\/strong>, projektip\u00e4\u00e4llikk\u00f6, Ty\u00f6hyvinvoinnin tutkimusryhm\u00e4, Tampereen yliopisto (<a href=\"http:\/\/blogs2.abo.fi\/hyvinvoivahoiva\/wp-content\/uploads\/sites\/123\/2021\/11\/Larjovuori-03112021-ppt.pdf\">pdf<\/a>)(video)<\/p>\n<p><em>Ty\u00f6hyvinvoinnin elementtej\u00e4 itseohjautuvassa organisaatiossa<br \/>\n<\/em><strong>Ismo Kinnari<\/strong>, tutkija, Ty\u00f6hyvinvoinnin tutkimusryhm\u00e4, Tampereen yliopisto (<a href=\"http:\/\/blogs2.abo.fi\/hyvinvoivahoiva\/wp-content\/uploads\/sites\/123\/2022\/04\/webinaari-03112021-Ismo-Kinnari.pdf\">pdf<\/a>)(<a href=\"https:\/\/panopto.abo.fi\/Panopto\/Pages\/Viewer.aspx?id=56d33b0d-9bb6-4112-849b-ae6600d4228b\" target=\"_blank\" rel=\"noopener\">video<\/a>)<\/p>\n<p>Paneelikeskustelu:\u00a0<em>Itseohjautuvuudesta l\u00e4\u00e4ke hoiva-alan haasteisiin?<\/em><br \/>\n<strong>Kati Toikka<\/strong>, henkil\u00f6st\u00f6n kehitt\u00e4misp\u00e4\u00e4llikk\u00f6, J\u00e4rvenp\u00e4\u00e4n kaupunki<br \/>\n<strong>Katja Koski<\/strong>, FT, johtava puheterapeutti, \u00c4\u00e4nnekoulu<br \/>\n<strong>Elisa Hyv\u00e4rinen<\/strong>, sh, valmistelee YAMK-opinn\u00e4ytety\u00f6t\u00e4 itseohjautuvuudesta hoitoty\u00f6ss\u00e4<\/p>\n<p><strong>6.10.2021 Kreativitet och konst som arbetsmetod f\u00f6r personcentrerad v\u00e5rd och arbetstagarnas v\u00e4lm\u00e5ende<\/strong><br \/>\n<strong>Heli Vaartio-Rajalin<\/strong>, bitr. professor inom gerontologisk v\u00e5rd, \u00c5bo Akademi (<a href=\"http:\/\/blogs2.abo.fi\/hyvinvoivahoiva\/wp-content\/uploads\/sites\/123\/2021\/11\/Vaartio-Rajalin-06102021-ppt.pdf\" target=\"_blank\" rel=\"noopener\">pdf<\/a>)<br \/>\n<strong>Pamela Jokisalo<\/strong>, doktorand inom h\u00e4lsovetenskaper, \u00c5bo Akademi (<a href=\"http:\/\/blogs2.abo.fi\/hyvinvoivahoiva\/wp-content\/uploads\/sites\/123\/2021\/10\/Kreativ-vardkonst-webbinarium-06102021-Jokisalo-Pamela.pdf\" target=\"_blank\" rel=\"noopener\">pdf<\/a>)(<a href=\"https:\/\/panopto.abo.fi\/Panopto\/Pages\/Viewer.aspx?id=43b3aa5d-36d9-4134-9aef-adc70064b4d6\" target=\"_blank\" rel=\"noopener\">video<\/a>)<\/p>\n<h2><span style=\"color: #333399\">Webbinarier &#8211; v\u00e5ren 2021<\/span><\/h2>\n<p><strong>3.6.2021 V\u00e4lf\u00e4rdsteknologi &#8211; dagens melodi<\/strong><br \/>\nPresentation av examensstuderande vid YH Novia (<a href=\"http:\/\/blogs2.abo.fi\/hyvinvoivahoiva\/wp-content\/uploads\/sites\/123\/2021\/06\/Guide-on-the-Go-presentation.pdf\">pdf<\/a>)<br \/>\n<a href=\"http:\/\/gotg.nicepage.io\/\" target=\"_blank\" rel=\"noopener\">Guide on the Go &#8211; En handbok i v\u00e4lf\u00e4rdsteknologi f\u00f6r personalen i hemv\u00e5rden<\/a><br \/>\n<span style=\"color: #000080\">(<a href=\"https:\/\/panopto.abo.fi\/Panopto\/Pages\/Viewer.aspx?id=e8c051cb-17ae-4350-be8f-ad4000adaa3c\" target=\"_blank\" rel=\"noopener\">video<\/a>)<\/span><\/p>\n<p><strong>26.5.2021\u00a0 Samarbete och bem\u00f6tande av varandra p\u00e5 arbetsplatsen<\/strong><br \/>\n\u2013 Hur vi ska arbeta tillsammans, kommunicera och hantera konflikter.<br \/>\n<strong>Annika Tidstr\u00f6m<\/strong>, professor i f\u00f6retagande vid Vasa universitet <a href=\"http:\/\/blogs2.abo.fi\/hyvinvoivahoiva\/wp-content\/uploads\/sites\/123\/2021\/06\/CLL_samarbete-och-konflikt-maj-2021.pdf\" target=\"_blank\" rel=\"noopener\">(pdf)<\/a><\/p>\n<p><strong>28.4.2021 Service design i ett n\u00f6tskal \u2013 principer, verktyg, m\u00f6jligheter<\/strong><br \/>\n<strong>Elina Vartama<\/strong>, formgivare, yrkesl\u00e4rare, pedagogie magister, lektor vid Yrkesh\u00f6gskolan Novia (<a href=\"http:\/\/blogs2.abo.fi\/hyvinvoivahoiva\/wp-content\/uploads\/sites\/123\/2021\/05\/presentation-28042021-Elina-Vartama.pdf\" target=\"_blank\" rel=\"noopener\">pdf<\/a>) (<a href=\"https:\/\/panopto.abo.fi\/Panopto\/Pages\/Viewer.aspx?id=4e9b420b-3cf6-47f1-a3d1-ad1e007fee29\" target=\"_blank\" rel=\"noopener\">video<\/a>)<\/p>\n<p><strong>28.4.2021 Developing Self-managed Teams through Service Design Methods<\/strong><br \/>\n<strong>Magdalene Awahnde<\/strong>, Master of Business Administration, Lead nurse, City of Helsinki (<a href=\"http:\/\/blogs2.abo.fi\/hyvinvoivahoiva\/wp-content\/uploads\/sites\/123\/2021\/05\/presentation-28042021-Magdalene-Awahnde.pdf\" target=\"_blank\" rel=\"noopener\">pdf<\/a>) (<a href=\"https:\/\/www.youtube.com\/watch?v=jNujKBX8yPM\" target=\"_blank\" rel=\"noopener\">video<\/a>)<\/p>\n<h2><span style=\"color: #333399\">Webinaarit &#8211; syksy 2020<\/span><\/h2>\n<p><strong>Visuaalinen johtaminen ty\u00f6hyvinvoinnin edist\u00e4j\u00e4n\u00e4<\/strong><\/p>\n<p><strong>26.11.2020 Elina Flemming, P\u00e4ivi Mantere<\/strong> ja <strong>Jenna Pennanen<\/strong>, Laurea-ammattikorkea-koulu, Hyvinvoiva hoiva -hankkeesta (<a href=\"http:\/\/blogs2.abo.fi\/hyvinvoivahoiva\/wp-content\/uploads\/sites\/123\/2020\/12\/Webinaarin-26.11.20-diaesitys.pdf\" target=\"_blank\" rel=\"noopener noreferrer\">pdf<\/a>)<br \/>\n<strong>Anne Susiluoto<\/strong>, palveluesimies, Lean valmentaja, tuotekehitt\u00e4j\u00e4 (<a href=\"http:\/\/blogs2.abo.fi\/hyvinvoivahoiva\/wp-content\/uploads\/sites\/123\/2020\/12\/Visuaalinen-johtaminen-ty\u00f6hyvinvoinnin-edist\u00e4j\u00e4n\u00e4-26.11.2020-Susiluoto.pdf\" target=\"_blank\" rel=\"noopener noreferrer\">pdf)<\/a> (<a href=\"https:\/\/espoo365-my.sharepoint.com\/:v:\/g\/personal\/anne_susiluoto_espoo_fi\/ESyRq0zb5D5Oii8FP0k3gkoB7GkVx2kds310gkBsHFPwVg?e=XndPCd\" target=\"_blank\" rel=\"noopener noreferrer\">video<\/a>) (<a href=\"https:\/\/www.youtube.com\/watch?v=4BzNp8NDha4&amp;t=161s\" target=\"_blank\" rel=\"noopener noreferrer\">tekstitetty video<\/a>)<\/p>\n<p><strong>Ty\u00f6hyvinvoinnin johtamisen ja johtamisosaamisen kehitt\u00e4mistarpeita sosiaali- ja\u00a0terveysalan organisaatioissa<\/strong><\/p>\n<p><strong>16.11.2020 Sirpa Syv\u00e4nen<\/strong>, dosentti, Tampereen yliopisto, Ty\u00f6el\u00e4m\u00e4n tutkimuskeskus ja <strong>Kaija Loppela,<\/strong> yliopettaja, Sein\u00e4joen ammattikorkeakoulu, Sosiaali- ja terveysala (<a href=\"http:\/\/blogs2.abo.fi\/hyvinvoivahoiva\/wp-content\/uploads\/sites\/123\/2020\/11\/HyvinVoivaHoiva_webinaarin_luento_16112020.pdf\" target=\"_blank\" rel=\"noopener noreferrer\">pdf<\/a>)<\/p>\n<p><strong>Ty\u00f6hyvinvointi ik\u00e4ihmisten hoivapalveluissa<\/strong><\/p>\n<p><strong>29.10.2020 Kirsi Heikkil\u00e4-Tammi, <\/strong>tutkimusjohtaja, Tampereen yliopisto, Ty\u00f6hyvinvoinnin tutkimusryhm\u00e4<\/p>\n<ul>\n<li>Luento: <em>Mist\u00e4 oikein puhumme, kun puhumme ty\u00f6hyvinvoinnista?<\/em> (<a href=\"http:\/\/blogs2.abo.fi\/hyvinvoivahoiva\/wp-content\/uploads\/sites\/123\/2020\/11\/Webinaari29.1020lisenssill\u00e4.pdf\" target=\"_blank\" rel=\"noopener noreferrer\">pdf<\/a>) (<a href=\"https:\/\/aboakademi.zoom.us\/rec\/share\/lLJJBUyNS29hltXjhhh2DzgVyHnJRkcocPVQjQW2S69FKu7P_o-fSYyosywMWMXI.zXt6GUwHMSwn020R?startTime=1603969774000\" target=\"_blank\" rel=\"noopener noreferrer\">video<\/a>) (<a href=\"https:\/\/www.youtube.com\/watch?v=ydxtIGFGbeg\" target=\"_blank\" rel=\"noopener noreferrer\">tekstitetty video<\/a>)<\/li>\n<\/ul>\n<h2><span style=\"color: #333399\"><br \/>\nSeminarium 14.11.2019, Vasa| Seminaari 14.11.2019, Vaasa<\/span><\/h2>\n<p><strong>B\u00e4ttre arbetsh\u00e4lsa med hj\u00e4lp av Lean | Paranna ty\u00f6hyvinvointia lean-menetelmin!<\/strong><\/p>\n<ul>\n<li><strong>Kirsi Heikkil\u00e4-Tammi<\/strong> <em>Mist\u00e4 oikein puhumme, kun puhummme ty\u00f6hyvinvoinnista?\u00a0<\/em>(<a href=\"http:\/\/blogs2.abo.fi\/hyvinvoivahoiva\/wp-content\/uploads\/sites\/123\/2019\/11\/Ty\u00f6hyvinvointiluentoVaasa14.11-Heikkil\u00e4_Tammi.pdf\" target=\"_blank\" rel=\"noopener noreferrer\">pdf<\/a>) (<a href=\"https:\/\/youtu.be\/LfPd5haddwY\" target=\"_blank\" rel=\"noopener noreferrer\">videoluento<\/a>)<\/li>\n<li><strong>Bengt Sav\u00e9n<\/strong> <em>F\u00f6rb\u00e4ttra, leda och skapa laganda med Lean\u00a0<\/em>(<a href=\"http:\/\/blogs2.abo.fi\/hyvinvoivahoiva\/wp-content\/uploads\/sites\/123\/2019\/11\/LEDARSTEGEN-191114-NOVIA-CLL_B-Saven_Fsh.pdf\" target=\"_blank\" rel=\"noopener noreferrer\">pdf<\/a>) (<a href=\"https:\/\/youtu.be\/BTwkUj5iO7c\" target=\"_blank\" rel=\"noopener noreferrer\">videof\u00f6rel\u00e4sning<\/a>)<\/li>\n<\/ul>\n<h2><span style=\"color: #333399\"><br \/>\nTuloksia | Resultat<\/span><\/h2>\n<p>Pilottiyksik\u00f6iden nykytilan kartoituksen tulokset (kev\u00e4t 2019).<br \/>\n<a href=\"http:\/\/blogs2.abo.fi\/hyvinvoivahoiva\/wp-content\/uploads\/sites\/123\/2019\/11\/Hyvinvoiva-hoiva_nykytilan-kartoituksen-tulokset.pdf\">Hyvinvoiva hoiva_nykytilan kartoituksen tulokset.<\/a> (pdf)<\/p>\n<p><a href=\"https:\/\/aboakademi.zoom.us\/recording\/play\/9SkPOx5VL9YLL8VtQuUeC0g_9RGGxqQKluRsCw1skWXrzbHVdQZ_rkktVfXO_pom\">Tulokset \u00e4\u00e4nitteen\u00e4<\/a>, Tampereen yliopiston ty\u00f6hyvinvoinnin tutkimusryhm\u00e4n suunnittelija <strong>Kirsi Nurmisen<\/strong>, esitt\u00e4min\u00e4. <a href=\"https:\/\/youtu.be\/5Au2tKFCJEE\" target=\"_blank\" rel=\"noopener\">Tulosten esittely -\u00e4\u00e4nite tekstitettyn\u00e4 (youtube)<\/a>.<\/p>\n<p>T\u00e4ll\u00e4 sivulla jaamme Hyvinvoiva hoiva \u2013 V\u00e4lm\u00e5ende omsorg-hankkeen yhteydess\u00e4 tuotettua tai esitetty\u00e4 aineistoa.<\/p>\n<p>H\u00e4r delar vi material som framst\u00e4llts eller presenterats under Hyvinvoiva hoiva \u2013 V\u00e4lm\u00e5ende omsorg-projektets g\u00e5ng.<\/p>\n","protected":false},"excerpt":{"rendered":"<p>Hyvinvoiva hoiva verkkojulkaisu | V\u00e4lm\u00e5ende omsorg n\u00e4tpublikation Osana Hyvinvoiva hoiva \u2013 V\u00e4lm\u00e5ende omsorg -hanketta ja henkil\u00f6st\u00f6n ty\u00f6pajojen tuloksena koottu verkkojulkaisu Tietoa ja ty\u00f6kaluja ty\u00f6hyvinvoinnin kehitt\u00e4miseen ik\u00e4ihmisten hoivapalveluissa. N\u00e4tpublikationen V\u00e4lm\u00e5ende omsorg &#8211; kunskap och verktyg f\u00f6r utveckling av arbetsh\u00e4lsa inom \u00e4ldreomsorgssektorn\u00a0 &hellip; <a href=\"https:\/\/blogs2.abo.fi\/hyvinvoivahoiva\/aineistoa-material\/\">Forts\u00e4tt l\u00e4sa <span class=\"meta-nav\">&rarr;<\/span><\/a><\/p>\n","protected":false},"author":469,"featured_media":0,"parent":0,"menu_order":0,"comment_status":"closed","ping_status":"closed","template":"","meta":{"footnotes":""},"class_list":["post-391","page","type-page","status-publish","hentry"],"_links":{"self":[{"href":"https:\/\/blogs2.abo.fi\/hyvinvoivahoiva\/wp-json\/wp\/v2\/pages\/391","targetHints":{"allow":["GET"]}}],"collection":[{"href":"https:\/\/blogs2.abo.fi\/hyvinvoivahoiva\/wp-json\/wp\/v2\/pages"}],"about":[{"href":"https:\/\/blogs2.abo.fi\/hyvinvoivahoiva\/wp-json\/wp\/v2\/types\/page"}],"author":[{"embeddable":true,"href":"https:\/\/blogs2.abo.fi\/hyvinvoivahoiva\/wp-json\/wp\/v2\/users\/469"}],"replies":[{"embeddable":true,"href":"https:\/\/blogs2.abo.fi\/hyvinvoivahoiva\/wp-json\/wp\/v2\/comments?post=391"}],"version-history":[{"count":99,"href":"https:\/\/blogs2.abo.fi\/hyvinvoivahoiva\/wp-json\/wp\/v2\/pages\/391\/revisions"}],"predecessor-version":[{"id":803,"href":"https:\/\/blogs2.abo.fi\/hyvinvoivahoiva\/wp-json\/wp\/v2\/pages\/391\/revisions\/803"}],"wp:attachment":[{"href":"https:\/\/blogs2.abo.fi\/hyvinvoivahoiva\/wp-json\/wp\/v2\/media?parent=391"}],"curies":[{"name":"wp","href":"https:\/\/api.w.org\/{rel}","templated":true}]}}