{"id":596,"date":"2021-04-06T07:00:44","date_gmt":"2021-04-06T07:00:44","guid":{"rendered":"http:\/\/blogs2.abo.fi\/hyvinvoivahoiva-opas\/?page_id=596"},"modified":"2021-04-21T11:17:28","modified_gmt":"2021-04-21T11:17:28","slug":"sukupuolten-moninaisuuteen-liittyvien-kasitteiden-maaritelmia","status":"publish","type":"page","link":"https:\/\/blogs2.abo.fi\/hyvinvoivahoiva-opas\/moninaisuus-voimavarana-hoivatyossa\/sukupuolten-moninaisuuteen-liittyvien-kasitteiden-maaritelmia\/","title":{"rendered":"Sukupuolten moninaisuus ik\u00e4ihmisten hoivapalveluissa"},"content":{"rendered":"<p><strong>Kooste: Mona Riska, Centret f\u00f6r livsl\u00e5ngt l\u00e4rade vid \u00c5bo Akademi<\/strong><\/p>\n<p>Yhdenvertaisuuslaki kielt\u00e4\u00e4 sukupuoli-identiteettiin tai seksuaaliseen suuntautumiseen perustuvan syrjinn\u00e4n.<\/p>\n<p>Nykyisen arvion mukaan noin kymmenen prosenttia Suomen v\u00e4est\u00f6st\u00e4 kuuluu johonkin sukupuoli- tai seksuaaliv\u00e4hemmist\u00f6\u00f6n. T\u00e4h\u00e4n v\u00e4hemmist\u00f6\u00f6n kuuluu moninainen joukko ihmisi\u00e4, joiden seksuaalinen suuntautuminen tai k\u00e4sitys omasta sukupuoli-identiteetist\u00e4 poikkeaa yhteiskunnan vallitsevasta normista. Sukupuoliv\u00e4hemmist\u00f6ihin kuuluvia ik\u00e4ihmisi\u00e4 kutsutaan usein sateenkaarisenioreiksi, ja he edustavat koko yhteiskunnassa esiintyv\u00e4\u00e4 seksuaalisen moninaisuuden kirjoa.<\/p>\n<p>Sateenkaarisenioreita on ollut aina my\u00f6s ik\u00e4ihmisten hoivapalveluissa asiakkaina, mutta he ovat aiemmin olleet enemm\u00e4n tai v\u00e4hemm\u00e4n n\u00e4kym\u00e4t\u00f6n v\u00e4hemmist\u00f6. Viime vuosina sateenkaariseniorit on alettu huomioida omana ryhm\u00e4n\u00e4\u00e4n ik\u00e4ihmisten hoivapalveluissa. Sateenkaariseniorit saattavat olla riippuvaisempia yhteiskunnan hoivapalveluista, sill\u00e4 heill\u00e4 ei kaikilla ole lapsia tarjoamassa tukea ja apua. Perhe- ja sukulaisuussuhteet saattavat my\u00f6s olla katkenneet l\u00e4heisten torjuvan suhtautumisen takia. Monet sateenkaariseniorit ovat lis\u00e4ksi el\u00e4m\u00e4ns\u00e4 aikana kokeneet sek\u00e4 syrjint\u00e4\u00e4 ett\u00e4 ep\u00e4asiallista kohtelua. Suomen lains\u00e4\u00e4d\u00e4nn\u00f6ss\u00e4 homoseksuaalisuus m\u00e4\u00e4riteltiin aiemmin jopa rangaistavaksi, ja l\u00e4\u00e4ketieteen piiriss\u00e4 homoseksuaalisuutta pidettiin pitk\u00e4\u00e4n sairautena.<\/p>\n<p>Heteroseksuaalisuus on yhteiskunnassamme yh\u00e4 vallitseva normi. Kohdatessamme uuden ihmisen oletamme usein, ett\u00e4 h\u00e4n on joko mies tai nainen ja ett\u00e4 h\u00e4n tuntee vetoa vastakkaiseen sukupuoleen. Kohdatessamme homoseksuaaliksi itse\u00e4\u00e4n kutsuvan henkil\u00f6n koemme usein tiet\u00e4m\u00e4tt\u00f6myytt\u00e4, joka johtaa ennakkoluuloiseen suhtautumiseen henkil\u00f6\u00e4 kohtaan. Oletamme my\u00f6s usein virheellisesti, ett\u00e4 kaikki homoseksuaalit ovat samanlaisia ja ett\u00e4 heill\u00e4 on samat kiinnostuksenkohteet ja sama el\u00e4m\u00e4nkatsomus. On hyv\u00e4 muistaa, ett\u00e4 moninaisuus leimaa my\u00f6s sateenkaarisenioreja ryhm\u00e4n\u00e4.<\/p>\n<h5>Sukupuolten moninaisuutta ja seksuaalisuutta ik\u00e4ihmisten hoivapalveluissa k\u00e4sittelevi\u00e4 artikkeleita<\/h5>\n<ul>\n<li><a href=\"https:\/\/yle.fi\/uutiset\/3-7990005\" target=\"_blank\" rel=\"noopener\">Ylen artikkeli ik\u00e4ihmisten seksuaalisuuden kohtaamisesta hoivapalveluissa. <em>Vanhusten seksuaalisuus: Luunappeja ja hygieniahaalareita<\/em>\u00a0-artikkeli avautuu uuteen v\u00e4lilehteen.<\/a><\/li>\n<li><a href=\"https:\/\/yle.fi\/uutiset\/3-9338555\" target=\"_blank\" rel=\"noopener\">Ylen artikkeli sateenkaarisenioreista hoivapalveluissa. <em>Sateenkaariseniorit Leena ja Jaana: &#8220;Pelko on, ett\u00e4 vanhainkodissa joutuu takaisin kaappiin&#8221;<\/em>\u00a0-artikkeli avautuu utteen v\u00e4lilehteen.<\/a><\/li>\n<\/ul>\n<h5>Seta ry:n videomateriaalia ik\u00e4ihmisten yhdenvertaisesta kohtelusta<\/h5>\n<p><strong>Yhdenvertainen vanhuus: Haluaisin pysty\u00e4 kertomaan (2014):<\/strong><\/p>\n<p><iframe loading=\"lazy\"  id=\"_ytid_55577\"  width=\"580\" height=\"326\"  data-origwidth=\"580\" data-origheight=\"326\" src=\"https:\/\/www.youtube.com\/embed\/yV2cB9FMXoA?enablejsapi=1&#038;autoplay=0&#038;cc_load_policy=0&#038;cc_lang_pref=&#038;iv_load_policy=1&#038;loop=0&#038;rel=1&#038;fs=1&#038;playsinline=0&#038;autohide=2&#038;theme=dark&#038;color=red&#038;controls=1&#038;disablekb=0&#038;\" class=\"__youtube_prefs__  epyt-is-override  no-lazyload\" title=\"YouTube player\"  allow=\"fullscreen; accelerometer; autoplay; clipboard-write; encrypted-media; gyroscope; picture-in-picture; web-share\" referrerpolicy=\"strict-origin-when-cross-origin\" allowfullscreen data-no-lazy=\"1\" data-skipgform_ajax_framebjll=\"\"><\/iframe><\/p>\n<p><strong>Yhdenvertainen vanhuus: Haluaisin pysty\u00e4 kertomaan \u2013 Eveliina (2014):<\/strong><\/p>\n<p><iframe loading=\"lazy\"  id=\"_ytid_61392\"  width=\"580\" height=\"326\"  data-origwidth=\"580\" data-origheight=\"326\" src=\"https:\/\/www.youtube.com\/embed\/bO158WgJQnI?enablejsapi=1&#038;autoplay=0&#038;cc_load_policy=0&#038;cc_lang_pref=&#038;iv_load_policy=1&#038;loop=0&#038;rel=1&#038;fs=1&#038;playsinline=0&#038;autohide=2&#038;theme=dark&#038;color=red&#038;controls=1&#038;disablekb=0&#038;\" class=\"__youtube_prefs__  epyt-is-override  no-lazyload\" title=\"YouTube player\"  allow=\"fullscreen; accelerometer; autoplay; clipboard-write; encrypted-media; gyroscope; picture-in-picture; web-share\" referrerpolicy=\"strict-origin-when-cross-origin\" allowfullscreen data-no-lazy=\"1\" data-skipgform_ajax_framebjll=\"\"><\/iframe><\/p>\n<p><strong>Yhdenvertainen vanhuus: Haluaisin pysty\u00e4 kertomaan \u2013 Bengt (2014):<\/strong><\/p>\n<p><iframe loading=\"lazy\"  id=\"_ytid_58628\"  width=\"580\" height=\"326\"  data-origwidth=\"580\" data-origheight=\"326\" src=\"https:\/\/www.youtube.com\/embed\/8YGSYEowe48?enablejsapi=1&#038;autoplay=0&#038;cc_load_policy=0&#038;cc_lang_pref=&#038;iv_load_policy=1&#038;loop=0&#038;rel=1&#038;fs=1&#038;playsinline=0&#038;autohide=2&#038;theme=dark&#038;color=red&#038;controls=1&#038;disablekb=0&#038;\" class=\"__youtube_prefs__  epyt-is-override  no-lazyload\" title=\"YouTube player\"  allow=\"fullscreen; accelerometer; autoplay; clipboard-write; encrypted-media; gyroscope; picture-in-picture; web-share\" referrerpolicy=\"strict-origin-when-cross-origin\" allowfullscreen data-no-lazy=\"1\" data-skipgform_ajax_framebjll=\"\"><\/iframe><\/p>\n<p><strong>Yhdenvertainen vanhuus \u2013 Itsem\u00e4\u00e4rittely, itsem\u00e4\u00e4r\u00e4\u00e4misoikeus, toimijuus (2013):<\/strong><\/p>\n<p><iframe loading=\"lazy\"  id=\"_ytid_80458\"  width=\"580\" height=\"435\"  data-origwidth=\"580\" data-origheight=\"435\" src=\"https:\/\/www.youtube.com\/embed\/NmuvJjm25KA?enablejsapi=1&#038;autoplay=0&#038;cc_load_policy=0&#038;cc_lang_pref=&#038;iv_load_policy=1&#038;loop=0&#038;rel=1&#038;fs=1&#038;playsinline=0&#038;autohide=2&#038;theme=dark&#038;color=red&#038;controls=1&#038;disablekb=0&#038;\" class=\"__youtube_prefs__  epyt-is-override  no-lazyload\" title=\"YouTube player\"  allow=\"fullscreen; accelerometer; autoplay; clipboard-write; encrypted-media; gyroscope; picture-in-picture; web-share\" referrerpolicy=\"strict-origin-when-cross-origin\" allowfullscreen data-no-lazy=\"1\" data-skipgform_ajax_framebjll=\"\"><\/iframe><\/p>\n<p>Seta ry:n seniority\u00f6n piiriss\u00e4 on kehitetty sateenkaarisertifiointi, jonka tarkoitus on tukea sukupuoli- ja seksuaaliv\u00e4hemmist\u00f6jen yhdenvertaisuutta ja tasa-arvoa sosiaali- ja terveydenhuoltopalveluissa. Sertifiointi on saanut inspiraationsa alankomaalaisesta The Pink Passkey -sertifikaatista ja ruotsalaisesta HBTQ-sertifikaatista.<\/p>\n<p>Sateenkaarisertifiointia on pilotoitu Helsingiss\u00e4 Kampin ja Kinaporin palvelukeskuksissa.<\/p>\n<p><a href=\"https:\/\/seniorit.seta.fi\/sateenkaarisertifiointi\/\" target=\"_blank\" rel=\"noopener\">Lis\u00e4tietoa sateenkaarisertifioinnista (Setan sivu avautuu uuteen v\u00e4lilehteen).<\/a><\/p>\n<p><a href=\"https:\/\/yle.fi\/uutiset\/3-10278064\" target=\"_blank\" rel=\"noopener\">Ylen artikkeli sateenkaarisertifioinnista:\u00a0<em>Thea Hakokorpi toivoo saavansa mekon p\u00e4\u00e4lleen my\u00f6s palvelutalossa \u2013 Sateenkaarisertifikaatti takaa, ettei hoitaja sano \u201c\u00e4l\u00e4 sin\u00e4 h\u00f6psi\u201d<\/em>\u00a0(artikkeli avautuu uuteen v\u00e4lilehteen).<\/a><\/p>\n<h2>Sukupuolten moninaisuuteen liittyvien k\u00e4sitteiden m\u00e4\u00e4ritelmi\u00e4<\/h2>\n<p>Alla k\u00e4yd\u00e4\u00e4n l\u00e4pi keskeist\u00e4, sukupuolten moninaisuutta koskevaa k\u00e4sitteist\u00f6\u00e4. T\u00e4rke\u00e4 osa lis\u00e4\u00e4ntyv\u00e4\u00e4 yhdenvertaisuustietoisuutta on oikeiden sukupuoli-identiteettiin ja sukupuolten moninaisuuteen liittyvien k\u00e4sitteiden k\u00e4ytt\u00f6.<\/p>\n<p>Terveyden ja hyvinvoinnin laitoksen (THL) Tasa-arvotiedon keskus on laatinut laajan listan sukupuoleen ja yhdenvertaisuuteen liittyvist\u00e4 termeist\u00e4 ja m\u00e4\u00e4ritelmist\u00e4 verkkosivustolleen:<\/p>\n<p><strong>Cisnormatiivisuus <\/strong>tai cisoletus tarkoittaa ajattelutapaa tai normia, jonka mukaan ihminen on tai h\u00e4nen tulisi olla jompaa kumpaa kahdesta sukupuolesta. Ajattelutapa voi sis\u00e4lt\u00e4\u00e4 oletuksen siit\u00e4, ett\u00e4 kaikki ymp\u00e4rill\u00e4 olevat ihmiset ovat cissukupuolisia.<\/p>\n<p>Suomessa on t\u00e4ll\u00e4 hetkell\u00e4 kaksi juridista <strong>sukupuolta<\/strong>, nainen ja mies. Juridinen sukupuoli m\u00e4\u00e4ritet\u00e4\u00e4n henkil\u00f6n syntyess\u00e4 tai sukupuolenkorjausprosessin yhteydess\u00e4. Se ilmenee henkil\u00f6tunnuksesta. Sukupuoli on moniulotteinen k\u00e4site. K\u00e4sitteell\u00e4 &#8220;biologinen sukupuoli&#8221; on viitattu sukupuolen kehollisiin ulottuvuuksiin kuten anatomiaan, kromosomeihin tai hormoneihin. &#8220;Sosiaalinen sukupuoli&#8221; on puolestaan k\u00e4site, jolla on kuvattu sukupuoleen sidottuja normeja, odotuksia ja merkityksi\u00e4. Sukupuoli voi viitata my\u00f6s yksil\u00f6n sukupuoli-identiteettiin tai sukupuolen ilmaisuun. (Ruotsin kieless\u00e4 k\u00e4ytet\u00e4\u00e4n joskus k\u00e4sitett\u00e4 &#8220;genus&#8221; sen korostamiseksi, ettei kyse ole yksiselitteisest\u00e4 k\u00e4sitteest\u00e4. K\u00e4sitteiden &#8220;k\u00f6n&#8221; (&#8216;sukupuoli&#8217;) ja &#8220;genus&#8221; v\u00e4linen ero ei ole kuitenkaan t\u00e4ysin selv\u00e4.)<\/p>\n<p>Sanaa<strong> sukupuoliv\u00e4hemmist\u00f6 <\/strong>k\u00e4ytet\u00e4\u00e4n Suomessa joskus yleistermin\u00e4 kuvaamaan transihmisi\u00e4 ja <strong>intersukupuolisia<\/strong>. V\u00e4hemmist\u00f6n\u00e4k\u00f6kulman korostamisen sijaan on suositeltavampaa k\u00e4ytett\u00e4v\u00e4\u00e4 tarkempaa termi\u00e4 puheena olevista henkil\u00f6ist\u00e4 tai puhua sukupuolten moninaisuudesta, joka kuvaa kaikkien ihmisten sukupuolivariaatioita.<\/p>\n<p><strong>Sukupuolen moninaisuus<\/strong> viittaa ihmisten \u00e4\u00e4rett\u00f6m\u00e4n moniin tapoihin kokea ja ilmaista sukupuoltaan. Sukupuolen moninaisuus p\u00e4tee siis yhteiskunnan lis\u00e4ksi my\u00f6s yksil\u00f6n tasolla. Osa ihmisist\u00e4 katsoo olevansa selv\u00e4sti naisia tai miehi\u00e4, osa kokee olevansa molempia, osa kenties hiukan molempia ja osan kokemus ei sovi n\u00e4iden kahden sukupuolen k\u00e4sitt\u00e4v\u00e4\u00e4n normiin.<\/p>\n<p>Suomessa k\u00e4ytet\u00e4\u00e4n usein k\u00e4sitett\u00e4 <strong>seksuaaliv\u00e4hemmist\u00f6<\/strong>. K\u00e4yt\u00f6ss\u00e4 on my\u00f6s termi lhbtiq, joka k\u00e4sitt\u00e4\u00e4 my\u00f6s transihmiset ja queerit. Seksuaaliv\u00e4hemmist\u00f6ill\u00e4 tarkoitetaan henkil\u00f6it\u00e4, joiden seksuaalinen suuntautuminen poikkeaa heteroseksuaalisuudesta, esimerkiksi homoseksuaaleja, lesboja, biseksuaaleja, panseksuaaleja ja joskus my\u00f6s aseksuaaleja. Seksuaalisen suuntautumisen moninaisuus kattaa kuitenkin kaikki ihmiset. Sen vuoksi on v\u00e4hemmist\u00f6n\u00e4k\u00f6kulman korostamisen sijaan suositeltavampaa k\u00e4ytt\u00e4\u00e4 k\u00e4sitteit\u00e4, jotka kuvaavat henkil\u00f6iden mieltymyksi\u00e4 ja tapaa toimia puhuttaessa siit\u00e4, kehen tai keihin he tuntevat vetoa tai rakastuvat tai kenen tai keiden kanssa he harrastavat seksi\u00e4, sek\u00e4 siit\u00e4, miten he ilmaisevat sukupuoli-identiteetti\u00e4\u00e4n.<\/p>\n<p><strong>Seksuaalisella suuntautumisella<\/strong> tarkoitetaan sit\u00e4, kehen tai keihin henkil\u00f6 tuntee seksuaalista tai tunneper\u00e4ist\u00e4 vetoa. M\u00e4\u00e4ritelm\u00e4 pohjautuu oman ja toisen henkil\u00f6n sukupuolen m\u00e4\u00e4ritt\u00e4miseen. Tavallisesti ihmiset jaetaan seksuaalisen suuntautumisen mukaan homo-, bi- ja heteroseksuaaleihin. Kaikilla on oikeus m\u00e4\u00e4ritt\u00e4\u00e4 tai olla m\u00e4\u00e4ritt\u00e4m\u00e4tt\u00e4 seksuaalista suuntautumistaan. Henkil\u00f6n seksuaalinen suuntautuminen saattaa muuttua el\u00e4m\u00e4n aikana useastikin.<\/p>\n<p><strong>Lhbtiq<\/strong> (lhbtq, lhbtiqa, lhbtqia) on kokoava k\u00e4site, joka kattaa homo- ja biseksuaalit, transihmiset, intersukupuoliset ja henkil\u00f6t, jotka kuvaavat suuntautumistaan termill\u00e4 queer. Toisinaan k\u00e4ytet\u00e4\u00e4n erilaisia kirjainyhdistelmi\u00e4, joissa esimerkiksi A-kirjaimella viitataan aseksuaaleihin tai sukupuolettomiin tai plusmerkill\u00e4 (lhbtiq+) laajempaan suuntautumisten kirjoon. Termi\u00e4 lhbtiq voidaan k\u00e4ytt\u00e4\u00e4 yleistermin\u00e4 viittaamaan eri ihmisryhmiin, joiden seksuaalinen suuntautuminen, sukupuolen ilmaisu tai sukupuoli-identiteetti poikkeaa vallitsevasta normista. Vastaava lyhenne on ruotsiksi useimmin kirjoitettu hbtiq ja englanniksi lgbtiq. Ruotsinkielisess\u00e4 lyhenteess\u00e4 H-kirjain k\u00e4sitt\u00e4\u00e4 my\u00f6s lesbot.<\/p>\n<p><strong>Homo<\/strong> tai <strong>homoseksuaali<\/strong> on henkil\u00f6, joka tuntee seksuaalista tai tunneper\u00e4ist\u00e4 vetoa samaa sukupuolta oleviin henkil\u00f6ihin. Sanaa homo k\u00e4ytet\u00e4\u00e4n toisinaan kapeammassa merkityksess\u00e4 viittaamaan miessukupuoleen identifioituvaan henkil\u00f6\u00f6n, joka tuntee seksuaalista tai tunneper\u00e4ist\u00e4 vetoa miehiin. <strong>Lesbo<\/strong> on homoseksuaalinen nainen.<\/p>\n<p><strong>Biseksuaalit<\/strong> henkil\u00f6t tuntevat seksuaalista tai tunneper\u00e4ist\u00e4 vetoa samaa tai muuta sukupuolta oleviin henkil\u00f6ihin. Joillekin kumppanin sukupuolella ei ole merkityst\u00e4. Termit biseksuaali ja <strong>panseksuaali<\/strong> ovat osin p\u00e4\u00e4llekk\u00e4isi\u00e4.<\/p>\n<p>K\u00e4site <strong>intersukupuolisuus<\/strong> viittaa eri diagnooseihin ja synnynn\u00e4isiin sukupuolitettuihin piirteisiin. Lyhyesti ilmaistuna termill\u00e4 viitataan henkil\u00f6ihin, joiden synnynn\u00e4iset keholliset, anatomiset tai muut sukupuolitetut piirteet eiv\u00e4t ole yksiselitteisesti nais- tai miestyypilliset. Intersukupuolisuus ei m\u00e4\u00e4rit\u00e4 henkil\u00f6lle kehittyv\u00e4\u00e4 sukupuoli-identiteetti\u00e4. Kuten lapset yleens\u00e4, k\u00e4sitt\u00e4\u00e4 ja tulkitsee intersukupuolinenkin lapsi yleens\u00e4 itse omaa sukupuoli-identiteetti\u00e4\u00e4n.<\/p>\n<p><strong>Termi\u00e4 sukupuoliv\u00e4hemmist\u00f6<\/strong> k\u00e4ytet\u00e4\u00e4n yleistermin\u00e4 viittaamaan transihmisiin, ei-bin\u00e4\u00e4risiin henkil\u00f6ihin, intersukupuolisiin ja henkil\u00f6ihin, jotka kokevat sukupuolen yhteensopimattomuutta. On suositeltavaa k\u00e4ytt\u00e4\u00e4 termi\u00e4 <strong>sukupuolen moninaisuus<\/strong> ja v\u00e4ltt\u00e4\u00e4 viittausta v\u00e4hemmist\u00f6n\u00e4k\u00f6kulmaan.<\/p>\n<p><strong>Queer<\/strong> viittaa poliittiseen ja usein akateemiseen n\u00e4k\u00f6kulmaan tai ajattelutapaan, joka kyseenalaistaa yhteiskunnassa vallitsevia sukupuolta ja seksuaalista suuntautumista koskevia normeja. Queer viittaa my\u00f6s identiteettiin, jossa henkil\u00f6 ei halua m\u00e4\u00e4ritell\u00e4 seksuaalista suuntautumistaan tai sukupuoltaan. Q-kirjain on lyhenne englannin sanasta &#8220;questioning&#8221;, jolla viitataan seksuaalisen suuntautumisen tai sukupuoli-identiteetin pohtimiseen.<\/p>\n<p>Termi\u00e4 <strong>transihminen<\/strong> k\u00e4ytet\u00e4\u00e4n kuvaamaan henkil\u00f6it\u00e4, joiden sukupuoli-identiteetti tai sukupuolen ilmaisu poikkeavat heille syntym\u00e4ss\u00e4 m\u00e4\u00e4ritellyst\u00e4 sukupuolesta. Alkuosa &#8220;trans-&#8221; pohjautuu latinaan ja merkitsee &#8220;toisella puolella olevaa\u201d tai \u201dtoisen puolen rajan ylitt\u00e4v\u00e4\u00e4&#8221;. Termin vastakohta cis tulee my\u00f6s latinasta ja merkitsee &#8220;samaa&#8221; tai &#8220;t\u00e4t\u00e4 puolta&#8221;.<\/p>\n<p>Yleisesti ottaen on suositeltavaa k\u00e4ytt\u00e4\u00e4 termi\u00e4 transihminen transsukupuolisen sijaan. Transihminen on henkil\u00f6, jonka sukupuoli ei vastaa h\u00e4nelle syntym\u00e4ss\u00e4 m\u00e4\u00e4ritelty\u00e4 juridista sukupuolta. Monet, mutta eiv\u00e4t kaikki, transihmiset tarvitsevat ja haluavat l\u00e4\u00e4ketieteellist\u00e4 sukupuolen korjausta. Transihmisen sukupuoli-identiteetti voi olla esimerkiksi mies, nainen tai ei-bin\u00e4\u00e4ri. K\u00e4sitett\u00e4 transseksuaali ei en\u00e4\u00e4 k\u00e4ytet\u00e4, sill\u00e4 se viittaa virheellisesti seksuaalisuuteen, vaikka transsukupuolisuus viittaa juuri sukupuoleen. Termi esiintyy kuitenkin viel\u00e4 osittain lains\u00e4\u00e4d\u00e4nn\u00f6ss\u00e4 ja l\u00e4\u00e4ketieteellisiss\u00e4 diagnooseissa.<\/p>\n<p><strong>Transihminen<\/strong> on yleistermi henkil\u00f6ille, joiden sukupuoli-identiteetti tai sukupuolen ilmaisu eroaa siihen sukupuoleen liitetyist\u00e4 odotuksista, johon heid\u00e4t on syntym\u00e4hetkell\u00e4 m\u00e4\u00e4ritelty. Termi k\u00e4sitt\u00e4\u00e4 niin bin\u00e4\u00e4rit (naiset, miehet) kuin ei-bin\u00e4\u00e4rit transihmiset (esim. genderqueer) sek\u00e4 mm. transvestiitit. Monet bin\u00e4\u00e4rit transihmiset ovat yksinkertaisesti naisia tai miehi\u00e4. Joillekin transsukupuolisuus on niin t\u00e4rke\u00e4 osa identiteetti\u00e4, ett\u00e4 he haluavat ilment\u00e4\u00e4 sit\u00e4 itsest\u00e4\u00e4n k\u00e4ytt\u00e4m\u00e4ll\u00e4\u00e4n termill\u00e4, esim. transnainen, transmies, transfeminiini, transmaskuliini. Transsukupuolisuus ei kerro mit\u00e4\u00e4n henkil\u00f6n seksuaalisesta suuntautumisesta vaan viittaa ainoastaan henkil\u00f6n sukupuoleen. Alkuosa &#8220;trans-&#8221; merkitsee &#8220;toisella puolella, yli&#8221;.<\/p>\n<p><strong>Transvestiitti<\/strong> on henkil\u00f6, joka osittain tai kokonaan, ajoittain tai aina, ilment\u00e4\u00e4 eri sukupuolelle tyypillisi\u00e4 piirteit\u00e4 esimerkiksi pukeutumisellaan tai \u00e4\u00e4nenk\u00e4yt\u00f6ll\u00e4\u00e4n. Varsinkin aiemmin k\u00e4ytettiin my\u00f6s termej\u00e4 ristiinpukeutuminen (cross-dressing) ja drag, mutta niill\u00e4 viitataan yleens\u00e4 tilap\u00e4isemp\u00e4\u00e4n ep\u00e4tyypilliseen sukupuolen ilmaisemiseen, joka ei tiiviisti liity henkil\u00f6n identiteettiin.<\/p>\n<h5>Seta ry:n sukupuolen moninaisuuteen liittyv\u00e4\u00e4 videomateriaalia:<\/h5>\n<p><strong>Puheenvuoroja intersukupuolisuudesta: Jukka Lehtonen:<\/strong><\/p>\n<p><iframe loading=\"lazy\"  id=\"_ytid_81459\"  width=\"580\" height=\"326\"  data-origwidth=\"580\" data-origheight=\"326\" src=\"https:\/\/www.youtube.com\/embed\/ps-pkKP23Ic?enablejsapi=1&#038;autoplay=0&#038;cc_load_policy=0&#038;cc_lang_pref=&#038;iv_load_policy=1&#038;loop=0&#038;rel=1&#038;fs=1&#038;playsinline=0&#038;autohide=2&#038;theme=dark&#038;color=red&#038;controls=1&#038;disablekb=0&#038;\" class=\"__youtube_prefs__  epyt-is-override  no-lazyload\" title=\"YouTube player\"  allow=\"fullscreen; accelerometer; autoplay; clipboard-write; encrypted-media; gyroscope; picture-in-picture; web-share\" referrerpolicy=\"strict-origin-when-cross-origin\" allowfullscreen data-no-lazy=\"1\" data-skipgform_ajax_framebjll=\"\"><\/iframe><\/p>\n<p><strong>Puheenvuoroja intersukupuolisuudesta: Kitty Andersson:<\/strong><\/p>\n<p><iframe loading=\"lazy\"  id=\"_ytid_98112\"  width=\"580\" height=\"326\"  data-origwidth=\"580\" data-origheight=\"326\" src=\"https:\/\/www.youtube.com\/embed\/KyiQap0a5I0?enablejsapi=1&#038;autoplay=0&#038;cc_load_policy=0&#038;cc_lang_pref=&#038;iv_load_policy=1&#038;loop=0&#038;rel=1&#038;fs=1&#038;playsinline=0&#038;autohide=2&#038;theme=dark&#038;color=red&#038;controls=1&#038;disablekb=0&#038;\" class=\"__youtube_prefs__  epyt-is-override  no-lazyload\" title=\"YouTube player\"  allow=\"fullscreen; accelerometer; autoplay; clipboard-write; encrypted-media; gyroscope; picture-in-picture; web-share\" referrerpolicy=\"strict-origin-when-cross-origin\" allowfullscreen data-no-lazy=\"1\" data-skipgform_ajax_framebjll=\"\"><\/iframe><\/p>\n<p>Puheenvuoroja intersukupuolisuudesta: Tikli Oikarinen:<\/p>\n<p><iframe loading=\"lazy\"  id=\"_ytid_38404\"  width=\"580\" height=\"326\"  data-origwidth=\"580\" data-origheight=\"326\" src=\"https:\/\/www.youtube.com\/embed\/nqy6LZ1lfII?enablejsapi=1&#038;autoplay=0&#038;cc_load_policy=0&#038;cc_lang_pref=&#038;iv_load_policy=1&#038;loop=0&#038;rel=1&#038;fs=1&#038;playsinline=0&#038;autohide=2&#038;theme=dark&#038;color=red&#038;controls=1&#038;disablekb=0&#038;\" class=\"__youtube_prefs__  epyt-is-override  no-lazyload\" title=\"YouTube player\"  allow=\"fullscreen; accelerometer; autoplay; clipboard-write; encrypted-media; gyroscope; picture-in-picture; web-share\" referrerpolicy=\"strict-origin-when-cross-origin\" allowfullscreen data-no-lazy=\"1\" data-skipgform_ajax_framebjll=\"\"><\/iframe><\/p>\n<hr \/>\n<h5>L\u00e4hteet<\/h5>\n<ul>\n<li><a href=\"https:\/\/sv.seta.fi\/lhbtiq-fakta\/\" target=\"_blank\" rel=\"noopener\">LHBTIQ-fakta. Seta. [Viitattu 15.10.2020] (Avautuu uuteen v\u00e4lilehteen).<\/a><\/li>\n<li><a href=\"https:\/\/www.regnbagsankan.fi\/utbildning\/bisexualitet\/\" target=\"_blank\" rel=\"noopener\">Sexuell l\u00e4ggning. Regnb\u00e5gsankan [Viitattu 15.10.2020] (Avautuu uuteen v\u00e4lilehteen).<\/a><\/li>\n<li><a href=\"https:\/\/thl.fi\/fi\/web\/sukupuolten-tasa-arvo\/sukupuoli\/tasa-arvosanasto\" target=\"_blank\" rel=\"noopener\">Tasa-arvosanasto. Terveyden ja hyvinvoinnin laitos (THL). [Viitattu 15.10.2020] (Avautuu uuteen v\u00e4lilehteen).<\/a><\/li>\n<\/ul>\n<p>&nbsp;<\/p>\n<h5><a href=\"https:\/\/blogs2.abo.fi\/hyvinvoivahoiva-opas\/moninaisuus-voimavarana-hoivatyossa\/\">Takaisin Moninaisuus voimavarana hoivaty\u00f6ss\u00e4 -osion alkuun.<\/a><\/h5>\n","protected":false},"excerpt":{"rendered":"<p>Kooste: Mona Riska, Centret f\u00f6r livsl\u00e5ngt l\u00e4rade vid \u00c5bo Akademi Yhdenvertaisuuslaki kielt\u00e4\u00e4 sukupuoli-identiteettiin tai seksuaaliseen suuntautumiseen perustuvan syrjinn\u00e4n. Nykyisen arvion mukaan noin kymmenen prosenttia Suomen v\u00e4est\u00f6st\u00e4 kuuluu johonkin sukupuoli- tai seksuaaliv\u00e4hemmist\u00f6\u00f6n. T\u00e4h\u00e4n v\u00e4hemmist\u00f6\u00f6n kuuluu moninainen joukko ihmisi\u00e4, joiden seksuaalinen suuntautuminen tai k\u00e4sitys omasta sukupuoli-identiteetist\u00e4 poikkeaa yhteiskunnan vallitsevasta normista. Sukupuoliv\u00e4hemmist\u00f6ihin kuuluvia ik\u00e4ihmisi\u00e4 kutsutaan usein sateenkaarisenioreiksi, ja [&hellip;]<\/p>\n","protected":false},"author":469,"featured_media":0,"parent":20,"menu_order":0,"comment_status":"closed","ping_status":"closed","template":"","meta":{"footnotes":""},"class_list":["post-596","page","type-page","status-publish","hentry"],"_links":{"self":[{"href":"https:\/\/blogs2.abo.fi\/hyvinvoivahoiva-opas\/wp-json\/wp\/v2\/pages\/596","targetHints":{"allow":["GET"]}}],"collection":[{"href":"https:\/\/blogs2.abo.fi\/hyvinvoivahoiva-opas\/wp-json\/wp\/v2\/pages"}],"about":[{"href":"https:\/\/blogs2.abo.fi\/hyvinvoivahoiva-opas\/wp-json\/wp\/v2\/types\/page"}],"author":[{"embeddable":true,"href":"https:\/\/blogs2.abo.fi\/hyvinvoivahoiva-opas\/wp-json\/wp\/v2\/users\/469"}],"replies":[{"embeddable":true,"href":"https:\/\/blogs2.abo.fi\/hyvinvoivahoiva-opas\/wp-json\/wp\/v2\/comments?post=596"}],"version-history":[{"count":9,"href":"https:\/\/blogs2.abo.fi\/hyvinvoivahoiva-opas\/wp-json\/wp\/v2\/pages\/596\/revisions"}],"predecessor-version":[{"id":733,"href":"https:\/\/blogs2.abo.fi\/hyvinvoivahoiva-opas\/wp-json\/wp\/v2\/pages\/596\/revisions\/733"}],"up":[{"embeddable":true,"href":"https:\/\/blogs2.abo.fi\/hyvinvoivahoiva-opas\/wp-json\/wp\/v2\/pages\/20"}],"wp:attachment":[{"href":"https:\/\/blogs2.abo.fi\/hyvinvoivahoiva-opas\/wp-json\/wp\/v2\/media?parent=596"}],"curies":[{"name":"wp","href":"https:\/\/api.w.org\/{rel}","templated":true}]}}