{"id":170,"date":"2021-01-15T09:14:34","date_gmt":"2021-01-15T09:14:34","guid":{"rendered":"http:\/\/blogs2.abo.fi\/hyvinvoivahoiva-opas\/?page_id=170"},"modified":"2021-04-06T08:44:58","modified_gmt":"2021-04-06T08:44:58","slug":"ristiriidat-ja-niiden-hallinta-tyopaikalla","status":"publish","type":"page","link":"https:\/\/blogs2.abo.fi\/hyvinvoivahoiva-opas\/esihenkilo-tyohyvinvoinnin-edistajana\/ristiriidat-ja-niiden-hallinta-tyopaikalla\/","title":{"rendered":"Ristiriidat ja niiden hallinta ty\u00f6paikalla"},"content":{"rendered":"<p><strong>Teksti ja kuviot: Riitta-Liisa Larjovuori, Tampereen yliopisto<\/strong><\/p>\n<p>Kaikkialla, miss\u00e4 on ihmisi\u00e4, on my\u00f6s riste\u00e4vi\u00e4 mielipiteit\u00e4, tarpeita ja odotuksia. Ty\u00f6ss\u00e4 kohtaamme tavallisenkin p\u00e4iv\u00e4n aikana monenlaisia tilanteita, joissa olemme muiden kanssa eri mielt\u00e4 tai haluaisimme tehd\u00e4 asioita eri tavalla. Ihmisill\u00e4 onkin varsin hyv\u00e4t valmiudet ratkoa arkiel\u00e4m\u00e4n ristiriitoja vuorovaikutuksen kautta. Joskus ristiriidat kasvavat isommiksi, ja ne alkavat haitata paitsi vuorovaikutusta osapuolten v\u00e4lill\u00e4, my\u00f6s ty\u00f6paikan toimintaa laajemminkin. (Pehrman &amp; Poikela, 2015)<\/p>\n<p>Konfliktiherkkyys voi liitty\u00e4 my\u00f6s ryhm\u00e4n kehitysvaiheeseen. Ryhm\u00e4n muodostumisessa on kuohuntavaihe, jolloin ristiriitoja ilmenee paljon, kun ryhm\u00e4n j\u00e4senet etsiv\u00e4t omaa paikkaansa ryhm\u00e4ss\u00e4.<\/p>\n<p>Konflikti: <i>Osapuolten v\u00e4liin syntynyt ongelmatilanne, jossa kummatkin osapuolet pit\u00e4v\u00e4t toisen n\u00e4kemyksi\u00e4 v\u00e4\u00e4rin\u00e4 ja omiaan oikeina. (<\/i>Kokoustekniikan sanakirja, Jyv\u00e4skyl\u00e4n yliopiston kielikeskus, 2020)<\/p>\n<blockquote>\n<h6>Pohtikaa:<\/h6>\n<p>Mist\u00e4 teid\u00e4n ty\u00f6ss\u00e4nne syntyy (tai voi synty\u00e4) konflikteja, ja mit\u00e4 olette oppineet niist\u00e4?<\/p>\n<p>&nbsp;<\/p><\/blockquote>\n<h2>&#8220;Villakoiran ydin&#8221;: Miksi ristiriidat kasvavat joskus isoiksi?<\/h2>\n<p>Jos erimielisyys j\u00e4\u00e4 kytem\u00e4\u00e4n, eik\u00e4 sit\u00e4 p\u00e4\u00e4st\u00e4 heti ratkaisemaan, se alkaa kasvaa. T\u00e4llainen tilanne voi synty\u00e4 esimerkiksi silloin, kun ty\u00f6yhteis\u00f6ss\u00e4 tehd\u00e4\u00e4n p\u00e4\u00e4t\u00f6s, johon kaikki ty\u00f6yhteis\u00f6n j\u00e4senist\u00e4 eiv\u00e4t ole tyytyv\u00e4isi\u00e4. Jos &#8220;h\u00e4vi\u00f6lle j\u00e4\u00e4neille&#8221; tulee tunne, ett\u00e4 heid\u00e4n mielipiteit\u00e4\u00e4n ei kuultu, eik\u00e4 asiaa ole ratkaistu reilusti, asiaa j\u00e4\u00e4d\u00e4\u00e4n puimaan j\u00e4lkik\u00e4teen. Siihen aletaan liitt\u00e4\u00e4 erilaisia tunteita ja tulkintoja. Tappiolle j\u00e4\u00e4neet voivat kokea, ett\u00e4 heit\u00e4 ei ylip\u00e4\u00e4ns\u00e4 arvosteta. Ty\u00f6yhteis\u00f6\u00f6n voi synty\u00e4 kaksi eri leiri\u00e4: tietyn asian &#8220;kannattajat&#8221; ja &#8220;vastustajat&#8221;, joihin liitet\u00e4\u00e4n erilaisia mielikuvia. Jos avoin keskusteluyhteys &#8220;leirien&#8221; v\u00e4lill\u00e4 katkeaa, tunteet ja asiat patoutuvat ja kasvavat korkoa.<\/p>\n<p><em>Klikkaa suurentaaksesi kuviota. <\/em><\/p>\n<figure id=\"attachment_173\" aria-describedby=\"caption-attachment-173\" style=\"width: 853px\" class=\"wp-caption aligncenter\"><a href=\"http:\/\/blogs2.abo.fi\/hyvinvoivahoiva-opas\/wp-content\/uploads\/sites\/178\/2021\/01\/Konfliktin-vaiheet.png\"><img loading=\"lazy\" decoding=\"async\" class=\"wp-image-173 size-full\" src=\"http:\/\/blogs2.abo.fi\/hyvinvoivahoiva-opas\/wp-content\/uploads\/sites\/178\/2021\/01\/Konfliktin-vaiheet.png\" alt=\"Konfliktin vaiheet ovat 1) Piilev\u00e4 konflikti, 2) Koettu konflikti, 3) Tunnetason konflikti, 4) Ilmaistu konflikti, 4) Konfliktin j\u00e4lkihoito. \" width=\"853\" height=\"569\" srcset=\"https:\/\/blogs2.abo.fi\/hyvinvoivahoiva-opas\/wp-content\/uploads\/sites\/178\/2021\/01\/Konfliktin-vaiheet.png 853w, https:\/\/blogs2.abo.fi\/hyvinvoivahoiva-opas\/wp-content\/uploads\/sites\/178\/2021\/01\/Konfliktin-vaiheet-300x200.png 300w, https:\/\/blogs2.abo.fi\/hyvinvoivahoiva-opas\/wp-content\/uploads\/sites\/178\/2021\/01\/Konfliktin-vaiheet-768x512.png 768w\" sizes=\"auto, (max-width: 853px) 100vw, 853px\" \/><\/a><figcaption id=\"caption-attachment-173\" class=\"wp-caption-text\">Konfliktin vaiheet (Pondy 1967)<\/figcaption><\/figure>\n<h5>\u00c4l\u00e4 oleta, vaan ota puheeksi!<\/h5>\n<p>Konfliktien kehittymisess\u00e4 keskeisess\u00e4 roolissa ovat <b>osapuolten erilaiset tulkinnat.<\/b> Jos niit\u00e4 ei pureta puhumalla, omia tulkintoja aletaan pit\u00e4\u00e4 totuuksina, jotka l\u00e4htev\u00e4t\u00a0 vahvistumaan ja el\u00e4m\u00e4\u00e4n omaa el\u00e4m\u00e4\u00e4ns\u00e4. T\u00e4llaisessa tilanteessa ty\u00f6n arjessa sattuvat pienetkin hankaluudet saatetaan tulkita hyvin tunnepitoisesti.<\/p>\n<h2>Esimerkkitilanne: Alkaa pienest\u00e4, kehittyy nopeasti<\/h2>\n<p>Maija unohtaa kiireess\u00e4 informoida Mikkoa asiakkaan hoitoaikatauluun liittyvist\u00e4 muutoksista. Mikko kokee t\u00e4m\u00e4n takia joutuneensa noloon tilanteeseen, jossa h\u00e4n on mielest\u00e4\u00e4n n\u00e4ytt\u00e4nyt osaamattomalta ja h\u00f6lm\u00f6lt\u00e4 asiakkaan ja t\u00e4m\u00e4n omaisten silmiss\u00e4. Maija pahoittelee asiaa ohimennen ja naureskellen, eik\u00e4 selv\u00e4stik\u00e4\u00e4n huomaa, ett\u00e4 asia j\u00e4\u00e4 vaivaamaan Mikkoa.<\/p>\n<p>Loukkaantunut ja nolostunut Mikko miettii, onko Maija j\u00e4tt\u00e4nyt asioita tahallaan kertomatta, jotta h\u00e4n joutuisi huonoon valoon esihenkil\u00f6n ja muun ty\u00f6yhteis\u00f6n silmiss\u00e4.<\/p>\n<p>Jatkossa Mikko alkaa etsi\u00e4 Maijan k\u00e4yt\u00f6ksest\u00e4 vahvistuksia omalle tulkinnalleen, jonka mukaan Maijalla on jotain h\u00e4nt\u00e4 vastaan. Mikko alkaa mietti\u00e4 my\u00f6s, ovatko Maijan l\u00e4himm\u00e4t ty\u00f6kaverit &#8220;mukana juonessa&#8221;.<\/p>\n<p>Mikkokaan ei halua j\u00e4\u00e4d\u00e4 yksin, joten h\u00e4n kyselee omilta l\u00e4heisilt\u00e4 ty\u00f6kavereiltaan, eik\u00f6 Maija ole heist\u00e4kin ylimielinen p\u00e4\u00e4llep\u00e4sm\u00e4ri, ja tuo t\u00e4m\u00e4n toimintaa esille negatiivisessa valossa. Osa kavereista l\u00e4hteekin vahvasti mukailemaan Mikon tulkintoja. Ei heill\u00e4 Maijaa vastaan erityisesti mit\u00e4\u00e4n ole, mutta he pit\u00e4v\u00e4t Mikosta, eiv\u00e4tk\u00e4 halua olla eri mielt\u00e4.<\/p>\n<p>Kun Maija seuraavassa kuussa valitaan ty\u00f6paikan edustajaksi kehitt\u00e4misty\u00f6ryhm\u00e4\u00e4n, mutta Mikko ei toisaalta saa lupaa menn\u00e4 haluamaansa t\u00e4ydennyskoulutukseen, on Mikon mitta t\u00e4ynn\u00e4. H\u00e4n hakee sairauslomaa, ja ilmoittaa esimiehelleen, ett\u00e4 on joutunut ty\u00f6paikkakiusatuksi.<\/p>\n<blockquote>\n<h6>Pohdittavaksi:<\/h6>\n<ul>\n<li>Miten tilannetta voisi seuraavaksi ryhty\u00e4 ratkomaan?<\/li>\n<li>Mit\u00e4 Mikko olisi voinut tehd\u00e4 toisin? Mit\u00e4 Maija olisi voinut tehd\u00e4 toisin?<\/li>\n<li>Mit\u00e4 ty\u00f6kaverit voivat tehd\u00e4?<\/li>\n<li>Mitk\u00e4 tekij\u00e4t ty\u00f6paikan toimintatavoissa ovat voineet vaikuttaa siihen, ett\u00e4 konflikti syntyi?<\/li>\n<li>Mitk\u00e4 tekij\u00e4t ty\u00f6paikalla voivat vaikuttaa siihen, ett\u00e4 konflikti p\u00e4\u00e4see kasvamaan?<\/li>\n<\/ul>\n<\/blockquote>\n<h2>Konflikteista on hy\u00f6ty\u00e4kin<\/h2>\n<p>Useimmiten ajatellaan, ett\u00e4 ristiriidat luovat pahoinvointia ja ongelmia, ja siksi niiden esiintyminen on haitallista. Harvemmin tullaan ajatelleeksi, ett\u00e4 konfliktit voivat olla my\u00f6s hy\u00f6dyllisi\u00e4. Konflikti voi tuoda pinnalle asioita, joiden on syyt\u00e4kin muuttua. Selvitetty konflikti parantaa ty\u00f6yhteis\u00f6n toimintaa. Konfliktien ratkaisemisessa kehittyv\u00e4t taidot parantavat ryhm\u00e4n kyky\u00e4 tehd\u00e4 p\u00e4\u00e4t\u00f6ksi\u00e4 ja toimia yhdess\u00e4 jatkossa my\u00f6s hankalammissa tilanteissa.<\/p>\n<p>Selvitetty konflikti voi esimerkiksi:<\/p>\n<ul>\n<li>lis\u00e4t\u00e4 ymm\u00e4rryst\u00e4 erilaisia ihmisi\u00e4 ja asioita kohtaan<\/li>\n<li>lis\u00e4t\u00e4 j\u00e4senten motivaatiota teht\u00e4v\u00e4n suorittamiseen<\/li>\n<li>tuottaa parempia p\u00e4\u00e4t\u00f6ksi\u00e4 ja ratkaisuja ja tuoda esiin uusia ideoita<\/li>\n<li>parantaa ryhm\u00e4n yhteenkuuluvuutta ja korjata ryhm\u00e4n viestinn\u00e4ss\u00e4 olleita katkoksia.<\/li>\n<\/ul>\n<p><em>L\u00e4hde: Jyv\u00e4skyl\u00e4n Yliopisto, Viestint\u00e4tieteiden laitos, 2020.<\/em><\/p>\n<h4>Ty\u00f6yhteis\u00f6n toimintaa parantavia toiminta- ja ajattelumalleja konfliktitilanteisiin:<\/h4>\n<ul>\n<li>En voi muuttaa muita ihmisi\u00e4. Voin suoraan vaikuttaa vain omaan toimintaani.<\/li>\n<li>Otan vastuun omista ajatuksistani, uskomuksistani, sanoistani ja teoistani.<\/li>\n<li>En levit\u00e4 huhuja.<\/li>\n<li>En puhu toisten sel\u00e4n takana.<\/li>\n<li>Ratkaisen erimielisyydet yhdess\u00e4 asianosaisten kesken, enk\u00e4 ved\u00e4 ulkopuolisia mukaan ongelmaan.<\/li>\n<li>En syyt\u00e4 ongelmista toisia. Jos tunnen tarvetta syyttelyyn, otan sen kutsuna pohtia omaa rooliani ongelman syntymisess\u00e4, ja miten voin auttaa ratkaisemaan sit\u00e4.<\/li>\n<li>Keskityn vahvuuksiin enemm\u00e4n kuin heikkouksiin ja mahdollisuuksiin enemm\u00e4n kuin ongelmiin.<\/li>\n<\/ul>\n<p><em><span style=\"color: #000000\">L\u00e4hde: Reinventing Organizations -verkkosivusto, 2021.<\/span><\/em><\/p>\n<h2>Miten sin\u00e4 suhtaudut konflikteihin?<\/h2>\n<p>Koska toimimme ty\u00f6yhteis\u00f6ss\u00e4 oman persoonamme ja vuorovaikutustyylimme kautta, voi olla hy\u00f6dyllist\u00e4 pohtia omaa tyyli\u00e4\u00e4n ratkaista konflikteja. Alla esitetyn viitekehyksen mukaan konfliktinhallintatyyleiss\u00e4 painottuvat eri tavalla huolehtiminen itsest\u00e4 ja huolehtiminen muista.<\/p>\n<p>Kompromissihakuinen toimija huomioi osittain omat ja osittain muiden tarpeensa, mutta h\u00e4nell\u00e4 ei ole riitt\u00e4v\u00e4sti keinoja ja osaamista etsi\u00e4 sellaisia ratkaisuja, joissa ne molemmat toteutuisivat t\u00e4ysin. Yhteistoiminnallinen konfliktinratkaisija pyrkii ottamaan t\u00e4ysim\u00e4\u00e4r\u00e4isesti huomioon sek\u00e4 omat ett\u00e4 muiden tarpeet. Kilpaileva sen sijaan keskittyy ajamaan omia etujaan. Sopeutuva mukautuu helposti muiden tahtoon, ja v\u00e4lttelev\u00e4 pyrkii siihen, ettei ristiriitoja tarvitsisi k\u00e4sitell\u00e4 ollenkaan.<\/p>\n<p><em>Klikkaa suurentaaksesi kuviota.<\/em><\/p>\n<figure id=\"attachment_174\" aria-describedby=\"caption-attachment-174\" style=\"width: 841px\" class=\"wp-caption aligncenter\"><a href=\"http:\/\/blogs2.abo.fi\/hyvinvoivahoiva-opas\/wp-content\/uploads\/sites\/178\/2021\/01\/Viisi-konfliktink\u00e4sittelytyyli\u00e4.png\"><img loading=\"lazy\" decoding=\"async\" class=\"wp-image-174 size-full\" src=\"http:\/\/blogs2.abo.fi\/hyvinvoivahoiva-opas\/wp-content\/uploads\/sites\/178\/2021\/01\/Viisi-konfliktink\u00e4sittelytyyli\u00e4.png\" alt=\"Viisi konfliktink\u00e4sittelytyyli\u00e4 ovat: Kilpaileva, yhteistoiminnallinen, v\u00e4ltelev\u00e4, sopeutuva. N\u00e4ist\u00e4 kilpaileva ja v\u00e4lttelev\u00e4 ovat osaa itest\u00e4\u00e4n huolehtimisesta, kun yhteistoiminnallinen ja sopeutuva ovat enemm\u00e4n muista huolehtiminen. \" width=\"841\" height=\"519\" srcset=\"https:\/\/blogs2.abo.fi\/hyvinvoivahoiva-opas\/wp-content\/uploads\/sites\/178\/2021\/01\/Viisi-konfliktink\u00e4sittelytyyli\u00e4.png 841w, https:\/\/blogs2.abo.fi\/hyvinvoivahoiva-opas\/wp-content\/uploads\/sites\/178\/2021\/01\/Viisi-konfliktink\u00e4sittelytyyli\u00e4-300x185.png 300w, https:\/\/blogs2.abo.fi\/hyvinvoivahoiva-opas\/wp-content\/uploads\/sites\/178\/2021\/01\/Viisi-konfliktink\u00e4sittelytyyli\u00e4-768x474.png 768w\" sizes=\"auto, (max-width: 841px) 100vw, 841px\" \/><\/a><figcaption id=\"caption-attachment-174\" class=\"wp-caption-text\">Viisi konfliktink\u00e4sittelytyyli\u00e4 (Blake ja Mouton 1964; Rahim 2010)<\/figcaption><\/figure>\n<p>&nbsp;<\/p>\n<blockquote>\n<h6>Arvioi omaa konfliktink\u00e4sittelytyyli\u00e4si alla olevien v\u00e4itt\u00e4mien avulla!<\/h6>\n<\/blockquote>\n<p><strong>V\u00e4lttelev\u00e4lle tyypillisi\u00e4 toimintamalleja:<\/strong><\/p>\n<ul>\n<li>Jos joudun konfliktitilanteeseen, sanon yleens\u00e4 hyvin v\u00e4h\u00e4n ja yrit\u00e4n p\u00e4\u00e4st\u00e4 tilanteesta pois niin pian kuin mahdollista.<\/li>\n<li>Erimielisyydet muiden ihmisten kanssa saavat minut tuntemaan oloni ep\u00e4mukavaksi ja ahdistuneeksi.<\/li>\n<li>V\u00e4ltt\u00e4\u00e4kseni ep\u00e4mukavia tunteita, en useinkaan tuo omia eri\u00e4vi\u00e4 mielipiteit\u00e4 esille, vaan pid\u00e4n ne omana tietonani.<\/li>\n<\/ul>\n<p><strong>Kilpailevalle tyypillisi\u00e4 toimintamalleja:<\/strong><\/p>\n<ul>\n<li>Puolustan tarmokkaasti omaa n\u00e4k\u00f6kantaani ja perustelen sen etuja.<\/li>\n<li>Mielest\u00e4ni ristiriidat ovat virkist\u00e4vi\u00e4; nautin tahtojen taistelusta.<\/li>\n<li>Esit\u00e4n mielell\u00e4ni, miten kannattaa toimia, ja useimmiten olen oikeassa.<\/li>\n<\/ul>\n<p><b>Sopeutuvalle <strong>tyypillisi\u00e4 toimintamalleja<\/strong>:<\/b><\/p>\n<ul>\n<li>Yrit\u00e4n vastata muiden odotuksiin.<\/li>\n<li>Pyrin t\u00e4ytt\u00e4m\u00e4\u00e4n yst\u00e4vieni ja perheeni toiveet.<\/li>\n<li>En ehk\u00e4 saa mit\u00e4 haluan, mutta se on pieni hinta siit\u00e4, ett\u00e4 sopu s\u00e4ilyy.<\/li>\n<\/ul>\n<p><b>Kompromissihakuiselle <strong>tyypillisi\u00e4 toimintamalleja<\/strong>:<\/b><\/p>\n<ul>\n<li>Ongelmatilanteissa yrit\u00e4n neuvotella ja k\u00e4ytt\u00e4\u00e4 vastavuoroista l\u00e4hestymistapaa.<\/li>\n<li>Ratkaistessani ongelmia, teen mielell\u00e4ni kompromisseja, jotta asia voidaan j\u00e4tt\u00e4\u00e4 taakse mahdollisimman pian.<\/li>\n<li>Tulen usein puoliv\u00e4liin vastaan ja annan hieman periksi v\u00e4lien<br \/>\ns\u00e4ilytt\u00e4miseksi.<\/li>\n<\/ul>\n<p><b>Yhteistoiminnalliselle <strong>tyypillisi\u00e4 toimintamalleja<\/strong>:<\/b><\/p>\n<ul>\n<li>Keskustelen asioista muiden kanssa ja yrit\u00e4n l\u00f6yt\u00e4\u00e4 ratkaisuja, jotka vastaavat kaikkien tarpeita.<\/li>\n<li>Kun on erimielisyyksi\u00e4, ker\u00e4\u00e4n mahdollisimman paljon tietoa, ja yrit\u00e4n pit\u00e4\u00e4 viestint\u00e4yhteydet avoinna.<\/li>\n<li>Yrit\u00e4n tarkastella konflikteja molemmilta puolilta. Mit\u00e4 min\u00e4 tarvitsen? Mit\u00e4 toiset tarvitsevat? Mit\u00e4 muuta asiaan liittyy?<\/li>\n<\/ul>\n<p>Sopivimmat konfliktinratkaisutyylit ovat osittain tilannesidonnaisia. Kun toimintaymp\u00e4rist\u00f6n\u00e4 on ty\u00f6yhteis\u00f6, yhteistoiminnallisella otteella p\u00e4\u00e4st\u00e4\u00e4n useimmiten pitk\u00e4ll\u00e4 t\u00e4ht\u00e4yksell\u00e4 parhaisiin tuloksiin.<\/p>\n<p><i>&#8220;Jyr\u00e4\u00e4minen&#8221; ei kannata, mutta kynnysmatoksikaan ei tarvitse ryhty\u00e4!<\/i><\/p>\n<p><i>Jos pyrkii aina pit\u00e4m\u00e4\u00e4n omasta mielipiteest\u00e4\u00e4n kiinni &#8220;hinnalla mill\u00e4 hyv\u00e4ns\u00e4&#8221;, heikent\u00e4\u00e4 se yleens\u00e4 sosiaalisten suhteiden laatua ja luottamusta. Halu asettua toisen asemaan ja pohtia molempia hy\u00f6dytt\u00e4vi\u00e4 ratkaisuja on my\u00f6s arvostuksen osoitus.\u00a0<\/i><\/p>\n<p><i>Etenkin pitk\u00e4kestoisissa suhteissa, kuten ty\u00f6paikan suhteet usein ovat, on t\u00e4rke\u00e4\u00e4 pit\u00e4\u00e4 huoli my\u00f6s omien etujensa toteutumisesta. Jos antaa aina periksi muille eik\u00e4 pysty tuomaan omia tarpeitaan riitt\u00e4v\u00e4sti esille, joutuu helposti tilanteeseen, jossa ei voi aidosti hyvin. T\u00e4m\u00e4 voi synnytt\u00e4\u00e4 katkeruutta, kyynisyytt\u00e4 ja ty\u00f6pahoinvointia.<\/i><\/p>\n<blockquote>\n<h6>Puhukaa tiimin kesken siit\u00e4, miten kukin teist\u00e4 suhtautuu konflikteihin ja mill\u00e4 tyylill\u00e4 niit\u00e4 l\u00e4hestyy:<\/h6>\n<\/blockquote>\n<ul>\n<li>Miten konfliktin aihe tai muut tilannetekij\u00e4t vaikuttavat suhtautumiseemme?<\/li>\n<li>Mit\u00e4 hy\u00f6tyj\u00e4 ja haittoja erilaisiin l\u00e4hestymistapoihin liittyy?<\/li>\n<li>Miten voisimme itse kehitty\u00e4 konfliktien ratkaisijoina?<\/li>\n<\/ul>\n<hr \/>\n<h5>L\u00e4hteet:<\/h5>\n<ul>\n<li>Blake, R.R., &amp; Mouton, J.S. (1964). The managerial grid. Houston, TX: Gulf Publishing.<\/li>\n<li>Jay Hall\u2019s Conflict Management Survey (1969).\u00a0 A Survey of One\u2019s Characteristic Reaction to and Handling of Conflict Between Himself and Others\u201d. The Woodlands, Texas: Telemetrics International 1969.<\/li>\n<li><a href=\"https:\/\/www.jyu.fi\/viesti\/verkkotuotanto\/ryhmaviesti\/tyoskentely\/konfliktit\/vaikutuksia.html\" target=\"_blank\" rel=\"noopener noreferrer\">Jyv\u00e4skyl\u00e4n yliopisto, Viestint\u00e4tieteiden laitos, 2020 (Avautuu uuteen v\u00e4lilehteen).<\/a> (viitattu 2.9.2020).<\/li>\n<li><a href=\"https:\/\/kielikompassi.jyu.fi\/uploads\/document_userfiles\/kokoustekn\/sanasto.htm\" target=\"_blank\" rel=\"noopener noreferrer\">Jyv\u00e4skyl\u00e4n yliopisto, Kielikeskus (2021). Kokoustekniikka osana kokoustaitoa -verkkosivusto (Avautuu uuteen v\u00e4lilehteen)<\/a>. (viitattu<br \/>\n21.2.2021).<\/li>\n<li>Pehrman, T., &amp; Poikela, E. (2015). Ty\u00f6yhteis\u00f6sovittelu \u2013 keino ratkoa konflikteja ty\u00f6paikoilla. <i>Ty\u00f6el\u00e4m\u00e4n tutkimus<\/i>, <i>13<\/i>(2), 127\u2013139.<\/li>\n<li>Pondy, L. R. (1967). Organizational conflict: Concepts and models. Administrative science quarterly, 296\u2013320.<\/li>\n<li>Rahim, M. A. (2010). <i>Managing conflict in organizations<\/i>. Transaction Publishers.<\/li>\n<li><a href=\"https:\/\/reinventingorganizationswiki.com\/theory\/conflict-resolution\/\" target=\"_blank\" rel=\"noopener noreferrer\">Reinventing Organizations Wiki -internetsivu (2021) (Avautuu uuteen v\u00e4lilehteen).<\/a> (viitattu 21.2.2021)<\/li>\n<\/ul>\n<h5><a href=\"https:\/\/blogs2.abo.fi\/hyvinvoivahoiva-opas\/esihenkilo-tyohyvinvoinnin-edistajana\/\">Takaisin Esihenkil\u00f6 ty\u00f6hyvinvoinnin edist\u00e4j\u00e4n\u00e4 -osion alkuun.<\/a><\/h5>\n","protected":false},"excerpt":{"rendered":"<p>Teksti ja kuviot: Riitta-Liisa Larjovuori, Tampereen yliopisto Kaikkialla, miss\u00e4 on ihmisi\u00e4, on my\u00f6s riste\u00e4vi\u00e4 mielipiteit\u00e4, tarpeita ja odotuksia. Ty\u00f6ss\u00e4 kohtaamme tavallisenkin p\u00e4iv\u00e4n aikana monenlaisia tilanteita, joissa olemme muiden kanssa eri mielt\u00e4 tai haluaisimme tehd\u00e4 asioita eri tavalla. Ihmisill\u00e4 onkin varsin hyv\u00e4t valmiudet ratkoa arkiel\u00e4m\u00e4n ristiriitoja vuorovaikutuksen kautta. Joskus ristiriidat kasvavat isommiksi, ja ne alkavat haitata [&hellip;]<\/p>\n","protected":false},"author":469,"featured_media":0,"parent":16,"menu_order":0,"comment_status":"closed","ping_status":"closed","template":"","meta":{"footnotes":""},"class_list":["post-170","page","type-page","status-publish","hentry"],"_links":{"self":[{"href":"https:\/\/blogs2.abo.fi\/hyvinvoivahoiva-opas\/wp-json\/wp\/v2\/pages\/170","targetHints":{"allow":["GET"]}}],"collection":[{"href":"https:\/\/blogs2.abo.fi\/hyvinvoivahoiva-opas\/wp-json\/wp\/v2\/pages"}],"about":[{"href":"https:\/\/blogs2.abo.fi\/hyvinvoivahoiva-opas\/wp-json\/wp\/v2\/types\/page"}],"author":[{"embeddable":true,"href":"https:\/\/blogs2.abo.fi\/hyvinvoivahoiva-opas\/wp-json\/wp\/v2\/users\/469"}],"replies":[{"embeddable":true,"href":"https:\/\/blogs2.abo.fi\/hyvinvoivahoiva-opas\/wp-json\/wp\/v2\/comments?post=170"}],"version-history":[{"count":9,"href":"https:\/\/blogs2.abo.fi\/hyvinvoivahoiva-opas\/wp-json\/wp\/v2\/pages\/170\/revisions"}],"predecessor-version":[{"id":252,"href":"https:\/\/blogs2.abo.fi\/hyvinvoivahoiva-opas\/wp-json\/wp\/v2\/pages\/170\/revisions\/252"}],"up":[{"embeddable":true,"href":"https:\/\/blogs2.abo.fi\/hyvinvoivahoiva-opas\/wp-json\/wp\/v2\/pages\/16"}],"wp:attachment":[{"href":"https:\/\/blogs2.abo.fi\/hyvinvoivahoiva-opas\/wp-json\/wp\/v2\/media?parent=170"}],"curies":[{"name":"wp","href":"https:\/\/api.w.org\/{rel}","templated":true}]}}