{"id":79,"date":"2022-07-01T07:52:29","date_gmt":"2022-07-01T07:52:29","guid":{"rendered":"https:\/\/blogs2.abo.fi\/hyvinvoivahoiva-guide\/?page_id=79"},"modified":"2022-10-14T08:17:58","modified_gmt":"2022-10-14T08:17:58","slug":"medarbetarkompetens","status":"publish","type":"page","link":"https:\/\/blogs2.abo.fi\/hyvinvoivahoiva-guide\/valmaende-arbetsgemenskap\/medarbetarkompetens\/","title":{"rendered":"Medarbetarkompetens"},"content":{"rendered":"<p><strong>Text och figur: Riitta-Liisa Larjovuori, Tammerfors universitet<\/strong><\/p>\n<p>P\u00e5 arbetsplatsen p\u00e5verkar var och en med sitt agerande allas arbetstrivsel och sina egna och andras f\u00f6ruts\u00e4ttningar att utf\u00f6ra sitt arbete. F\u00e4rdigheterna med vilka vi ser till att arbetet \u00e4r resultatinriktat och att samarbetet med kollegorna fungerar kallas f\u00f6r medarbetarkompetens. Tidigare fokuserades det mer p\u00e5 hur varje anst\u00e4lld med sitt agerande och sin inst\u00e4llning kan p\u00e5verka hela verksamheten och ledningens f\u00f6ruts\u00e4ttningar att g\u00f6ra ett gott jobb. Medarbetarkompetens beh\u00f6vs i den vanliga arbetsvardagen, och den blir speciellt viktig i ov\u00e4ntade och utmanande situationer.<\/p>\n<p>En anst\u00e4lld med god medarbetarkompetens fr\u00e4mjar med sitt eget agerande hela arbetsplatsens f\u00f6ruts\u00e4ttningar att uppn\u00e5 de gemensamma m\u00e5len och str\u00e4var efter ett gott samarbete med arbetskamrater, sin chef och andra parter. Ansvarsfullhet i det egna arbetet och \u00e4ndam\u00e5lsenlig och f\u00f6rnuftig anv\u00e4ndning av arbetsgivarens resurser \u00e4r ocks\u00e5 en del av medarbetarkompetensen.<\/p>\n<p>Det \u00e4r bra f\u00f6r anst\u00e4llda att komma ih\u00e5g att de i arbetet representerar sin arbetsgivare och hela organisationen och att deras agerande p\u00e5verkar kunders och andra ber\u00f6rda parters s\u00e4tt att se p\u00e5 deras arbetsplats.<\/p>\n<h4>Kollegial sammanh\u00e5llning som resurs i v\u00e5rdarbete<\/h4>\n<p>S\u00e4rskilt i v\u00e5rdarbete \u00e4r kollegial sammanh\u00e5llning en viktig del av medarbetarkompetens. Det betyder att de anst\u00e4llda \u00e4r j\u00e4mlika och att det mellan dem r\u00e5der en \u00f6msesidig respekt, tillit och \u00f6ppenhet. Kollegial sammanh\u00e5llning inneb\u00e4r ocks\u00e5 att alla \u00e4r f\u00f6rpliktade att gripa in om kollegans agerande \u00e4ventyrar till exempel patients\u00e4kerheten.<\/p>\n<p><em>Klicka p\u00e5 bilden f\u00f6r att f\u00f6rstora den.<\/em><\/p>\n<p><a href=\"http:\/\/blogs2.abo.fi\/hyvinvoivahoiva-guide\/wp-content\/uploads\/sites\/221\/2022\/07\/B3_figur.png\"><img loading=\"lazy\" decoding=\"async\" class=\"alignnone size-full wp-image-80\" src=\"http:\/\/blogs2.abo.fi\/hyvinvoivahoiva-guide\/wp-content\/uploads\/sites\/221\/2022\/07\/B3_figur.png\" alt=\"\" width=\"1585\" height=\"658\" srcset=\"https:\/\/blogs2.abo.fi\/hyvinvoivahoiva-guide\/wp-content\/uploads\/sites\/221\/2022\/07\/B3_figur.png 1585w, https:\/\/blogs2.abo.fi\/hyvinvoivahoiva-guide\/wp-content\/uploads\/sites\/221\/2022\/07\/B3_figur-300x125.png 300w, https:\/\/blogs2.abo.fi\/hyvinvoivahoiva-guide\/wp-content\/uploads\/sites\/221\/2022\/07\/B3_figur-1024x425.png 1024w, https:\/\/blogs2.abo.fi\/hyvinvoivahoiva-guide\/wp-content\/uploads\/sites\/221\/2022\/07\/B3_figur-768x319.png 768w, https:\/\/blogs2.abo.fi\/hyvinvoivahoiva-guide\/wp-content\/uploads\/sites\/221\/2022\/07\/B3_figur-1536x638.png 1536w, https:\/\/blogs2.abo.fi\/hyvinvoivahoiva-guide\/wp-content\/uploads\/sites\/221\/2022\/07\/B3_figur-1200x498.png 1200w\" sizes=\"auto, (max-width: 1585px) 100vw, 1585px\" \/><\/a><\/p>\n<p><em>K\u00e4lla: Arola, Laulainen och Pehkonen (2018): Sosiaali- ja terveydenhuollon ty\u00f6ntekij\u00f6iden n\u00e4kemyksi\u00e4\u202forganisaatiokansalaisuuden piirteist\u00e4. Ty\u00f6el\u00e4m\u00e4n tutkimus 16(1), 2018.<\/em><\/p>\n<p><a href=\"http:\/\/blogs2.abo.fi\/hyvinvoivahoiva-guide\/wp-content\/uploads\/sites\/221\/2022\/09\/Organisationsmedborgarskap_mediemotsvarighet.pdf\" target=\"_blank\" rel=\"noopener\">Tillg\u00e4nglig mediemotsvarighet f\u00f6r figuren Gott organisatoriskt medborgerligt beteende f\u00f6r medarbetare inom social- och h\u00e4lsov\u00e5rd. \u00d6ppnas i ny flik i PDF-format.<\/a><\/p>\n<h4>Uppf\u00f6rande i arbete en del av medarbetarkompetens<\/h4>\n<p>Det f\u00e5r g\u00e4rna r\u00e5da en trevlig och avslappnad st\u00e4mning p\u00e5 jobbet, men det \u00e4r bra att komma ih\u00e5g att det trots allt \u00e4r fr\u00e5ga om arbete. Ett uppf\u00f6rande som l\u00e4mpar sig f\u00f6r arbetsmilj\u00f6n \u00e4r en del av medarbetarkompetensen. P\u00e5 arbetsplatsen ska man inte komma med kraftiga och upprepade k\u00e4nsloutbrott eller utf\u00f6rliga och tids\u00f6dande utl\u00e4ggningar om ens privata problem, utan i s\u00e5dana fall \u00e4r det b\u00e4st att s\u00f6ka hj\u00e4lp och st\u00f6d n\u00e5gon annanstans, till exempel hos f\u00f6retagsh\u00e4lsov\u00e5rden.<\/p>\n<p>Om du m\u00e4rker att du betett dig illa \u00e4r det alltid bra att be om urs\u00e4kt!<br \/>\nIbland pr\u00e4glas ens liv av omv\u00e4lvande saker som p\u00e5verkar hum\u00f6ret. Det kan vara bra att ta upp dem i n\u00e5gon m\u00e5n ocks\u00e5 p\u00e5 arbetsplatsen, om det bara k\u00e4nns naturligt. D\u00e5 har kollegorna ocks\u00e5 b\u00e4ttre koll p\u00e5 l\u00e4get och kan ta h\u00e4nsyn till din situation.<\/p>\n<blockquote>\n<h6>F\u00d6R\u202fREFLEKTION:<\/h6>\n<p>Tungt jobb kr\u00e4ver lika tung humor?<br \/>\nBland v\u00e5rdarbetare kan humorn ofta vara r\u00e4tt grov. I b\u00e4sta fall kan det vara l\u00e4ttare att bearbeta sv\u00e5rare saker och bidra till vi-andan om kollegorna kan sk\u00e4mta tillsammans och skratta \u00e5t allt sm\u00e5tt och lustigt som h\u00e4nder i vardagen.<\/p><\/blockquote>\n<ul>\n<li>Vad slags humor pr\u00e4glar v\u00e5r arbetsplats?<\/li>\n<li>\u00c4r humorn positiv, och inte f\u00f6rnedrande, till sin karakt\u00e4r: skrattar man \u00e5t eller med sina kollegor?<\/li>\n<li>Finns det interna sk\u00e4mt p\u00e5 arbetsplatsen, som bara en del f\u00e5r ta del av? Hur k\u00e4nns det d\u00e5 f\u00f6r dem som \u00e4r &#8221;utanf\u00f6r&#8221;?<\/li>\n<li>L\u00e4gger vi m\u00e4rke till om humorn s\u00e5rar n\u00e5gon? Hur agerar vi d\u00e5?<\/li>\n<\/ul>\n<p><strong>Jag visar prov p\u00e5 god medarbetarkompetens genom:\u00a0<\/strong><\/p>\n<ul>\n<li>att bem\u00f6ta alla arbetskamrater v\u00e4nligt, r\u00e4ttvist och j\u00e4mlikt<\/li>\n<li>att ge positiv feedback alltid n\u00e4r det finns anledning till det<\/li>\n<li>att framf\u00f6ra all korrigerande kritik med v\u00e4nlighet, med fokus p\u00e5 l\u00f6sningar och direkt till den som saken g\u00e4ller<\/li>\n<li>att f\u00f6r min egen del bidra till en positiv atmosf\u00e4r: jag klagar inte f\u00f6r klagandets skull och jag sprider inga otrevliga rykten<\/li>\n<li>att fr\u00e5ga om jag inte vet eller kan n\u00e5gonting<\/li>\n<li>att ge r\u00e5d och ocks\u00e5 hj\u00e4lpa andra<\/li>\n<li>att ha en helhetsbild av l\u00e4get p\u00e5 arbetsplatsen, som jag vid behov beaktar i mitt arbete<\/li>\n<li>att ta upp problem genast jag l\u00e4gger m\u00e4rke till dem<\/li>\n<li>att aktivt delta i utvecklandet av gemenskapen p\u00e5 v\u00e5r arbetsplats.<\/li>\n<\/ul>\n<p><a href=\"http:\/\/blogs2.abo.fi\/hyvinvoivahoiva-guide\/wp-content\/uploads\/sites\/221\/2022\/09\/Medarbetarkompetens_final.pdf\" target=\"_blank\" rel=\"noopener\">Ladda ned en utskriftsv\u00e4nlig pdf om reflktioner kring medborgarkompetens. \u00d6ppnas i ny flik i PDF-format.\u00a0<\/a><\/p>\n<h5><a href=\"https:\/\/blogs2.abo.fi\/hyvinvoivahoiva-guide\/valmaende-arbetsgemenskap\/\">Tillbaka till V\u00e4lm\u00e5ende arbetsgemenskap<\/a><\/h5>\n","protected":false},"excerpt":{"rendered":"<p>Text och figur: Riitta-Liisa Larjovuori, Tammerfors universitet P\u00e5 arbetsplatsen p\u00e5verkar var och en med sitt agerande allas arbetstrivsel och sina egna och andras f\u00f6ruts\u00e4ttningar att utf\u00f6ra sitt arbete. F\u00e4rdigheterna med vilka vi ser till att arbetet \u00e4r resultatinriktat och att samarbetet med kollegorna fungerar kallas f\u00f6r medarbetarkompetens. Tidigare fokuserades det mer p\u00e5 hur varje anst\u00e4lld [&hellip;]<\/p>\n","protected":false},"author":469,"featured_media":0,"parent":67,"menu_order":0,"comment_status":"closed","ping_status":"closed","template":"","meta":{"footnotes":""},"class_list":["post-79","page","type-page","status-publish","hentry"],"_links":{"self":[{"href":"https:\/\/blogs2.abo.fi\/hyvinvoivahoiva-guide\/wp-json\/wp\/v2\/pages\/79","targetHints":{"allow":["GET"]}}],"collection":[{"href":"https:\/\/blogs2.abo.fi\/hyvinvoivahoiva-guide\/wp-json\/wp\/v2\/pages"}],"about":[{"href":"https:\/\/blogs2.abo.fi\/hyvinvoivahoiva-guide\/wp-json\/wp\/v2\/types\/page"}],"author":[{"embeddable":true,"href":"https:\/\/blogs2.abo.fi\/hyvinvoivahoiva-guide\/wp-json\/wp\/v2\/users\/469"}],"replies":[{"embeddable":true,"href":"https:\/\/blogs2.abo.fi\/hyvinvoivahoiva-guide\/wp-json\/wp\/v2\/comments?post=79"}],"version-history":[{"count":5,"href":"https:\/\/blogs2.abo.fi\/hyvinvoivahoiva-guide\/wp-json\/wp\/v2\/pages\/79\/revisions"}],"predecessor-version":[{"id":341,"href":"https:\/\/blogs2.abo.fi\/hyvinvoivahoiva-guide\/wp-json\/wp\/v2\/pages\/79\/revisions\/341"}],"up":[{"embeddable":true,"href":"https:\/\/blogs2.abo.fi\/hyvinvoivahoiva-guide\/wp-json\/wp\/v2\/pages\/67"}],"wp:attachment":[{"href":"https:\/\/blogs2.abo.fi\/hyvinvoivahoiva-guide\/wp-json\/wp\/v2\/media?parent=79"}],"curies":[{"name":"wp","href":"https:\/\/api.w.org\/{rel}","templated":true}]}}